-- http://www.phpmyadmin.net
--
-- Servidor: localhost
-- Tiempo de generación: 01-11-2022 a las 19:14:52
-- Versión del servidor: 5.7.33-0ubuntu0.16.04.1
-- Versión de PHP: 7.0.33-0ubuntu0.16.04.16



--
-- Base de datos: `starcode_lunetas2`
--

-- --------------------------------------------------------

--
-- Estructura de tabla para la tabla `abono`
--

CREATE TABLE `abono` (
  `id` int(11) NOT NULL,
  `formadepago` int(11) NOT NULL,
  `monto` int(11) NOT NULL,
  `fecha_abono` date NOT NULL,
  `id_cuota` int(11) NOT NULL,
  `es_abono` int(11) DEFAULT NULL
) ENGINE=InnoDB DEFAULT CHARSET=latin1;

-- --------------------------------------------------------

--
-- Estructura de tabla para la tabla `accion`
--

CREATE TABLE `accion` (
  `id_accion` int(11) NOT NULL,
  `nombre` varchar(150) CHARACTER SET latin1 NOT NULL
) ENGINE=InnoDB DEFAULT CHARSET=latin1 COLLATE=latin1_general_ci;

--
-- Volcado de datos para la tabla `accion`
--

INSERT INTO `accion` (`id_accion`, `nombre`) VALUES
(1, 'Crear'),
(2, 'Modificar'),
(3, 'Ver'),
(4, 'Eliminar'),
(5, 'Ver Todos'),
(6, 'Asociar Factura'),
(7, 'Anticipo'),
(8, 'Pagos Pendientes'),
(9, 'Pagos por Autorizar'),
(10, 'Mis Datos'),
(11, 'Categorías de Productos'),
(12, 'Transportistas'),
(13, 'Tipo Ctas. Bancarias'),
(14, 'Listas de Bancos'),
(15, 'Listas de Áreas'),
(16, 'Condiciones Generales'),
(17, 'Tipos de Cuentas'),
(18, 'Aprobar OC\'s'),
(19, 'Egresos'),
(20, 'Métodos'),
(21, 'Reasignar Proyecto'),
(22, 'Reemplazar OC'),
(23, 'Mis Metas'),
(24, 'Asignar Metas a Ejecutivos'),
(25, 'Gestionar Metas Ejecutivos'),
(26, 'Eliminar OC Emitidas'),
(27, 'Modificar OC Emitidas'),
(28, 'Editar RUT, Nombre Fantasía y Razón Social'),
(29, 'Caja Chica'),
(30, 'Autorizar Rendición Caja'),
(31, 'Emitir Egresos'),
(32, 'Todas Las Cotizaciones'),
(33, 'Mis Cotizaciones'),
(34, 'Todas las OC\'s'),
(35, 'Mis OC\'s'),
(36, 'Editar Tipo de Cuenta'),
(37, 'Aprobar Cotizaciones'),
(38, 'Editar Costeo Aceptado'),
(39, 'Desasociar OC Cliente'),
(40, 'Editar OC Cliente Privado'),
(41, 'Pagos Masivos Pendientes'),
(42, 'Autorizar Pagos Masivos'),
(43, 'Quitar Pago de Cartola'),
(44, 'Eliminar Cartola'),
(45, 'Consolidar Pagos'),
(46, 'Desasociar Documentos'),
(47, 'Administración General de Taller'),
(48, 'Aprobar Emisión OC egreso'),
(49, 'Aprobar Emisión Egreso por Pagar'),
(50, 'Flujo de Caja'),
(51, 'Cambiar mi Contraseña'),
(52, 'Cambiar Todas las Contraseñas'),
(53, 'Activar y Desactivar Proveedor'),
(54, 'Health Check'),
(55, 'Editar Ingreso'),
(56, 'Acceso Tarjetas'),
(57, 'VER ESTADOS DE CUENTA'),
(58, 'GENERAR ESTADOS DE CUENTA'),
(59, 'AUTORIZAR ESTADOS DE CUENTA'),
(60, 'EMITIR ESTADOS DE CUENTA'),
(61, 'AGREGAR MOVIMIENTOS A ESTADOS DE CUENTA'),
(62, 'FACTURAR MOVIMIENTOS'),
(63, 'CRM GESTIÓN DE CLIENTES'),
(64, 'CRM GESTIÓN DE PAGOS'),
(65, 'CRM GESTIÓN DE OPORTUNIDADES'),
(66, 'MIS OPORTUNIDADES'),
(67, 'TODAS LAS OPORTUNIDADES'),
(68, 'REASIGNAR OPORTUNIDADES'),
(69, 'CREAR OC PRIVADA'),
(70, 'APROBAR OC PRIVADA'),
(71, 'Reasignar Proyectos en Informe'),
(72, 'Autorizar Saldos de Anticipos'),
(73, 'FORMULARIO 29'),
(74, 'Emitir OC sobrepasando monto permitido del Proyecto '),
(75, 'Rechazar DTE'),
(76, 'Eliminar Ingreso'),
(77, 'Realizar Presupuesto de Taller'),
(78, 'Autorizar Presupuesto de Taller'),
(79, 'SOLICITUDES DE PRESUPUESTO'),
(80, 'SOLICITUDES DE PRODUCTO'),
(81, 'AUTORIZAR Y DAR MARGEN A PRESUPUESTO'),
(82, 'NOTIFICAR QUE SE AGREGO NUEVO PRODUCTO'),
(83, 'AUTORIZAR OT'),
(84, 'EDITAR OT LUEGO DE EMITIDA'),
(85, 'ANULAR OT EMITIDA'),
(86, 'MÓDULO TALLER'),
(87, 'MÓDULO IMPRESIÓN'),
(88, 'MÓDULO GESTIÓN DE OT'),
(89, 'MÓDULO DESPACHOS'),
(90, 'MODULO MATERIALES'),
(91, 'MODULO PRODUCTOS'),
(92, 'INGRESAR STOCK'),
(93, 'EGRESAR STOCK'),
(94, 'AGREGAR Y CLONAR MATERIAL'),
(95, 'EDITAR MATERIAL'),
(96, 'DESHABILITAR/HABILITAR MATERIAL'),
(97, 'GENERAR CODIDO BARRAS '),
(98, 'AGREGAR/CLONAR PRODUCTO'),
(99, 'MODIFICAR PRODUCTO'),
(100, 'HABILITAR/DESHABILITAR PRODUCTO'),
(101, 'MIS OTS'),
(102, 'TODAS LAS OTS'),
(104, 'MIS DESPACHOS'),
(105, 'TODOS LOS DESPACHOS'),
(107, 'MIS SP'),
(108, 'TODAS LAS SP'),
(110, 'MIS PRESUPUESTOS'),
(111, 'TODOS LOS PRESUPUESTOS'),
(113, 'MIS S. PRODUCTOS'),
(114, 'TODAS LAS SOLICITUDES DE PRODUCTOS'),
(115, 'STOCK CRÍTICO'),
(116, 'EDITAR COSTO DE MATERIAL'),
(117, 'REINGRESO DE MATERIAL'),
(118, 'MARCAR DESPACHO DE OT SIN ETIQUETA');

-- --------------------------------------------------------

--
-- Estructura de tabla para la tabla `archivo`
--

CREATE TABLE `archivo` (
  `id_archivo` int(11) NOT NULL,
  `nombre_archivo` text CHARACTER SET utf8 COLLATE utf8_spanish2_ci NOT NULL,
  `fecha_archivo` datetime NOT NULL,
  `nombre_referencia` text CHARACTER SET utf8 COLLATE utf8_spanish2_ci,
  `id_proyecto` int(11) NOT NULL
) ENGINE=InnoDB DEFAULT CHARSET=latin1;

-- --------------------------------------------------------

--
-- Estructura de tabla para la tabla `archivo_montaje`
--

CREATE TABLE `archivo_montaje` (
  `id_archivo` int(11) NOT NULL,
  `nombre` text COLLATE utf8_spanish2_ci NOT NULL,
  `responsable` int(11) NOT NULL,
  `fecha_actualizacion` datetime NOT NULL
) ENGINE=InnoDB DEFAULT CHARSET=utf8 COLLATE=utf8_spanish2_ci;

-- --------------------------------------------------------

--
-- Estructura de tabla para la tabla `area`
--

CREATE TABLE `area` (
  `id_area` int(11) NOT NULL,
  `nombre` varchar(150) NOT NULL,
  `estado` int(11) DEFAULT NULL
) ENGINE=MyISAM DEFAULT CHARSET=latin1;

--
-- Volcado de datos para la tabla `area`
--

INSERT INTO `area` (`id_area`, `nombre`, `estado`) VALUES
(1, 'GOBIERNO CENTRAL', NULL),
(2, 'MUNICIPALIDADES', NULL),
(3, 'UNIVERSIDADES E INSTITUTOS (SECTOR PÚBLICO)', NULL),
(4, 'FUERZAS ARMADAS', NULL),
(5, 'INMOBILIARIAS', NULL),
(6, 'AGENCIAS DE PUBLICIDAD', NULL),
(7, 'SALUD (SECTOR PÚBLICO)', NULL),
(8, 'PRIVADO', NULL),
(9, 'SALUD (SECTOR PRIVADO)', NULL),
(10, 'UNIVERSIDADES E INSTITUTOS  (SECTOR PRIVADO)', NULL),
(11, 'OTRO NO CLASIFICADO (SECTOR PRIVADO)', NULL),
(12, 'OTRO NO CLASIFICADO (SECTOR PÚBLICO)', NULL);

-- --------------------------------------------------------

--
-- Estructura de tabla para la tabla `area_producto`
--

CREATE TABLE `area_producto` (
  `id_a_p` int(11) NOT NULL,
  `id_producto` int(11) NOT NULL,
  `id_area` int(11) NOT NULL
) ENGINE=InnoDB DEFAULT CHARSET=latin1;

--
-- Volcado de datos para la tabla `area_producto`
--

INSERT INTO `area_producto` (`id_a_p`, `id_producto`, `id_area`) VALUES
(22, 8, 1),
(23, 8, 2),
(37, 13, 1),
(38, 13, 2),
(45, 16, 1),
(46, 16, 2),
(47, 15, 1),
(48, 15, 2),
(49, 17, 1),
(50, 17, 2),
(66, 21, 1),
(67, 21, 2),
(68, 22, 1),
(69, 22, 2),
(90, 26, 2),
(91, 18, 1),
(92, 18, 2),
(97, 24, 2),
(99, 29, 2),
(107, 34, 2),
(118, 38, 1),
(119, 38, 2),
(122, 39, 1),
(123, 39, 2),
(124, 37, 1),
(125, 37, 2),
(126, 40, 1),
(127, 40, 2),
(128, 41, 1),
(129, 41, 2),
(134, 42, 1),
(135, 42, 2),
(136, 43, 1),
(137, 43, 2),
(142, 44, 1),
(143, 44, 2),
(144, 45, 1),
(145, 45, 2),
(146, 46, 1),
(147, 46, 2),
(148, 47, 1),
(149, 47, 2),
(152, 48, 1),
(153, 48, 2),
(154, 49, 1),
(155, 49, 2),
(156, 50, 1),
(157, 50, 2),
(158, 51, 1),
(159, 51, 2),
(160, 52, 1),
(161, 52, 2),
(174, 36, 1),
(175, 36, 2),
(194, 62, 1),
(195, 62, 2),
(202, 64, 1),
(203, 64, 2),
(204, 65, 1),
(205, 65, 2),
(208, 67, 1),
(209, 67, 2),
(224, 71, 1),
(225, 71, 2),
(226, 72, 1),
(227, 72, 2),
(228, 73, 1),
(229, 73, 2),
(230, 74, 1),
(231, 74, 2),
(234, 76, 1),
(235, 76, 2),
(244, 58, 1),
(245, 58, 2),
(246, 61, 1),
(247, 61, 2),
(250, 81, 1),
(251, 81, 2),
(254, 83, 2),
(273, 84, 1),
(274, 84, 2),
(275, 12, 1),
(276, 12, 2),
(277, 87, 1),
(278, 87, 2),
(279, 88, 1),
(280, 88, 2),
(287, 90, 1),
(288, 90, 2),
(289, 89, 1),
(290, 89, 2),
(291, 75, 1),
(292, 75, 2),
(295, 77, 1),
(296, 77, 2),
(301, 91, 1),
(302, 91, 2),
(305, 94, 1),
(306, 94, 2),
(307, 95, 1),
(308, 95, 2),
(311, 96, 1),
(312, 96, 2),
(313, 97, 1),
(314, 97, 2),
(315, 98, 1),
(316, 98, 2),
(319, 99, 1),
(320, 99, 2),
(321, 93, 1),
(322, 93, 2),
(323, 63, 1),
(324, 63, 2),
(325, 101, 1),
(326, 101, 2),
(335, 102, 1),
(336, 102, 2),
(341, 103, 1),
(342, 103, 2),
(369, 82, 1),
(370, 82, 2),
(383, 104, 1),
(384, 104, 2),
(389, 108, 1),
(390, 108, 2),
(409, 113, 2),
(410, 100, 1),
(411, 100, 2),
(424, 116, 1),
(425, 116, 2),
(434, 117, 1),
(435, 117, 2),
(440, 114, 1),
(441, 114, 2),
(442, 119, 1),
(443, 119, 2),
(446, 120, 1),
(447, 120, 2),
(454, 121, 1),
(455, 121, 2),
(456, 122, 1),
(457, 122, 2),
(462, 125, 2),
(463, 126, 1),
(464, 126, 2),
(467, 127, 1),
(468, 127, 2),
(473, 86, 1),
(474, 86, 2),
(477, 128, 1),
(478, 128, 2),
(483, 131, 1),
(484, 131, 2),
(487, 132, 1),
(488, 132, 2),
(489, 133, 1),
(490, 133, 2),
(493, 134, 1),
(494, 134, 2),
(505, 135, 1),
(506, 135, 2),
(509, 136, 1),
(510, 136, 2),
(513, 57, 1),
(514, 57, 2),
(515, 137, 1),
(516, 137, 2),
(519, 106, 1),
(520, 106, 2),
(522, 138, 2),
(527, 140, 2),
(550, 68, 1),
(551, 68, 2),
(552, 69, 1),
(553, 69, 2),
(554, 70, 1),
(555, 70, 2),
(568, 145, 1),
(569, 145, 2),
(572, 32, 1),
(573, 32, 2),
(576, 78, 1),
(577, 78, 2),
(578, 79, 1),
(579, 79, 2),
(580, 80, 1),
(581, 80, 2),
(585, 146, 1),
(586, 146, 2),
(588, 147, 2),
(589, 148, 2),
(590, 23, 1),
(591, 23, 2),
(592, 143, 1),
(593, 143, 2),
(594, 149, 1),
(595, 149, 2),
(598, 150, 1),
(599, 150, 2),
(600, 118, 1),
(601, 118, 2),
(602, 151, 1),
(603, 151, 2),
(604, 152, 1),
(605, 152, 2),
(608, 153, 1),
(609, 153, 2),
(612, 154, 1),
(613, 154, 2),
(616, 156, 1),
(617, 156, 2),
(618, 157, 1),
(619, 157, 2),
(620, 158, 1),
(621, 158, 2),
(622, 159, 1),
(623, 159, 2),
(624, 160, 1),
(625, 160, 2),
(626, 161, 1),
(627, 161, 2),
(628, 162, 1),
(629, 162, 2),
(630, 163, 1),
(631, 163, 2),
(632, 164, 1),
(633, 164, 2),
(634, 112, 1),
(635, 112, 2),
(641, 166, 2),
(642, 105, 1),
(643, 105, 2),
(646, 168, 1),
(647, 165, 1),
(648, 165, 2),
(655, 115, 1),
(656, 115, 2),
(657, 14, 1),
(658, 14, 2),
(659, 107, 1),
(660, 107, 2),
(671, 129, 1),
(672, 129, 2),
(673, 170, 1),
(674, 170, 2),
(679, 10, 2),
(682, 172, 1),
(683, 172, 2),
(684, 155, 1),
(685, 155, 2),
(690, 11, 1),
(691, 11, 2),
(700, 110, 1),
(701, 110, 2),
(702, 141, 1),
(703, 141, 2),
(707, 176, 1),
(708, 175, 1),
(709, 177, 1),
(710, 177, 2),
(711, 178, 1),
(712, 178, 2),
(715, 169, 1),
(716, 169, 2),
(717, 179, 2),
(718, 180, 2),
(719, 167, 1),
(720, 167, 2),
(725, 124, 1),
(726, 124, 2),
(731, 183, 1),
(732, 183, 2),
(733, 139, 1),
(734, 139, 2),
(735, 184, 1),
(736, 184, 2),
(741, 185, 1),
(742, 185, 2),
(743, 59, 1),
(744, 59, 2),
(749, 186, 1),
(750, 186, 2),
(751, 187, 1),
(752, 187, 2),
(753, 188, 1),
(754, 188, 2),
(755, 189, 1),
(756, 189, 2),
(757, 171, 1),
(758, 171, 2),
(759, 7, 1),
(760, 7, 2),
(761, 181, 1),
(762, 181, 2),
(763, 35, 1),
(764, 35, 2),
(767, 190, 1),
(770, 192, 1),
(771, 192, 2),
(772, 193, 1),
(773, 193, 2),
(776, 194, 1),
(777, 194, 2),
(781, 195, 1),
(782, 195, 2),
(783, 196, 2),
(784, 182, 1),
(785, 182, 2),
(786, 197, 1),
(787, 197, 2),
(788, 198, 2),
(789, 199, 1),
(790, 199, 2),
(793, 20, 1),
(794, 20, 2),
(795, 200, 1),
(796, 200, 2),
(797, 201, 1),
(798, 201, 2),
(799, 202, 1),
(800, 202, 2),
(801, 191, 1),
(802, 191, 2),
(805, 203, 1),
(806, 203, 2),
(807, 142, 1),
(808, 142, 2),
(809, 204, 1),
(810, 204, 2),
(815, 207, 1),
(816, 207, 2),
(817, 208, 1),
(818, 208, 2),
(821, 209, 1),
(822, 209, 2),
(823, 210, 1),
(824, 210, 2),
(835, 212, 1),
(836, 212, 2),
(837, 213, 1),
(838, 213, 2),
(843, 215, 1),
(844, 215, 2),
(845, 28, 1),
(846, 28, 2),
(847, 30, 1),
(848, 30, 2),
(851, 216, 1),
(852, 216, 2),
(853, 217, 1),
(854, 217, 2),
(859, 218, 1),
(860, 218, 2),
(861, 219, 1),
(862, 219, 2),
(871, 221, 1),
(872, 221, 2),
(873, 222, 1),
(874, 222, 2),
(879, 211, 1),
(880, 211, 2),
(890, 226, 1),
(891, 226, 2),
(892, 9, 1),
(893, 9, 2),
(930, 229, 1),
(931, 229, 2),
(936, 85, 1),
(937, 85, 2),
(956, 109, 1),
(957, 109, 2),
(972, 236, 1),
(973, 236, 2),
(974, 237, 1),
(975, 237, 2),
(984, 233, 1),
(985, 233, 2),
(986, 235, 1),
(987, 235, 2),
(988, 238, 1),
(989, 239, 1),
(990, 239, 2),
(995, 242, 1),
(996, 242, 2),
(997, 241, 1),
(998, 241, 2),
(1005, 244, 1),
(1006, 244, 2),
(1009, 245, 1),
(1010, 245, 2),
(1013, 225, 1),
(1014, 225, 2),
(1021, 246, 1),
(1022, 246, 2),
(1033, 174, 1),
(1034, 174, 2),
(1035, 243, 1),
(1036, 243, 2),
(1037, 247, 1),
(1038, 247, 2),
(1041, 234, 1),
(1042, 234, 2),
(1043, 111, 1),
(1044, 111, 2),
(1047, 27, 1),
(1048, 27, 2),
(1059, 240, 1),
(1060, 240, 2),
(1061, 66, 1),
(1062, 66, 2),
(1065, 223, 1),
(1066, 223, 2),
(1067, 6, 1),
(1068, 6, 2),
(1079, 144, 1),
(1080, 144, 2),
(1081, 56, 1),
(1082, 56, 2),
(1083, 220, 1),
(1084, 220, 2),
(1093, 173, 1),
(1094, 173, 2),
(1101, 227, 1),
(1102, 227, 2),
(1103, 230, 1),
(1104, 230, 2),
(1105, 228, 1),
(1106, 228, 2),
(1107, 231, 1),
(1108, 231, 2),
(1109, 232, 1),
(1110, 232, 2),
(1111, 224, 2),
(1112, 214, 1),
(1113, 214, 2),
(1114, 123, 1),
(1115, 123, 2),
(1116, 60, 1),
(1117, 60, 2),
(1118, 130, 1),
(1119, 130, 2),
(1120, 25, 1),
(1121, 25, 2),
(1128, 31, 1),
(1129, 31, 2),
(1130, 33, 1),
(1131, 33, 2),
(1132, 53, 1),
(1133, 53, 2),
(1134, 54, 1),
(1135, 54, 2),
(1136, 55, 1),
(1137, 55, 2),
(1138, 205, 1),
(1139, 205, 2),
(1140, 206, 1),
(1141, 206, 2),
(1144, 19, 1),
(1145, 19, 2),
(1150, 249, 1),
(1151, 249, 2),
(1154, 250, 1),
(1155, 250, 2),
(1156, 251, 1),
(1157, 251, 2),
(1160, 253, 1),
(1161, 253, 2),
(1162, 254, 1),
(1163, 254, 2),
(1166, 256, 1),
(1167, 256, 2),
(1168, 255, 1),
(1169, 255, 2),
(1170, 257, 1),
(1171, 257, 2),
(1172, 258, 1),
(1173, 258, 2),
(1174, 259, 1),
(1175, 259, 2),
(1176, 260, 1),
(1177, 260, 2),
(1180, 261, 1),
(1181, 261, 2),
(1182, 262, 1),
(1183, 262, 2),
(1184, 263, 1),
(1185, 263, 2),
(1186, 264, 1),
(1187, 264, 2),
(1188, 265, 1),
(1189, 265, 2),
(1190, 248, 1),
(1191, 248, 2),
(1192, 252, 1),
(1193, 252, 2),
(1200, 268, 1),
(1201, 268, 2),
(1202, 269, 1),
(1203, 269, 2),
(1204, 270, 1),
(1205, 270, 2),
(1206, 271, 1),
(1207, 271, 2),
(1212, 272, 1),
(1213, 272, 2),
(1214, 273, 1),
(1215, 273, 2),
(1218, 275, 1),
(1219, 275, 2),
(1220, 274, 1),
(1221, 274, 2),
(1222, 276, 1),
(1223, 276, 2),
(1224, 277, 1),
(1225, 277, 2),
(1228, 278, 1),
(1229, 278, 2),
(1230, 279, 1),
(1231, 279, 2),
(1232, 280, 1),
(1233, 280, 2),
(1234, 281, 1),
(1235, 281, 2),
(1236, 266, 1),
(1237, 266, 2),
(1238, 267, 1),
(1239, 267, 2),
(1240, 282, 1),
(1241, 282, 2),
(1242, 283, 1),
(1243, 283, 2),
(1246, 284, 1),
(1247, 284, 2),
(1248, 285, 1),
(1249, 285, 2),
(1252, 286, 1),
(1253, 286, 2),
(1254, 287, 1),
(1255, 287, 2);

-- --------------------------------------------------------

--
-- Estructura de tabla para la tabla `area_trabajo`
--

CREATE TABLE `area_trabajo` (
  `id_area` int(11) NOT NULL,
  `nombre` varchar(500) NOT NULL,
  `id_user` int(11) NOT NULL
) ENGINE=InnoDB DEFAULT CHARSET=latin1;

--
-- Volcado de datos para la tabla `area_trabajo`
--

INSERT INTO `area_trabajo` (`id_area`, `nombre`, `id_user`) VALUES
(1, 'TALLER', 12),
(2, 'IMPRESIÓN', 12);

-- --------------------------------------------------------

--
-- Estructura de tabla para la tabla `banco`
--

CREATE TABLE `banco` (
  `id` int(11) NOT NULL,
  `nom_banco` varchar(100) NOT NULL,
  `codigo_banco` varchar(10) DEFAULT NULL,
  `estado` int(11) DEFAULT NULL
) ENGINE=MyISAM DEFAULT CHARSET=latin1;

--
-- Volcado de datos para la tabla `banco`
--

INSERT INTO `banco` (`id`, `nom_banco`, `codigo_banco`, `estado`) VALUES
(1, 'BANCO DE CHILE', '001', NULL),
(2, 'BANCO INTERNACIONAL', '009', NULL),
(3, 'SCOTIABANK CHILE', '014', NULL),
(4, 'BANCO BCI', '016', NULL),
(5, 'CORPBANCA', '027', NULL),
(6, 'BANCO BICE', '028', NULL),
(7, 'HSBC BANK (CHILE)', '031', NULL),
(8, 'BANCO SANTANDER-CHILE', '037', NULL),
(9, 'BANCO ITAÚ CHILE', '039', NULL),
(10, 'BANCO SECURITY', '049', NULL),
(11, 'BANCO FALABELLA', '051', NULL),
(12, 'DEUTSCHE BANK (CHILE)', '052', NULL),
(13, 'BANCO RIPLEY', '053', NULL),
(14, 'RABOBANK CHILE', NULL, NULL),
(15, 'BANCO CONSORCIO', '055', NULL),
(16, 'BANCO PENTA', NULL, NULL),
(17, 'BANCO PARIS', NULL, NULL),
(18, 'BANCO BBVA', '504', NULL),
(19, 'BANCO ESTADO', '012', NULL);

-- --------------------------------------------------------

--
-- Estructura de tabla para la tabla `caja_chica`
--

CREATE TABLE `caja_chica` (
  `id_caja_chica` int(11) NOT NULL,
  `mes` int(11) NOT NULL,
  `anio` int(11) NOT NULL,
  `estado` int(11) NOT NULL,
  `firma_responsable` int(11) DEFAULT NULL,
  `total_gastos` int(11) NOT NULL,
  `saldo` int(11) NOT NULL,
  `total_igual` int(11) NOT NULL,
  `ingreso_caja` int(11) NOT NULL,
  `total_ingreso` int(11) NOT NULL,
  `fecha_rendicion` date DEFAULT NULL,
  `fecha_aceptada_rendicion` date DEFAULT NULL,
  `fecha_ingreso` date DEFAULT NULL
) ENGINE=InnoDB DEFAULT CHARSET=latin1;

-- --------------------------------------------------------

--
-- Estructura de tabla para la tabla `cartola`
--

CREATE TABLE `cartola` (
  `id_cartola` int(11) NOT NULL,
  `fecha_consolidacion` datetime NOT NULL,
  `fecha_autorizacion` datetime DEFAULT NULL,
  `fecha_subida` datetime DEFAULT NULL,
  `id_quien_consolido` int(11) NOT NULL,
  `id_quien_subio` int(11) DEFAULT NULL,
  `id_quien_autorizo` int(11) DEFAULT NULL,
  `estado` int(11) NOT NULL,
  `n_pagos` int(11) NOT NULL,
  `total` int(11) NOT NULL
) ENGINE=InnoDB DEFAULT CHARSET=latin1;

-- --------------------------------------------------------

--
-- Estructura de tabla para la tabla `categoria`
--

CREATE TABLE `categoria` (
  `id_categoria` int(11) NOT NULL,
  `nombre` varchar(250) NOT NULL
) ENGINE=InnoDB DEFAULT CHARSET=latin1;

--
-- Volcado de datos para la tabla `categoria`
--

INSERT INTO `categoria` (`id_categoria`, `nombre`) VALUES
(1, 'PRODUCTOS'),
(2, 'IMPRESIÓN'),
(3, 'POLERAS'),
(4, 'SUSTRATOS'),
(5, 'ELEMENTOS DE SUJECIÓN'),
(6, 'MADERA'),
(7, 'BAMBOO'),
(8, 'GORROS'),
(9, 'ACRILICO'),
(10, 'INSUMOS PARA DESPACHO Y PRODUCCIÓN'),
(11, 'GALVANOS'),
(12, 'CAJAS '),
(13, 'FIERRO'),
(14, 'ACERO INOXIDABLE'),
(15, 'PRENDAS DE VESTIR'),
(16, 'PINTURA, BARNIZ Y ANTICORROSIVOS'),
(17, 'CUERO'),
(18, 'VINILOS DE CORTE'),
(19, 'SERVICIOS'),
(20, '() SUSTRATOS DE IMPRESION'),
(21, '()ARTICULOS CORPORATIVOS'),
(22, '()INSUMOS EN GENERAL'),
(23, '() PLANCHAS RIGIDAS'),
(24, '() MATERIALES EN GENERAL');

-- --------------------------------------------------------

--
-- Estructura de tabla para la tabla `categoria_producto`
--

CREATE TABLE `categoria_producto` (
  `id_categoria` int(11) NOT NULL,
  `nombre` varchar(500) NOT NULL
) ENGINE=InnoDB DEFAULT CHARSET=latin1;

--
-- Volcado de datos para la tabla `categoria_producto`
--

INSERT INTO `categoria_producto` (`id_categoria`, `nombre`) VALUES
(1, 'TAZONES'),
(2, 'CHAPITAS'),
(3, 'BOLSAS ECOLOGICAS'),
(4, 'PAPEL ADHESIVO'),
(5, 'LANYARDS'),
(6, 'POLERAS'),
(7, 'PROMOCIONALES'),
(8, 'TELA PVC'),
(9, 'IMANTADOS'),
(10, 'PROMOCIONALES ECOLOGICOS'),
(11, 'PENDÓN ROLLER'),
(12, 'PENDRIVES'),
(13, 'ACRILICOS'),
(14, 'BASTIDORES'),
(16, 'TROVICEL'),
(17, 'GALVANOS MADERA'),
(18, 'LLAVEROS'),
(19, 'ROPA CORPORATIVA'),
(20, 'PENDÓN (TAMAÑOS ESPECIALES)'),
(21, 'SERVICIO DE IMPRESIÓN'),
(22, 'GORROS'),
(23, 'GALVANOS DE CRISTAL'),
(24, 'SERVICIOS DE TALLER LUNETAS'),
(25, 'PANAFLEX'),
(26, 'ELEMENTOS DE SUJECIÓN'),
(27, 'MALLA MESH'),
(28, 'MALLA MESH'),
(29, 'ALUMINIO COMPUESTO'),
(30, '()PRODUCTOS CORPORATIVOS'),
(31, '()IMPRESION'),
(32, '() PLANCHA RIGIDA IMPRESION'),
(33, '() PENDON ROLLER'),
(34, '()ESTAMPADOS'),
(35, '()SUBLIMACION');

-- --------------------------------------------------------

--
-- Estructura de tabla para la tabla `cheque`
--

CREATE TABLE `cheque` (
  `id_cheque` int(11) NOT NULL,
  `numero` varchar(50) NOT NULL,
  `fecha_emision` date NOT NULL,
  `fecha_proyectada` date NOT NULL,
  `fecha_cobro` date DEFAULT NULL,
  `fecha_anulacion` date DEFAULT NULL,
  `estado` int(11) NOT NULL,
  `monto` int(11) NOT NULL,
  `id_cuota` int(11) DEFAULT NULL,
  `id_cuota_egreso` int(11) DEFAULT NULL
) ENGINE=InnoDB DEFAULT CHARSET=latin1;

-- --------------------------------------------------------

--
-- Estructura de tabla para la tabla `cheque_egreso`
--

CREATE TABLE `cheque_egreso` (
  `id_cheque` int(11) NOT NULL,
  `numero` varchar(50) NOT NULL,
  `fecha_emision` date NOT NULL,
  `fecha_proyectada` date NOT NULL,
  `fecha_cobro` date DEFAULT NULL,
  `fecha_anulacion` date DEFAULT NULL,
  `estado` int(11) NOT NULL,
  `monto` int(11) NOT NULL,
  `id_cuota` int(11) NOT NULL
) ENGINE=InnoDB DEFAULT CHARSET=latin1;

-- --------------------------------------------------------

--
-- Estructura de tabla para la tabla `cliente`
--

CREATE TABLE `cliente` (
  `id_cliente` int(11) NOT NULL,
  `rut` varchar(45) DEFAULT NULL,
  `nombre` varchar(45) DEFAULT NULL,
  `codigoMP` varchar(45) DEFAULT NULL,
  `telefono` varchar(45) DEFAULT NULL,
  `telefono2` varchar(45) DEFAULT NULL,
  `email` varchar(45) DEFAULT NULL,
  `direccion` varchar(85) DEFAULT NULL,
  `nombrefantasia` varchar(45) NOT NULL,
  `area` int(11) DEFAULT NULL,
  `id_comuna` int(11) DEFAULT NULL,
  `region` int(11) DEFAULT NULL,
  `id_user` int(11) DEFAULT NULL,
  `fecha_add` date DEFAULT NULL
) ENGINE=InnoDB DEFAULT CHARSET=utf8;

-- --------------------------------------------------------

--
-- Estructura de tabla para la tabla `comuna_cl`
--

CREATE TABLE `comuna_cl` (
  `id_co` int(11) NOT NULL COMMENT 'ID unico de la comuna',
  `id_pr` int(11) NOT NULL COMMENT 'ID de la provincia asociada',
  `str_descripcion` varchar(30) COLLATE latin1_spanish_ci DEFAULT NULL COMMENT 'Nombre descriptivo de la comuna'
) ENGINE=InnoDB DEFAULT CHARSET=latin1 COLLATE=latin1_spanish_ci COMMENT='Lista de comunas por provincias';

--
-- Volcado de datos para la tabla `comuna_cl`
--

INSERT INTO `comuna_cl` (`id_co`, `id_pr`, `str_descripcion`) VALUES
(1, 1, 'ARICA'),
(2, 1, 'CAMARONES'),
(3, 2, 'PUTRE'),
(4, 2, 'GENERAL LAGOS'),
(5, 3, 'IQUIQUE'),
(6, 3, 'ALTO HOSPICIO'),
(7, 4, 'POZO ALMONTE'),
(8, 4, 'CAMIÑA'),
(9, 4, 'COLCHANE'),
(10, 4, 'HUARA'),
(11, 4, 'PICA'),
(12, 5, 'ANTOFAGASTA'),
(13, 5, 'MEJILLONES'),
(14, 5, 'SIERRA GORDA'),
(15, 5, 'TALTAL'),
(16, 6, 'CALAMA'),
(17, 6, 'OLLAGÜE'),
(18, 6, 'SAN PEDRO DE ATACAMA'),
(19, 7, 'TOCOPILLA'),
(20, 7, 'MARÍA ELENA'),
(21, 8, 'COPIAPÓ'),
(22, 8, 'CALDERA'),
(23, 8, 'TIERRA AMARILLA'),
(24, 9, 'CHAÑARAL'),
(25, 9, 'DIEGO DE ALMAGRO'),
(26, 10, 'VALLENAR'),
(27, 10, 'ALTO DEL CARMEN'),
(28, 10, 'FREIRINA'),
(29, 10, 'HUASCO'),
(30, 11, 'LA SERENA'),
(31, 11, 'COQUIMBO'),
(32, 11, 'ANDACOLLO'),
(33, 11, 'LA HIGUERA'),
(34, 11, 'PAIGUANO'),
(35, 11, 'VICUÑA'),
(36, 12, 'ILLAPEL'),
(37, 12, 'CANELA'),
(38, 12, 'LOS VILOS'),
(39, 12, 'SALAMANCA'),
(40, 13, 'OVALLE'),
(41, 13, 'COMBARBALÁ'),
(42, 13, 'MONTE PATRIA'),
(43, 13, 'PUNITAQUI'),
(44, 13, 'RÍO HURTADO'),
(45, 14, 'VALPARAÍSO'),
(46, 14, 'CASABLANCA'),
(47, 14, 'CONCÓN'),
(48, 14, 'JUAN FERNÁNDEZ'),
(49, 14, 'PUCHUNCAVÍ'),
(50, 14, 'QUINTERO'),
(51, 14, 'VIÑA DEL MAR'),
(52, 15, 'ISLA DE PASCUA'),
(53, 16, 'LOS ANDES'),
(54, 16, 'CALLE LARGA'),
(55, 16, 'RINCONADA'),
(56, 16, 'SAN ESTEBAN'),
(57, 17, 'LA LIGUA'),
(58, 17, 'CABILDO'),
(59, 17, 'PAPUDO'),
(60, 17, 'PETORCA'),
(61, 17, 'ZAPALLAR'),
(62, 18, 'QUILLOTA'),
(63, 18, 'LA CALERA'),
(64, 18, 'HIJUELAS'),
(65, 18, 'LA CRUZ'),
(66, 18, 'NOGALES'),
(67, 19, 'SAN ANTONIO'),
(68, 19, 'ALGARROBO'),
(69, 19, 'CARTAGENA'),
(70, 19, 'EL QUISCO'),
(71, 19, 'EL TABO'),
(72, 19, 'SANTO DOMINGO'),
(73, 20, 'SAN FELIPE'),
(74, 20, 'CATEMU'),
(75, 20, 'LLAILLAY'),
(76, 20, 'PANQUEHUE'),
(77, 20, 'PUTAENDO'),
(78, 20, 'SANTA MARÍA'),
(79, 21, 'LIMACHE'),
(80, 21, 'QUILPUÉ'),
(81, 21, 'VILLA ALEMANA'),
(82, 21, 'OLMUÉ'),
(83, 22, 'RANCAGUA'),
(84, 22, 'CODEGUA'),
(85, 22, 'COINCO'),
(86, 22, 'COLTAUCO'),
(87, 22, 'DOÑIHUE'),
(88, 22, 'GRANEROS'),
(89, 22, 'LAS CABRAS'),
(90, 22, 'MACHALÍ'),
(91, 22, 'MALLOA'),
(92, 22, 'MOSTAZAL'),
(93, 22, 'OLIVAR'),
(94, 22, 'PEUMO'),
(95, 22, 'PICHIDEGUA'),
(96, 22, 'QUINTA DE TILCOCO'),
(97, 22, 'RENGO'),
(98, 22, 'REQUÍNOA'),
(99, 22, 'SAN VICENTE'),
(100, 23, 'PICHILEMU'),
(101, 23, 'LA ESTRELLA'),
(102, 23, 'LITUECHE'),
(103, 23, 'MARCHIHUE'),
(104, 23, 'NAVIDAD'),
(105, 23, 'PAREDONES'),
(106, 24, 'SAN FERNANDO'),
(107, 24, 'CHÉPICA'),
(108, 24, 'CHIMBARONGO'),
(109, 24, 'LOLOL'),
(110, 24, 'NANCAGUA'),
(111, 24, 'PALMILLA'),
(112, 24, 'PERALILLO'),
(113, 24, 'PLACILLA'),
(114, 24, 'PUMANQUE'),
(115, 24, 'SANTA CRUZ'),
(116, 25, 'TALCA'),
(117, 25, 'CONSTITUCIÓN'),
(118, 25, 'CUREPTO'),
(119, 25, 'EMPEDRADO'),
(120, 25, 'MAULE'),
(121, 25, 'PELARCO'),
(122, 25, 'PENCAHUE'),
(123, 25, 'RÍO CLARO'),
(124, 25, 'SAN CLEMENTE'),
(125, 25, 'SAN RAFAEL'),
(126, 26, 'CAUQUENES'),
(127, 26, 'CHANCO'),
(128, 26, 'PELLUHUE'),
(129, 27, 'CURICÓ'),
(130, 27, 'HUALAÑÉ'),
(131, 27, 'LICANTÉN'),
(132, 27, 'MOLINA'),
(133, 27, 'RAUCO'),
(134, 27, 'ROMERAL'),
(135, 27, 'SAGRADA FAMILIA'),
(136, 27, 'TENO'),
(137, 27, 'VICHUQUÉN'),
(138, 28, 'LINARES'),
(139, 28, 'COLBÚN'),
(140, 28, 'LONGAVÍ'),
(141, 28, 'PARRAL'),
(142, 28, 'RETIRO'),
(143, 28, 'SAN JAVIER'),
(144, 28, 'VILLA ALEGRE'),
(145, 28, 'YERBAS BUENAS'),
(146, 29, 'CONCEPCIÓN'),
(147, 29, 'CORONEL'),
(148, 29, 'CHIGUAYANTE'),
(149, 29, 'FLORIDA'),
(150, 29, 'HUALQUI'),
(151, 29, 'LOTA'),
(152, 29, 'PENCO'),
(153, 29, 'SAN PEDRO DE LA PAZ'),
(154, 29, 'SANTA JUANA'),
(155, 29, 'TALCAHUANO'),
(156, 29, 'TOMÉ'),
(157, 29, 'HUALPÉN'),
(158, 30, 'LEBU'),
(159, 30, 'ARAUCO'),
(160, 30, 'CAÑETE'),
(161, 30, 'CONTULMO'),
(162, 30, 'CURANILAHUE'),
(163, 30, 'LOS ALAMOS'),
(164, 30, 'TIRÚA'),
(165, 31, 'LOS ANGELES'),
(166, 31, 'ANTUCO'),
(167, 31, 'CABRERO'),
(168, 31, 'LAJA'),
(169, 31, 'MULCHÉN'),
(170, 31, 'NACIMIENTO'),
(171, 31, 'NEGRETE'),
(172, 31, 'QUILACO'),
(173, 31, 'QUILLECO'),
(174, 31, 'SAN ROSENDO'),
(175, 31, 'SANTA BÁRBARA'),
(176, 31, 'TUCAPEL'),
(177, 31, 'YUMBEL'),
(178, 31, 'ALTO BIOBÍO'),
(179, 32, 'CHILLÁN'),
(180, 32, 'BULNES'),
(181, 32, 'COBQUECURA'),
(182, 32, 'COELEMU'),
(183, 32, 'COIHUECO'),
(184, 32, 'CHILLÁN VIEJO'),
(185, 32, 'EL CARMEN'),
(186, 32, 'NINHUE'),
(187, 32, 'ÑIQUÉN'),
(188, 32, 'PEMUCO'),
(189, 32, 'PINTO'),
(190, 32, 'PORTEZUELO'),
(191, 32, 'QUILLÓN'),
(192, 32, 'QUIRIHUE'),
(193, 32, 'RÁNQUIL'),
(194, 32, 'SAN CARLOS'),
(195, 32, 'SAN FABIÁN'),
(196, 32, 'SAN IGNACIO'),
(197, 32, 'SAN NICOLÁS'),
(198, 32, 'TREGUACO'),
(199, 32, 'YUNGAY'),
(200, 33, 'TEMUCO'),
(201, 33, 'CARAHUE'),
(202, 33, 'CUNCO'),
(203, 33, 'CURARREHUE'),
(204, 33, 'FREIRE'),
(205, 33, 'GALVARINO'),
(206, 33, 'GORBEA'),
(207, 33, 'LAUTARO'),
(208, 33, 'LONCOCHE'),
(209, 33, 'MELIPEUCO'),
(210, 33, 'NUEVA IMPERIAL'),
(211, 33, 'PADRE LAS CASAS'),
(212, 33, 'PERQUENCO'),
(213, 33, 'PITRUFQUÉN'),
(214, 33, 'PUCÓN'),
(215, 33, 'SAAVEDRA'),
(216, 33, 'TEODORO SCHMIDT'),
(217, 33, 'TOLTÉN'),
(218, 33, 'VILCÚN'),
(219, 33, 'VILLARRICA'),
(220, 33, 'CHOLCHOL'),
(221, 34, 'ANGOL'),
(222, 34, 'COLLIPULLI'),
(223, 34, 'CURACAUTÍN'),
(224, 34, 'ERCILLA'),
(225, 34, 'LONQUIMAY'),
(226, 34, 'LOS SAUCES'),
(227, 34, 'LUMACO'),
(228, 34, 'PURÉN'),
(229, 34, 'RENAICO'),
(230, 34, 'TRAIGUÉN'),
(231, 34, 'VICTORIA'),
(232, 35, 'VALDIVIA'),
(233, 35, 'CORRAL'),
(234, 35, 'LANCO'),
(235, 35, 'LOS LAGOS'),
(236, 35, 'MÁFIL'),
(237, 35, 'MARIQUINA'),
(238, 35, 'PAILLACO'),
(239, 35, 'PANGUIPULLI'),
(240, 36, 'LA UNIÓN'),
(241, 36, 'FUTRONO'),
(242, 36, 'LAGO RANCO'),
(243, 36, 'RÍO BUENO'),
(244, 37, 'PUERTO MONTT'),
(245, 37, 'CALBUCO'),
(246, 37, 'COCHAMÓ'),
(247, 37, 'FRESIA'),
(248, 37, 'FRUTILLAR'),
(249, 37, 'LOS MUERMOS'),
(250, 37, 'LLANQUIHUE'),
(251, 37, 'MAULLÍN'),
(252, 37, 'PUERTO VARAS'),
(253, 38, 'CASTRO'),
(254, 38, 'ANCUD'),
(255, 38, 'CHONCHI'),
(256, 38, 'CURACO DE VÉLEZ'),
(257, 38, 'DALCAHUE'),
(258, 38, 'PUQUELDÓN'),
(259, 38, 'QUEILÉN'),
(260, 38, 'QUELLÓN'),
(261, 38, 'QUEMCHI'),
(262, 38, 'QUINCHAO'),
(263, 39, 'OSORNO'),
(264, 39, 'PUERTO OCTAY'),
(265, 39, 'PURRANQUE'),
(266, 39, 'PUYEHUE'),
(267, 39, 'RÍO NEGRO'),
(268, 39, 'SAN JUAN DE LA COSTA'),
(269, 39, 'SAN PABLO'),
(270, 40, 'CHAITÉN'),
(271, 40, 'FUTALEUFÚ'),
(272, 40, 'HUALAIHUÉ'),
(273, 40, 'PALENA'),
(274, 41, 'COYHAIQUE'),
(275, 41, 'LAGO VERDE'),
(276, 42, 'AYSÉN'),
(277, 42, 'CISNES'),
(278, 42, 'GUAITECAS'),
(279, 43, 'COCHRANE'),
(280, 43, 'O\'HIGGINS'),
(281, 43, 'TORTEL'),
(282, 44, 'CHILE CHICO'),
(283, 44, 'RÍO IBÁÑEZ'),
(284, 45, 'PUNTA ARENAS'),
(285, 45, 'LAGUNA BLANCA'),
(286, 45, 'RÍO VERDE'),
(287, 45, 'SAN GREGORIO'),
(288, 46, 'CABO DE HORNOS'),
(289, 46, 'ANTÁRTICA'),
(290, 47, 'PORVENIR'),
(291, 47, 'PRIMAVERA'),
(292, 47, 'TIMAUKEL'),
(293, 48, 'NATALES'),
(294, 48, 'TORRES DEL PAINE'),
(295, 49, 'SANTIAGO'),
(296, 49, 'CERRILLOS'),
(297, 49, 'CERRO NAVIA'),
(298, 49, 'CONCHALÍ'),
(299, 49, 'EL BOSQUE'),
(300, 49, 'ESTACIÓN CENTRAL'),
(301, 49, 'HUECHURABA'),
(302, 49, 'INDEPENDENCIA'),
(303, 49, 'LA CISTERNA'),
(304, 49, 'LA FLORIDA'),
(305, 49, 'LA GRANJA'),
(306, 49, 'LA PINTANA'),
(307, 49, 'LA REINA'),
(308, 49, 'LAS CONDES'),
(309, 49, 'LO BARNECHEA'),
(310, 49, 'LO ESPEJO'),
(311, 49, 'LO PRADO'),
(312, 49, 'MACUL'),
(313, 49, 'MAIPÚ'),
(314, 49, 'ÑUÑOA'),
(315, 49, 'PEDRO AGUIRRE CERDA'),
(316, 49, 'PEÑALOLÉN'),
(317, 49, 'PROVIDENCIA'),
(318, 49, 'PUDAHUEL'),
(319, 49, 'QUILICURA'),
(320, 49, 'QUINTA NORMAL'),
(321, 49, 'RECOLETA'),
(322, 49, 'RENCA'),
(323, 49, 'SAN JOAQUÍN'),
(324, 49, 'SAN MIGUEL'),
(325, 49, 'SAN RAMÓN'),
(326, 49, 'VITACURA'),
(327, 50, 'PUENTE ALTO'),
(328, 50, 'PIRQUE'),
(329, 50, 'SAN JOSÉ DE MAIPO'),
(330, 51, 'COLINA'),
(331, 51, 'LAMPA'),
(332, 51, 'TILTIL'),
(333, 52, 'SAN BERNARDO'),
(334, 52, 'BUIN'),
(335, 52, 'CALERA DE TANGO'),
(336, 52, 'PAINE'),
(337, 53, 'MELIPILLA'),
(338, 53, 'ALHUÉ'),
(339, 53, 'CURACAVÍ'),
(340, 53, 'MARÍA PINTO'),
(341, 53, 'SAN PEDRO'),
(342, 54, 'TALAGANTE'),
(343, 54, 'EL MONTE'),
(344, 54, 'ISLA DE MAIPO'),
(345, 54, 'PADRE HURTADO'),
(346, 54, 'PEÑAFLOR');

-- --------------------------------------------------------

--
-- Estructura de tabla para la tabla `condicion_con_costeo`
--

CREATE TABLE `condicion_con_costeo` (
  `id_c_c` int(11) NOT NULL,
  `costeo_id_costeo` int(11) NOT NULL,
  `id_condicion` int(11) NOT NULL
) ENGINE=InnoDB DEFAULT CHARSET=latin1;

-- --------------------------------------------------------

--
-- Estructura de tabla para la tabla `condicion_servicio`
--

CREATE TABLE `condicion_servicio` (
  `id_condicion` int(11) NOT NULL,
  `descripcion` text NOT NULL,
  `tipo` int(11) NOT NULL,
  `id_cm` int(11) NOT NULL,
  `id_estado` int(11) DEFAULT NULL
) ENGINE=InnoDB DEFAULT CHARSET=latin1;

--
-- Volcado de datos para la tabla `condicion_servicio`
--

INSERT INTO `condicion_servicio` (`id_condicion`, `descripcion`, `tipo`, `id_cm`, `id_estado`) VALUES
(1, 'El plazo de entrega comienza una vez que el cliente aprueba vía correo electrónico los fotomontajes, montajes, muestras y/o pruebas de color de todos los los productos cotizados', 1, 1, NULL),
(2, 'El cliente es responsable de enviar archivos de logos originales en formato .jpg, .psd, .ai, .pdf o similares ', 1, 1, NULL),
(3, 'El servicio de trazado de logos (hasta 3 logos) no tiene costo adicional pero sumará 3 días hábiles adicionales a la fecha de entrega.', 1, 1, NULL),
(4, 'Una vez aprobadas las muestras, éstas no admiten cambios posteriores. Se solicita revisar muy cuidadosamente antes de aprobar.', 1, 1, NULL),
(5, 'Se solicita revisar la mercadería antes de firmar recepción conforme con la empresa de transporte. No se aceptarán reclamos posteriores por productos dañados, rotos o faltantes.', 1, 1, NULL),
(6, 'Esta cotización es válida por el total de los productos que se detallan. Compras parciales de productos podrían afectar su valor final.', 1, 1, NULL),
(7, 'El plazo de entrega comienza desde el día habil siguiente a la llega de la órden de compra', 2, 1, NULL),
(8, 'Precio Incluye grabación de frase por parte de emisora', 2, 2, NULL),
(9, 'No incluye creación de Guión', 2, 2, NULL),
(10, 'No incluye creación de Guión', 2, 2, NULL),
(14, 'VALORES INCLUYEN COMISION DE AGENCIA', 2, 2, NULL),
(15, 'GRABACIONES A CARGO DE EMISORAS', 2, 2, NULL),
(16, 'NO INCLUYE DISEÑO DE CAMPAÑA', 2, 2, NULL),
(17, 'Valor de Plan de Medios Radial Incluye Comisión de Agencia', 2, 1, NULL),
(18, 'NO incluye grabación de spot único', 2, 1, NULL),
(19, 'TODAS LAS BOLSAS DEBEN VENIR AMARILLAS', 2, 1, NULL),
(20, 'condicion especial', 2, 1, NULL),
(21, 'NO INCLUYE PRODUCCIÓN', 2, 2, NULL),
(22, 'CLIENTE ENVÍA FRASE LISTA PARA PUBLICAR ', 2, 2, NULL),
(23, 'IMPORTANTE: Se solicita confirmar disponibilidad de stock de los productos antes de la emisión de la Orden de Compra', 1, 1, NULL),
(24, 'Valores incluyen comisión de agencia', 2, 2, NULL),
(25, 'No incluyen producción única de spot radial', 2, 2, NULL),
(26, 'No incluye creación de guiones ni idea creativa', 2, 2, NULL),
(27, 'Mandante debe enviar material a publicar con al menos 48 horas de antelación a la fecha de publicación', 2, 2, NULL),
(28, 'SERVICIO INCLUYE ARRIENDO, IMPRESIÓN E INSTALACIÓN DE LUNETA TRASERA EN LA CANTIDAD DE BUSES INDICADA', 2, 2, NULL),
(29, 'DISPONIBILIDAD DE BUSES SUJETA A CONFIRMACIÓN ANTES DE EMITIR OC', 2, 2, NULL),
(30, 'SE ENTREGA INFORME FOTOGRÁFICO DE CADA MICROBUS Y SU PLACA PATENTE AL INICIO DE LA CAMPAÑA ', 2, 2, NULL),
(31, 'COTIZACIÓN VÁLIDA POR 15 DÍAS CORRIDOS', 2, 2, NULL),
(32, 'TIEMPO DE INSTALACIÓN: MÁXIMO 3 DÍAS HÁBILES DESDE APROBADOS LOS DISEÑOS', 2, 2, NULL),
(33, 'PAGO CON ORDEN DE COMPRA A 30 DÍAS', 2, 2, NULL),
(34, 'NO INCLUYE EDICIÓN NI CREACIÓN DE GUIONES', 2, 2, NULL),
(35, 'NO INCLUYE PRODUCCIÓN DE AUDIOS O FRASES', 2, 2, NULL),
(36, 'COTIZACIÓN VÁLIDA POR 15 DÍAS', 2, 2, NULL),
(37, 'Se entrega informe fotográfico del 100% de los microbuses detallando su placa patente', 2, 2, NULL),
(38, 'Buses sujetos a confirmación de disponibilidad antes de contratar', 2, 2, NULL),
(39, 'Cotización válida por 21 días', 2, 2, NULL),
(40, 'Precio Incluye Comisión de agencia', 2, 2, NULL),
(41, 'El cliente es responsable de enviar archivos de logos originales en formato .jpg, .psd, .ai, .pdf o similares', 2, 2, NULL),
(42, 'El plazo de entrega comienza una vez que el cliente aprueba vía correo electrónico los fotomontajes, montajes, muestras y/o pruebas de color de todos los los productos cotizados', 2, 2, NULL),
(43, 'Esta cotización es válida por el total de los productos que se detallan. Compras parciales de productos podrían afectar su valor final.', 2, 2, NULL),
(44, 'hola', 2, 2, NULL),
(45, 'hola', 2, 2, NULL),
(46, 'hola', 2, 2, NULL),
(47, 'hola', 2, 2, NULL),
(48, 'h', 2, 2, NULL),
(49, 'NO INCLUYE PRODUCCIONES DE AUDIOS, PRODUCCIONES AUDIOVISUALES NI CREACIÓN DE GUIONES ', 2, 2, NULL),
(50, 'VALORES INCLUYEN COMISIÓN DE AGENCIA', 2, 2, NULL),
(51, 'CLIENTE DEBE ENVIAR MATERIAL A PUBLICAR (AUDIOS O SPOTS) AL MENOS 48 HORAS HÁBILES ANTES DE SU PUBLICACIÓN', 2, 2, NULL),
(52, 'Diseños deben ser enviados por el cliente.\nValores incluyen comisión de agencia\nCliente gestiona permisos de instalación, y coordina permisos para ingreso a mediciones previas\nPlazo de entrega 25 días, ', 2, 2, NULL),
(53, 'PLAZO DE ENTREGA 25 DIAS\nCLIENTE SUMINSTRA DISEÑOS PARA LOS LETREROS\nCLIENTE GESTIONA PERMISOS REQUERIDOS DURANTE TODO EL PROYECTO\n', 2, 2, NULL),
(54, 'Cliente entrega texto para frase radial\n', 2, 2, NULL),
(55, 'Valores deben confirmarse previo a la emisión de Orden de compra.', 2, 2, NULL),
(56, 'Cliente debe enviar diseño para aviso de diario', 2, 2, NULL),
(57, 'Valores cotizados validos por 15 dias', 2, 2, NULL),
(58, 'Valor cotizado por facebook incluye entrega de material para posteo , un monto de $600.000 para inversión en facebook incluyendo gastos y comisiones bancarias asociadas,', 2, 2, NULL),
(59, 'NO INCLUYE CREACIÓN DE SPOTS NI GUIONES', 2, 2, NULL),
(60, 'INCLUYE GESTIÓN CON RADIO EMISORAS PARA GRABACIÓN DE SPOTS ', 2, 2, NULL),
(61, 'CLIENTE ENTREGA PAUTA DIA MIERCOLES', 2, 2, NULL),
(62, 'NO INCLUYE CREACIÓN DE GUIONES\n', 2, 2, NULL),
(63, 'NO INCLUYE PRODUCCIÓN DE AUDIOS', 2, 2, NULL),
(64, 'VALORES INCLUYEN COMISIÓN DE AGENCIA', 2, 2, NULL),
(65, 'Cotización incluye materiales', 2, 1, NULL),
(66, 'COTIZACION BASADA EN NEGOCIACION DIRECTA ENTRE PERIODITA SERVICIO SALUD MAGALLANES Y MEDIOS', 2, 2, NULL),
(67, 'CLIENTE ENVIA SPOT DIRECTAMENTE A LOS MEDIOS', 2, 2, NULL),
(68, 'INCLUYE ENTREGA INFORME GRÁFICO AL INICIO DE LA CAMPAÑA', 2, 2, NULL),
(69, 'EL CLIENTE PUEDE ELEGIR RECORRIDOS PERO ESTÁN SUJETOS A CONFIRMACIÓN DE DISPONIBILIDAD ANTES DE CONTRATAR', 2, 2, NULL),
(70, 'VALORES VÁLIDOS POR LOS MESES ESPECIFICADOS EN LA COTIZACIÓN. OTRAS CANTIDADES O EXTENSIONES DE CONTRATACIÓN PODRÍAN AFECTAR EL VALOR FINAL', 2, 2, NULL),
(71, 'INCLUYE ENTREGA INFORME GRÁFICO INDIVIDUALIZANDO CADA TAXIBUS AL INICIO DE LA CAMPAÑA', 2, 2, NULL),
(72, 'COTIZACIÓN VÁLIDA POR 21 DÍAS', 2, 2, NULL),
(73, 'CLIENTE ENVIA GRAFICAS A PUBLICAR', 2, 2, NULL),
(74, 'VALORES INCLUYEN COMISIÓN DE AGENCIA', 2, 2, NULL),
(75, 'NO INCLUYE CREACIÓN DE GUIONES NI IDEA CREATIVA', 2, 2, NULL),
(76, 'VALORES INCLUYEN COMISION DE AGENCIA', 2, 2, NULL),
(77, 'PAGO 100% POR ADELANTADO', 2, 1, NULL),
(78, 'SERVICIO NO CONSIDERA REDACCIÓN NI GRABACIÓN DE SPOTS DISTINTOS A LOS OFRECIDOS POR LAS EMISORAS', 2, 2, NULL),
(79, 'VALORES INCLUYEN COMISIÓN DE AGENCIA', 2, 2, NULL),
(80, 'LIBRETOS O TEXTOS PARA EL VIDEO SERA PROPUESTO POR EL HOSPITAL', 2, 2, NULL),
(81, 'PROYECTO SE TRABAJARA BAJO UNA CARTA GANTT , TRABAJO COORDINADO ENTRE LA PRODUCTORA, EL SSM Y EL HOSPITAL.', 2, 2, NULL),
(82, 'VIDEOS SUBTITULADOS', 2, 2, NULL),
(83, 'ESTA COTIZACIÓN CONSIDERA COTIZACIÓN ENVIADA POR SUR COMUNICACIONES A PERIODISTA JANITZA CUADRO EL DIA 25 DE AGOSTO DE 2017.', 2, 2, NULL),
(84, 'COTIZACIÓN CONSIDERA COMO FECHA MAXIMA DE ENTREGA HASTA EL .', 2, 2, NULL),
(85, 'SE EMITE FACTURA A 30 DIAS DESDE RECEPCION DE ORDEN DE COMPRA.', 2, 2, NULL),
(86, 'COTIZACION SE GENERA CON BASE EN COTIZACIÓN Y GESTIONES REALIZADAS POR SERNATUR LOS LAGOS DIRECTAMENTE', 2, 2, NULL),
(87, 'COMO MEDIOS DE CERTIFICACION SE ENVIAN SOLAMENTE HORARIOS EN QUE SE PASO LA PUBLICIDAD', 2, 2, NULL),
(88, 'Plazos de entrega 100 días hábiles desde la entrega de los masters digitales en formato WAV o superior, y gráfica digital en formato PSD 300dpi', 2, 1, NULL),
(89, 'PROPUESTA NO CONSIDERA CREACION DE GUIONES', 2, 2, NULL),
(90, 'PROPUESTA CONSIDERA SPOTS RADIALES Y GRABACIONES PARA TVOTORGADOS POR EMISORAS Y CANALES DE TV DE MANERA GRATUITA', 2, 2, NULL),
(91, 'Transporte de Productos, Envio por Pagar a la dirección que el cliente Indique.', 2, 1, NULL),
(92, 'FLEXIBILIDAD: Los meses de extensión de campaña y número de buses que son parte de esta cotización son 100% flexibles y pueden\nser modificados para cumplir objetivos y presupuesto, consúltenos por otras opciones. Variaciones en el precio podrían aplicar.', 2, 2, NULL),
(93, 'LUNETAS TRASERAS: Valores incluyen instalación de adhesivos de 1.9 x 0.9 mts, reposición por eventuales daños.', 2, 2, NULL),
(94, 'INFORMES: Propuesta incluye la entrega de un informe inicial individualizando con fotografía cada microbus contratado.', 2, 2, NULL),
(95, 'TÉRMINOS DE PAGO: Pago mensual con orden de compra a 30 días desde envío de la factura.', 2, 2, NULL),
(96, 'TODOS LOS BUSES ESTÁN SUJETOS A CONFIRMACIÓN DE DISPONIBILIDAD ANTES DE EMISIÓN DE ORDEN DE COMPRA', 2, 2, NULL),
(97, 'INCLUYE UNA IMPRESIÓN INICIAL SIN COSTO', 2, 2, NULL),
(98, 'Valor no incluye la creación de guiones', 2, 2, NULL),
(99, 'Valor incluye la Comisión de agencia', 2, 2, NULL),
(100, 'PAGO 50% POR ADELANTADO Y 50% CONTRA ENTREGA SIN EXCEPCIÓN', 2, 1, NULL),
(101, 'PAGO 50% POR ADELANTADO Y 50% CONTRA ENTREGA SIN EXCEPCIÓN', 2, 1, NULL),
(102, 'NO INCLUYE CREACIÓN DE GUIONES', 2, 2, NULL),
(103, 'NO INCLUYE GRABACIÓN DE SPOT ÚNICA', 2, 2, NULL),
(104, 'INCLUYE GRABACIÓN DE SPOTS PROVEÍDAS POR EMISORAS', 2, 2, NULL),
(105, 'Valores incluyen comisión de agencia', 2, 2, NULL),
(106, 'No incluye creación de guiones', 2, 2, NULL),
(107, 'TODOS LOS RECORRIDOS DEBES SER CONFIRMADOS ANTES DE CONTRATAR', 2, 2, NULL),
(108, 'CONDICIÓN DE PAGO: 50% POR ADELANTADO Y 50% A 30 DÍAS CON CHEQUE', 2, 2, NULL),
(109, 'CONSIDERACIONES GENERALES: \n- Presupuesto NO considera una tercera modificación en cada videos, esto incluye cambios sobre cambios ya solicitados.\n- SENCE coordinará horarios, lugares de grabación y personas para los testimoniales.\n- Pasada la fecha de entrega, no habrá más cambios y se cerrará el trato con el trabajo ya entregado.\n- Pasada la tercera jornada de grabación (y también la de contingencia) no existirá una nueva jornada.\n- Logos y colores de gráfica deben ser entregados por Sence en calidad óptima para su uso', 2, 2, NULL),
(110, 'CONSIDERACIONES GENERALES: - Presupuesto NO considera una tercera modificación en cada videos, esto incluye cambios sobre cambios ya solicitados. - SENCE coordinará horarios, lugares de grabación y personas para los testimoniales. - Pasada la fecha de entrega (3 meses desde la Orden de compra), no habrá más cambios y se cerrará el proyecto con el trabajo ya entregado. - Pasada la tercera jornada de grabación (y también la de contingencia) no existirá una nueva jornada. - Logos y colores de gráfica deben ser entregados por Sence en calidad óptima para su uso', 2, 2, NULL),
(111, 'NO INCLUYE CREACIÓN DE GUIONES NI IDEA CREATIVA', 2, 2, NULL),
(112, 'SE ADJUNTA PROPUESTA DE PAUTA TELEVISIVA PARA PROGRAMA EN VIVO', 2, 2, NULL),
(113, 'VALORES INCLUYEN COMISIÓN DE AGENCIA', 2, 2, NULL),
(114, 'VALORES INCLUYEN COMISIÓN DE AGENCIA', 2, 2, NULL),
(115, 'SERVICIO SE COORDINARÁ CON PERIODISTA DE LA MUNICIPALIDAD', 2, 2, NULL),
(116, 'COVID-19 - INFORMACIÓN IMPORTANTE //// LA ENTREGA DE LOS PRODUCTOS Y/O SERVICIOS DETALLADOS  EN ESTA COTIZACIÓN EN FECHAS ESPECÍFICAS ESTÁ SUJETA A CONFIRMACIÓN PREVIA DEBIDO A LA SITUACIÓN DE CATÁSTROFE NACIONAL POR LA CUAL ESTÁ PASANDO NUESTRO PAÍS. ', 1, 1, NULL),
(117, 'VALORES INCLUYEN COMISIÓN DE AGENCIA', 2, 2, NULL),
(118, 'MANDANTE PROVEE  DISEÑO GRÁFICO DE AVISO ', 2, 2, NULL),
(119, 'INCLUYE GRABACIÓN DE SPOT ESTÁNDAR OFRECIDO POR EMISORA', 2, 2, NULL),
(120, 'NO INCLUYE CREACIÓN DE GUIONES NI FRASES', 2, 2, NULL),
(121, 'INCLUYE GRABACIÓN PROVEÍDO POR EMISORAS', 2, 2, NULL),
(122, 'RECORRIDOS DE BUSES SUJETOS A DISPONIBILIDAD', 2, 2, NULL),
(123, 'INCLUYE GRABACIÓN DE SPOT RADIAL', 2, 2, NULL),
(124, 'VALORES INCLUYEN COMISION DE AGENCIA', 2, 2, NULL),
(125, 'CLIENTE ELIGE RECORRIDOS PERO ESTÁN SUJETOS A CONFIRMACIÓN DE DISPONIBILIDAD ANTES DE CONTRATAR', 2, 2, NULL),
(126, 'INCLUYE LA ENTREGA DE UN INFORME FOTOGRÁFICO DE CADA MICROBUS INDIVIDUALIZANDO SU PLACA PATENTE', 2, 2, NULL),
(127, 'PAGO TOTAL CON ORDEN DE COMPRA 30 DÍAS', 2, 2, NULL),
(128, 'FECHA DE INICIO A CONVENIR', 2, 2, NULL),
(129, 'COTIZACIÓN VÁLIDA POR 15 DÍAS CORRIDOS', 2, 2, NULL),
(130, 'VALORES INCLUYEN COMISIÓN DE AGENCIA', 2, 2, NULL),
(131, 'NO INCLUYE DISEÑO NI CONCEPTO DE  DE CAMPAÑA', 2, 2, NULL),
(132, 'INCLUYE ENTREGA DE INFORME DE TODOS LOS MICROBUSES Y SU PLACA PATENTE', 2, 2, NULL),
(133, 'CONDICIÓN DE PAGO: 50% ANTES DE COMENZAR EL TRABAJO Y 50% ANTES DE ENTREGAR', 2, 1, NULL),
(134, 'CONDICIÓN DE PAGO: 50% AL DÍA Y 50% CONTRA ENTREGA VÍA TRANSFERENCIA ELECTRÓNICA', 2, 1, NULL),
(135, 'CONDICIÓN DE PAGO: 50% POR ADELANTADO  Y 50% A 30 DÍAS. CON ORDEN DE COMPRA Y CONTRATO DE SERVICIO. MULTAS POR ATRASOS EN LOS PAGOS PODRÍAN APLICAR', 2, 2, NULL),
(136, 'COTIZACIÓN EFECTUADA PARA DIPLOMADO DE DOCENCIA DE LA UNIVERSIDAD DE LA SERENA.', 2, 1, NULL),
(137, 'VALORES INCLUYE COMISIÓN DE AGENCIA', 2, 2, NULL),
(138, 'INCLUYE GRABACIÓN DE FRASES PROVEIDA POR EMISORAS', 2, 2, NULL),
(139, 'DESPACHO GRATIS', 2, 1, NULL),
(140, 'Pago 50% al día y 50% a 30 días con cheque', 2, 1, NULL),
(141, 'ENTREGA DE REGISTROS Y RESPALDOS COMO VERIFICACIÓN PARA EVIDENCIAR EJECUCION DEL SERVICIO', 2, 2, NULL),
(142, 'FECHAS DE PUBLICACION POSTERIORES AL EVENTO PODRIAN SER EJECUTADAS HASTA UN MES DESPUÉS DE REALIZADO EL EVENTO.', 2, 2, NULL),
(143, 'VALORES INCLUYEN COMISIÓN DE AGENCIA', 2, 2, NULL),
(144, 'BUSES DISPONIBLES AL DÍA DE ESTA COTIZACIÓN. SE SUGIERE CONFIRMAR DISPONIBILIDAD DE RECORRIDOS ANTES DE EMITIR OC', 2, 2, NULL),
(145, 'SERVICIO INCLUYE ARRIENDO DE BUSES, INSTALACIÓN Y REPORTE FOTOGRÁFICO DE CADA MICROBUS', 2, 2, NULL),
(146, 'INCLUYE ASESORÍA ESTRATÉGICA DE FECHAS DE PUBLICACIÓN E INFORME FINAL DE DESEMPEÑO DE MONTO INVERTIDO', 2, 2, NULL),
(147, 'CLIENTE PROVEE IMÁGENES / VIDEOS A PUBLICAR EDITADO EN FORMATO Y TAMAÑO REQUERIDO PARA FACEBOOK ', 2, 2, NULL),
(148, 'NO INCLUYE DISEÑO DE PIEZAS GRÁFICAS NI DESARROLLO DE CONCEPTOS DE CAMPAÑA.', 2, 2, NULL),
(149, 'VALORES INCLUYEN COMISIÓN DE AGENCIA', 2, 2, NULL),
(150, 'DISPONIBILIDAD DE BUSES SUJETA A CONFIRMACIÓN', 2, 2, NULL),
(151, 'VALORES INCLUYEN COMISIÓN DE AGENCIA', 2, 2, NULL),
(152, 'VALORES SON POR 1 MES DE PUBLICACIÓN', 2, 2, NULL),
(153, 'VALORES INCLUYEN COMISIÓN DE AGENCIA', 2, 2, NULL),
(154, 'NO INCLUYE DISEÑO DE PIEZAS GRÁFICAS NI CONCEPTO DE CAMPAÑA. CLIENTE PROVEE MATERIAL LISTO PARA PUBLICAR', 2, 2, NULL),
(155, 'El guión será elaborado sobre la base de entrevistas a los jefes de programa de la DMA; así como también sobre la base de documentos, fotografías y videos que serán aportados por la DMA.\n\n', 2, 1, NULL),
(156, ' La filmación se extenderá entre las 11,00 y las 20,00 hrs. con el objeto de realizar registros durante todo el programa de la feria e incorporarlos al video institucional. Las filmaciones entregarán una señal permanente a la productora de escenario con el objeto de transmitir por circuito cerrado el evento hacia el exterior del recinto de la Feria.', 2, 1, NULL),
(157, 'Valores incluyen comisión de agencia', 2, 2, NULL),
(158, 'Cliente provee audio grabado de máximo 40 segundos', 2, 2, NULL),
(159, 'VALORES INCLUYEN COMISIÓN DE AGENCIA', 2, 2, NULL),
(160, 'CLIENTE PROVEE GRÁFICA', 2, 2, NULL),
(161, 'VALORES INCLUYEN COMISIÓN DE AGENCIA', 2, 2, NULL),
(162, 'CLIENTE PROVEE CONTENIDOS Y GRÁFICA A PUBLICAR', 2, 2, NULL),
(163, 'INCLUYE ARRIENDO DE BUSES E INSTALACIÓN.', 2, 2, NULL),
(164, 'INCLUYE ENTREGA DE INFORME FOTOGRÁFICO DE CADA MICROBUS', 2, 2, NULL),
(165, 'CONDICIÓN DE PAGO 50% POR ADELANTADO Y 50% A 30 DÍAS CON ORDEN DE COMPRA', 2, 2, NULL),
(166, 'VALORES INCLUYEN COMISIÓN DE AGENCIA', 2, 2, NULL),
(167, 'VALORES INCLUYEN COMISION DE AGENCIA', 2, 2, NULL),
(168, 'NO INCLUYE SERVICIO DE FOTOGRAFÍA', 2, 2, NULL),
(169, 'DISPONIBILIDAD DE BUSES SUJETA A CONFIRMACIÓN ANTES DE CONTRATAR', 2, 2, NULL),
(170, 'INCLUYE ENTREGA DE REPORTE FOTOGRÁFICO DE CADA MICROBUS ', 2, 2, NULL),
(171, 'VALORES INCLUYEN COMISION DE AGENCIA', 2, 2, NULL),
(172, 'Entrega de copias originales y derechos de autoría al Servicio Nacional de Capacitación y Empleo Sence.', 2, 2, NULL),
(173, 'Realización Audiovisual cuya duración es de 5 minutos aproximadamente. A base de entrevistas e imágenes grabadas el día 3 de diciembre en la Feria de Medioambiente a realizarse en Cerro Amarillo Concepción. Además el video se complementa con fotografías entregadas por cliente de actividades y eventos anteriores.', 2, 1, NULL),
(174, '2. Grabación y postproducción. Las grabaciones se realizan en Full HD con audio directo. Posterior al montaje la postproducción considera: gráfica 2D y ecualización de audio e imagen.', 2, 1, NULL),
(175, '3. Entrega final vía wetransfer en formato y compresión adecuada para su utilización en variados medios.', 2, 1, NULL),
(176, 'Realización Audiovisual cuya duración es de 5 minutos aproximadamente. A base de entrevistas e imágenes grabadas el día 3 de diciembre en la Feria de Medioambiente a realizarse en Cerro Amarillo Concepción. Además el video se complementa con fotografías entregadas por cliente de actividades y eventos anteriores.', 2, 1, NULL),
(177, 'Grabación y postproducción. Las grabaciones se realizan en Full HD con audio directo. Posterior al montaje la postproducción considera: gráfica 2D y ecualización de audio e imagen.', 2, 1, NULL),
(178, 'Entrega final vía wetransfer en formato y compresión adecuada para su utilización en variados medios.', 2, 1, NULL),
(179, 'INCLUYE DISEÑO DE AVISOS ', 2, 2, NULL),
(180, 'BUSES SUJETOS A CONFIRMACIÓN DE DISPONIBILIDAD', 2, 2, NULL),
(181, 'INCLUYE ARRIENDO DE BUSES, INSTALACIÓN Y PRODUCCIÓN DE ADHESIVOS', 2, 2, NULL),
(182, 'SE ENTREGA INFORME FOTOGRÁFICO INDIVIDUALIZANDO CADA MICROBUS CON SU PLACA PATENTE', 2, 2, NULL),
(183, 'PAGO 30% POR ADELANTADO Y SALDO A 30 DÍAS', 2, 2, NULL),
(184, 'INCLUYE ENTREGA DE REPORTE FOTOGRÁFICO DE CADA COLECTIVO Y SU PLACA PATENTE', 2, 2, NULL),
(185, 'CONSIDERA REEMPLAZO DE LUNETAS EN CASO SE DAÑEN O SEAN RETIRADAS POR TERCEROS', 2, 2, NULL),
(186, 'RECORRIDOS Y LINEAS DE COLECTIVOS SUJETOS A CONFIRMACIÓN DE DISPONIBILIDAD', 2, 2, NULL),
(187, 'CONDICIONES COMERCIALES DE CRÉDITO SUJETAS A EVALUACIÓN. SE REQUIERE ORDEN DE COMPRA VÁLIDAMENTE EMITIDA', 2, 2, NULL),
(188, 'INCLUYE ASESORIÁ PARA DISEÑO DE PIEZAS GRÁFICAS SIN COSTO ADICIONAL', 2, 2, NULL),
(189, 'SE GARANTIZA LA ENTREGA CORRECTA DE LOS SERVICIOS CONTRATADOS POR 30 DÍAS LUEGO DEL RECIBO CONFORME DE LOS SERVICIOS, POR EVENTUALES PROBLEMAS DERIVADOS DE LA IMPLEMENTACIÓN O CONTROL DE CAMBIOS EN LOS MENSAJES DE LA ASESORÍA COMUNICACIONAL. PAGO SEGÚN LO ESTABLECIDO EN EL BRIEF CON ORDEN DE COMPRA', 2, 2, NULL),
(190, 'VALORES INCLUYEN COMISIÓN DE AGENCIA', 2, 2, NULL),
(191, 'NO INCLUYE DISEÑO DE PIEZAS GRÁFICAS NI ANIMACIONES', 2, 2, NULL),
(192, 'PAGO TOTAL A 30 DÍAS CON ORDEN DE COMPRA', 2, 2, NULL),
(193, 'TODOS LOS RECORRIDOS ESTÁN SUJETOS A CONFIRMACIÓN ANTES DE CONTRATAR', 2, 2, NULL),
(194, 'CONDICIÓN DE PAGO: 35% POR ADELANTADO, 35% A 30 DÍAS Y 30% A 60 DÍAS RESPALDADO CON DOCUMENTO.', 2, 2, NULL),
(195, 'INCLUYE ARRIENDO DE BUSES, INSTALACIÓN Y ENTREGA DE INFORME FOTOGRÁFICO INDIVIDUALIZANDO CADA MICROBUS Y SU PLACA PATENTE  ', 2, 2, NULL),
(196, 'PROPUESTA NO INCLUYE DISEÑO DE PIEZAS GRÁFICAS', 2, 2, NULL),
(197, 'PROPUESTA NO INCLUYE DESARROLLO DE CONCEPTO NI IDEA CREATIVA', 2, 2, NULL),
(198, 'PROPUESTA INCLUYE ASESORÍA Y PROVISIÓN DE FONDOS PARA CAMPAÑA DIGITAL EN FACEBOOK', 2, 2, NULL),
(199, 'INCLUYE ENTREGA DE INFORME DE INVERSION Y MÉTRICAS DE FACEBOOK', 2, 2, NULL),
(200, 'CLIENTE PROVEE MATERIAL FOTOGRÁFICO / AUDIOVISUAL PARA PUBLICAR Y PROMOCIONAR', 2, 2, NULL),
(201, 'VALOR INCLUYE GRABACIÓN DE SPOT PROVEÍDO POR EMISORAS', 2, 2, NULL),
(202, 'VALOR INCLUYE COMISIÓN DE AGENCIA', 2, 2, NULL),
(203, 'LOS RECORRIDOS PUEDEN SER ELEGIDOS POR EL CLIENTE PERO ESTÁN SUJETOS A CONFIRMACIÓN DE DISPONIBILIDAD ANTES DE EMISIÓN DE OC', 2, 2, NULL),
(204, 'EL VALOR DE ESTA COTIZACIÓN ES VÁLIDO POR EL TOTAL DE PRODUCTOS Y/O SERVICIOS DETALLADOS. MODIFICACIONES EN CANTIDAD PODRÍAN AFECTAR EL VALOR FINAL', 2, 2, NULL),
(205, 'CONDICIÓN DE PAGO: CON ORDEN DE COMPRA A 30 DÍAS', 2, 2, NULL),
(206, 'PROPUESTA INCLUYE COMISION DE AGENCIA', 2, 2, NULL),
(207, 'PROPUESTA VÁLIDA POR EL TOTAL DE PRODUCTOS DESCRITOS. MODIFICACIONES PODRÍAN ALTERAR EL VALOR FINAL.', 2, 2, NULL),
(208, ' Director, productor, sonidista, director de fotografía y guionista; todos con experiencia demostrable mediante certificado que detalle el rubro y el enfoque.\n\n2.       Considerar trabajar en la investigación, pre producción y producción de los documentales en conjunto con la participación de los funcionarios y profesionales del HFBC de ambas sedes\n\n3.       Entregar cronograma de jornadas de rodaje y requerimientos humanos y materiales por parte del hospital, para la correcta ejecución del rodaje\n\n4.       Entrega de carpeta de a  lo menos 15 fotos en alta calidad u proceso de rodaje, libre de sellos de agua y otra cualquier marca\n\n5.       La entrega debe contener comisión de músicas originales para dichos productos\n\n6.       La entrega debe incluir un plan de difusión de los documentales que contemple a la comunidad que atiende, a los profesionales y funcionarios, una entrega masiva a través de actores comunitarios e instituciones vinculadas al hospital\n\n7.       Trabajar conjuntamente con un equipo del hospital a fin de facilitar coordinación y toma de decisiones\n\n8.       Valor cotizado considera 6 jornadas de rodaje, 5 de montaje y 3 de postsonido', 2, 2, NULL),
(209, 'Director, productor, sonidista, director de fotografía y guionista; todos con experiencia demostrable mediante certificado que detalle el rubro y el enfoque. 2. Se trabajara en la investigación, pre producción y producción de los documentales en conjunto con la participación de los funcionarios y profesionales del HFBC de ambas sedes 3. Se entregara cronograma de jornadas de rodaje y requerimientos humanos y materiales por parte del hospital, para la correcta ejecución del rodaje 4. Entrega de carpeta de a lo menos 15 fotos en alta calidad u proceso de rodaje, libre de sellos de agua y otra cualquier marca 5. Valor cotizado considera comisión de músicas originales  6. Se elaborara  un plan de difusión de los documentales que contemple a la comunidad que atiende, a los profesionales y funcionarios, una entrega masiva a través de actores comunitarios e instituciones vinculadas al hospital, considera hasta 100 copias de DVD con el material, no considera ejecución del plan de difusión. 7. Se trabajara en conjunto con un equipo del hospital a fin de facilitar coordinación y toma de decisiones 8. Valor cotizado considera 6 jornadas de rodaje, 5 de montaje y 3 de postsonido. 8. Se consideran hasta 2 cambios por cada producto después de la primera revisión.\n\n', 2, 2, NULL),
(210, 'VALORES INCLUYEN COMISIÓN DE AGENCIA', 2, 2, NULL),
(211, 'VALORES NO INCLUYEN GRABACIÓN NI EDICIÓN DE SPOT', 2, 2, NULL),
(212, 'VALORES INCLUYEN COMISION DE AGENCIA ', 2, 2, NULL),
(213, 'CONDICIÓN DE PAGO: 50% AL DÍA Y 50% CONTRA ENTREGA ', 2, 2, NULL),
(214, 'VALORES INCLUYEN COMISIÓN DE AGENCIA', 2, 2, NULL),
(215, 'VALORES INCLUYEN COMISION DE AGENCIA', 2, 2, NULL),
(216, 'VALORES NO INCLUYEN PRODUCCIÓN DE SPOTS', 2, 2, NULL),
(217, 'Valores incluyen comisión de agencia', 2, 2, NULL),
(218, 'VALORES INCLUYEN COMISIÓN DE AGENCIA', 2, 2, NULL),
(219, 'INCLUYE GRABACIÓN DE SPOT PROVEIDO POR RADIO EMISORA', 2, 2, NULL),
(220, 'La campaña debe ser ejecutada en 12 meses corrido', 2, 2, NULL),
(221, 'No es posible estimar un precio unitario por “post promocionado”, ya que esto depende de variables tales como: Tamaño de audiencia y alcance definido para cada post, fecha de promoción del post (ej.: es más costoso promocionar en navidad que en un mes promedio), tiempo de duración de post promocionado (un post que está más días suele ser más caro)', 2, 2, NULL),
(222, 'La cotización incluye: Monto disponible para inversión en la red social de Facebook y Comisión de agencia y costos asociados', 2, 2, NULL),
(223, 'El monto de inversión mensual debe ser utilizado en máximo 30 días corridos; el cliente podrá utilizar el saldo a favor (en caso de existir) hasta 15 días después de finalizada la campaña', 2, 2, NULL),
(224, 'Propuesta considera entrega de informes de monto invertido solamente.', 2, 2, NULL),
(225, 'Propuesta no considera diseño de piezas gráficas ni audiovisuales', 2, 2, NULL),
(226, 'Propuesta no considera asesorías ni estrategia para publicaciones ni servicios de Community Manager', 2, 2, NULL),
(227, 'Propuesta no considera administración de la red social', 2, 2, NULL),
(228, 'Condición de pago: 100% a 30 días después de la emisión de la factura', 2, 2, NULL),
(229, 'La cotización tiene una validez de 10 días corridos', 2, 2, NULL),
(230, '*BUSES CONCEPCIÓN DISPONIBLES PARA MÁXIMO UNA EXTENSIÓN DE 21 DÍAS HASTA EL 5 DE MARZO 2018', 2, 2, NULL),
(231, 'CONDICIÓN DE PAGO: 30% POR ADELANTADO Y 70% A 45 DÍAS', 2, 2, NULL),
(232, 'VALORES INCLUYEN COMISIÓN DE AGENCIA', 2, 2, NULL),
(233, 'LOS COLORES DE LOS TIMBRES SON A ELECCIÓN DEL CLIENTE', 2, 1, NULL),
(234, 'Condición de pago 30 días con Orden de Compra.', 2, 1, NULL),
(235, 'LOS RECORRIDOS PUEDEN SER ELEGIDOS POR EL CLIENTE PERO ESTÁN SUJETOS A CONFIRMACIÓN DE DISPONIBILIDAD ANTES DE CONTRATAR', 2, 2, NULL),
(236, 'CAMPAÑA CONSIDERA LA CONTRATACIÓN DE UN MÍNIMO DE 20 BUSES POR RECORRIDO ELEGIDO POR CLIENTE', 2, 2, NULL),
(237, 'LA EXTENSIÓN DE LA CAMPAÑA ES EN MESES CONTINUADOS', 2, 2, NULL),
(238, 'NO INCLUYE GRABACIÓN DE SPOT UNICO', 2, 2, NULL),
(239, 'INCLUYE GRABACIÓN DE SPOT PROVEÍDO POR EMISORAS', 2, 2, NULL),
(240, 'Condición de pago 30 días con Orden de Compra.', 2, 1, NULL),
(241, 'DISPONIBILIDAD DE BUSES SUJETA A APROBACIÓN ANTES DE CONTRATAR', 2, 2, NULL),
(242, 'PAGO 30% POR ADELANTADO Y SALDO A 30 DÍAS / A CONVENIR SUJETO A EVALUACIÓN CREDITICIA', 2, 2, NULL),
(243, 'SERVICIO INCLUYE CERTIFICACIÓN FOTOGRÁFICA CON PLACA PATENTE DE CADA MICROBUS', 2, 2, NULL),
(244, 'VALORES INCLUYEN COMISION DE AGENCIA', 2, 2, NULL),
(245, 'Considera: Emisión de spot de 30 segundos, para informar del evento y que será emitido por las pantallas de TVU, esto desde el lunes 05 marzo, 5 veces como mínimo horario repartido. Invitación a representantes del municipio, a programa La Comunidad del Contenido en Movimiento”, día martes 6 ó miércoles 7, según disponibilidad del municipio. Difusión en RRSS del Canal de la transmisión en vivo. Transmisión vía TV aérea, on-line, operadores de cable, facebook live. Despachos (2) en vivo y en directo dentro de la Comunidad del Contenido en Movimiento, el jueves 08 marzo, instantes previos al evento.', 2, 2, NULL),
(246, 'VALOR INCLUYE COMISIÓN DE AGENCIA', 2, 2, NULL),
(247, 'Entrega de reporte al finalizar servicio, mensaje de\ntexto hasta 160 caracteres, Base de datos la entrega el cliente en excel con columnas identificando los\nnumeros de telefono que deben estar con el formato 56 9 XXXXX, confidencialidad garantizada.', 2, 2, NULL),
(248, 'Condición de pago 30 días con Orden de Compra.', 2, 1, NULL),
(249, 'COMISIÓN ', 2, 2, NULL),
(250, 'LA PRESTACION DEL SERVICIO ESTA SUJETO A LA SIGUIENTE FORMA DE PAGO: CUOTA 1  CORRESPONDERIA AL 14% DEL MONTO TOTAL \nCUOTA 2 Y 3 : 13% DEL TOTAL \nCUOTA  4 A LA 9: 10% DEL MONTO TOTAL CADA UNA.', 2, 2, NULL),
(251, ' Las condiciones de pago para este plan;  serian 9 cuotas fijadas asi: Cuota 1:  $969.169, Cuota 2 y 3:  $ 904:170 , Cuota de la 4 a la 9: $709.170 cada una', 2, 2, NULL),
(252, 'RECORRIDOS ESTÁN SUJETOS A CONFIRMACIÓN DE DISPONIBILIDAD ANTES DE CONTRATAR. TIEMPO DE ENTREGA: 3 DÍAS HÁBILES DESDE APROBADO EL DISEÑO. VALORES VÁLIDOS POR 15 DÍA CORRIDOS', 2, 2, NULL),
(253, 'DISPONIBILIDAD DE LETRERO SUJETO A CONFIRMACIÓN AL MOMENTO DE RECEPCIÓN DE ORDEN DE COMPRA', 2, 2, NULL),
(254, 'TIEMPO DE INSTALACIÓN 6 DIAS HÁBILES DESDE RECEPCIÓN  DE ARCHIVO A IMPRIMIR', 2, 2, NULL),
(255, 'INSTALACIONES DE SOPORTES UBB: \n•	CAMPUS CONCEPCIÓN (CONCEPCIÓN)\n•	CAMPUS FERNANDO MAY (CHILLÁN) (2 UNIDADES)\n•	CAMPUS LA CASTILLA\n•	LICEO COMERCIAL (CHILLÁN)\n•	CENTRO DE EXTENSIÓN (CHILLÁN)\n•	CAMINO A LAS TERMAS DE CHILLÁN (CHILLÁN)\n•	EL CARMEN (CHILLÁN).\n', 2, 2, NULL),
(256, 'PANTALLAS DIGITALES CONCEPCIÓN (300 PASADAS DIARIAS): \n•	PANTALLA PAICAVÍ\n•	PANTALLA AUTOPISTA ALESSANDRI\n•	PANTALLA LOMAS DE SAN ANDRÉS\n•	PANTALLA CARRERA C/N LINCOYÁN\n•	PANTALLA PEDRO DE VALDIVIA.\n\n', 2, 2, NULL),
(257, '50% PARA COMENZAR PRODUCCIÓN Y 50% CONTRA ENTREGA.', 2, 1, NULL),
(258, 'La disponibilidad se debe confirmar al momento de la compra.', 2, 2, NULL),
(259, 'DISPONIBILIDAD DE VEHICULOS SUJETA A CONFIRMACIÓN ANTES DE CONTRATAR', 2, 2, NULL),
(260, 'VALORES VÁLIDOS POR EL TOTAL DE MESES Y CANTIDAD DE VEHICULOS COTIZADOS. OTROS PLAZOS Y CANTIDADES PODRÍAN AFECTAR EL VALOR UNITARIO', 2, 2, NULL),
(261, 'RECORRIDOS PUEDEN SER ELEGIDOS POR CLIENTE', 2, 2, NULL),
(262, 'DISPONIBILIDAD DE VEHICULOS SUJETA A CONFIRMACIÓN ANTES DE CONTRATAR', 2, 2, NULL),
(263, 'VALORES VÁLIDOS POR EL TOTAL DE MESES Y CANTIDAD DE VEHICULOS COTIZADOS. OTROS PLAZOS Y CANTIDADES PODRÍAN AFECTAR EL VALOR UNITARIO', 2, 2, NULL),
(264, 'RECORRIDOS PUEDEN SER ELEGIDOS POR CLIENTE\n', 2, 2, NULL),
(265, 'Diseños son a cargo del cliente', 2, 2, NULL),
(266, 'Plazo de envio de material 15 dias habiles antes de inicio de campaña', 2, 2, NULL),
(267, 'RECORRIDOS SUJETOS A CONFIRMACIÓN DE DISPONIBILIDAD ANTES DE CONTRATAR', 2, 2, NULL),
(268, 'CANTIDAD MÍNIMA POR RECORRIDO: 30 BUSES', 2, 2, NULL),
(269, 'CONDICIONES DE PAGO: 45 DÍAS CORRIDOS DESDE EMISIÓN DE FACTURA', 2, 2, NULL),
(270, 'Valores pueden cambiar de acuerdo a la ubicación y tamaño del letrero solicitado.', 2, 2, NULL),
(271, 'El Booking para estas ubicaciones debe hacerse con tiempo para asegurarlas.Y la publicación del aviso en la revista LHE Lufthansa Exclusive se le ubicará en la mejor posición posible página impar lado derecho.', 2, 2, NULL),
(272, 'CLIENTE ENVIA DISEÑOS LISTOS\n', 2, 2, NULL),
(273, 'PARA INICIO DE CAMPAÑA SE DEBE CONSIDERAR 6 DIAS HABILES DESDE RECEPCION DE ARCHIVOS', 2, 2, NULL),
(274, 'CONSIDERA CERTIFICACIÓN CON  INFORME FOTOGRAFICO ', 2, 2, NULL),
(275, 'VALOR CONSIDERA 2 EJEMPLARES DE RESPALDO', 2, 2, NULL),
(276, 'DISPONIBILIDAD DE COLECTIVOS SUJETA A CONFIRMACIÓN ANTES DE CONTRATAR', 2, 2, NULL),
(277, 'CONDICIÓN DE PAGO: 45 DÍAS CORRIDOS DESDE FACTURACIÓN', 2, 2, NULL),
(278, 'TIEMPO DE ENTREGA: 3 DÍAS HÁBILES DESDE RECEPCIÓN DE DISEÑO APROBADO. ', 2, 1, NULL),
(279, 'LOS RECORRIDOS PUEDEN SER ELEGIDOS POR EL CLIENTE PERO ESTÁN SUJETOS A CONFIRMACIÓN DE DISPONIBILIDAD ANTES DE CONTRATAR', 2, 2, NULL),
(280, 'CONDICIÓN DE PAGO: PAGO TOTAL CON ORDEN DE COMPRA A 30 DÍAS / A CONVENIR', 2, 2, NULL),
(281, 'PRECIO Y CONDICIONES SON VÁLIDOS POR EL TOTAL DE PRODUCTOS Y/O SERVICIOS EN ESTA COTIZACIÓN. MODIFICACIONES PODRÍAN AFECTAR SU VALOR FINAL', 2, 2, NULL),
(283, 'PRECIO INCLUYE COMISIÓN DE AGENCIA', 2, 2, NULL),
(284, 'NO INCLUYE CREACIÓN DE GUIÓN', 2, 2, NULL),
(285, 'CONDICIÓN DE PAGO: CON ORDEN DE COMPRA, 50% POR ADELANTADO Y 50% PREVIO A DESPACHO', 2, 1, NULL),
(286, 'DESPACHO: VÍA PULLMAN CARGO O STARKEN POR PAGAR', 2, 1, NULL),
(287, 'Si se realiza compra parcial, disminución o aumento de pedido, solicitar nueva cotización.', 2, 1, NULL),
(288, 'Si se requiere compra parcial, disminución, o aumento de pedido, solicitar nueva cotización.', 2, 1, NULL),
(289, 'SE ENVIARA COMO INDICADOR ESTIMACIÓN DE FLUJO VEHICULAR, PEATONAL, COSTO*CONTACTO', 2, 2, NULL),
(290, 'SE BONIFICA 2 MESES EN TACNA CON PANTALLA LED SPOT PROMOCIONAL DE 10 SEGUNDOS', 2, 2, NULL),
(291, 'EL INICIO DE CAMPAÑA INDICADO EN EL BRIEF ESTARÁ SUJETO A LA FECHA Y HORA DE RECEPCIÓN DE ARCHIVOS', 2, 2, NULL),
(292, 'TIEMPO DE INSTALACIÓN 8 DÍAS HÁBILES DESDE RECEPCIÓN DE ARCHIVOS ANTES DE LAS 12AM. Y POSTERIOR REVISIÓN DEL MATERIAL', 2, 2, NULL),
(293, 'TIEMPO DE INSTALACIÓN 8 DÍAS HÁBILES DESDE RECEPCIÓN DE ARCHIVOS ANTES DE LAS 12PMY POSTERIOR REVISIÓN DEL MATERIAL', 2, 2, NULL),
(294, 'EL VALOR DE ESTA COTIZACIÓN ES POR EL TOTAL DE PRODUCTOS QUE SE DETALLAN. CONTRATACIONES PARCIALES PUEDEN AFECTAR SU VALOR', 2, 2, NULL),
(295, 'COTIZACIÓN CONSIDERA MÁXIMO UNA JORNADA DE TRABAJO DE 8 HORAS PARA FINALIZAR INSTALACIÓN. COORDINACIÓN ESTÁ A CARGO DE MUNICIPIO PARA FINALIZAR TRABAJO EN ESA JORNADA', 2, 2, NULL),
(296, 'VALOR INCLUYE COMISIÓN DE AGENCIA', 2, 2, NULL),
(297, 'BUSES SUJETOS A CONFIRMACIÓN DE DISPONIBILIDAD ANTES DE EMISIÓN DE OC', 2, 2, NULL),
(298, 'VALORES VÁLIDOS POR 10 DÍAS CORRIDOS', 2, 2, NULL),
(299, 'PAGO CON ORDEN DE COMPRA A 45 DÍAS CORRIDOS DESDE EMISIÓN DE FACTURA', 2, 2, NULL),
(300, 'VALORES VÁLIDOS POR EL TOTAL DE BUSES Y CIUDADES QUE SON PARTE DE ESTA COTIZACIÓN. CONTRATACIONES PARCIALES PODRÍAN AFECTAR SU VALOR FINAL', 2, 2, NULL),
(301, 'MEDIO DE VERIFICACION SE ENTREGARA REPORTE GRAFICO AL COMIENZO Y FINAL DE LA CAMPAÑA, COMO LAS EMPRESAS NO CUENTAN CON INDICADORES SE PREPARARA UN INFORME DE FLUJO VEHICULAR DE CADA SOPORTE, ELABORADO POR PERSONAL DE LA AGENCIA', 2, 2, NULL),
(302, 'SOPORTES OFRECIDOS SE ENCUENTRAN DISPONIBLES AL 25 DE MAYO 2018. DISPONIBILIDAD POSTERIOR A ESA FECHA SUJETO A CONFIRMACION', 2, 2, NULL),
(303, 'DETALLE DE UBICACIONES REVISAR ARCHIVOS PDF', 2, 2, NULL),
(304, 'CLIENTE ENVIA DISEÑOS LISTOS, NO CONSIDERA PROPUESTA CREATIVA', 2, 2, NULL),
(305, 'Se considera una Matriz por producto.', 2, 1, NULL),
(306, 'CONDICIÓN DE PAGO: 70% POR ADELANTADO Y 30% A 45 DÍAS', 2, 2, NULL),
(307, 'INCLUYE LA ENTREGA DE CERTIFICACIÓN FOTOGRÁFICA DE CADA MICROBUS INDIVIDUALIZANDO SU PLACA PATENTE', 2, 2, NULL),
(308, 'TIEMPO DE ENTREGA EXCLUYE DEMORAS POR LLUVIA EN CUYO CASO LA INSTALACIÓN SE CORRE PARA EL DÍA HÁBIL INMEDIATAMENTE SIGUIENTE.', 2, 2, NULL),
(309, 'SERVICIO INCLUYE EL ARRIENDO DE LOS MICROBUSES, DISEÑO DE LUNETAS, IMPRESIÓN EN ALTA CALIDAD FULL COLOR EN ADHESIVO PVC DE 195 X 95 CMS PARA BUSES Y ADHESIVO MICROPERFORADO  DE 130 X 30 CMS PARA COLECTIVOS', 2, 2, NULL),
(310, 'Los recorridos de buses y colectivos están sujetos a confirmación de disponibilidad antes de contratar', 1, 3, NULL),
(311, 'VALORES NO CONSIDERAN GASTOS E INVERSIÓN  EN MEDIOS', 2, 2, NULL),
(312, 'PLAZO MÁXIMO DE ENTREGA 3 MESES, DE ACUERDO A REVISIONES ESTIPULADAS EN CARTA GANTT , PREVIO ACUERDO CON CLIENTE', 2, 2, NULL),
(313, 'DERECHO A 3 CAMBIOS POSTERIOR A REVISIÓN DE CONCEPTOS, PIEZAS GRÁFICAS.', 2, 2, NULL),
(314, ' VALORES NO CONSIDERAN GASTOS E INVERSIÓN EN MEDIOS', 2, 2, NULL),
(315, 'PLAZO MÁXIMO DE ENTREGA 3 MESES, DE ACUERDO A REVISIONES ESTIPULADAS EN CARTA GANTT , PREVIO ACUERDO CON CLIENTE ', 2, 2, NULL),
(316, 'DERECHO A 3 CAMBIOS POSTERIOR A REVISIÓN DE CONCEPTOS, PIEZAS GRÁFICAS.', 2, 2, NULL),
(317, 'NO CONTEMPLA GASTOS ASOCIADOS DE POSICIONAMIENTO WEB (HOSTING, DOMINIO.CL, CORREOS CORPORATIVOS, ETC)', 2, 2, NULL),
(318, 'VALORES CONSIDERAN COMISIÓN DE AGENCIA', 2, 2, NULL),
(319, 'INCLUYE GRABACIÓN DE SPOT PROVEIDO POR EMISORAS', 2, 2, NULL),
(320, 'CONSIDERA SOLO INVERSIÓN EN RED SOCIAL FACEBOOK EN UN PERÍODO MÁXIMO DE 7 MESES CORRIDOS', 2, 2, NULL),
(321, 'PROPUESTA NO CONSIDERA CREACIÓN DE PIEZAS GRÁFICAS, PUBLICACIÓN DE CONTENIDO NI SERVICIO DE COMMUNITY MANAGER', 2, 2, NULL),
(322, 'La cotización incluye: Monto disponible para inversión en la red social de Facebook y Comisión de agencia y costos asociados', 2, 2, NULL),
(323, 'El monto de inversión mensual debe ser utilizado en máximo 30 días corridos; el cliente podrá utilizar el saldo a favor (en caso de existir) hasta 30 días después de finalizada la campaña', 2, 2, NULL),
(324, 'La cotización tiene una validez de 10 días corridos\n? Tipo de pago: Cheque o transferencia\n? Condición de pago: 100% a 30 días después de la emisión de la factura', 2, 2, NULL),
(325, 'CLIENTE ES RESPONSABLE DE INDICAR MEDIANTE CORREO EL LINK DE LAS PUBLICACIONES A PROMOCIONAR, MONTOS A INVERTIUR Y FECHAS DE VIGENCIA.', 2, 2, NULL),
(326, 'CLIENTE ES RESPONSABLE DE INDICAR MEDIANTE CORREO ELECTRÓNICO EL LINK DE LAS PUBLICACIONES A PROMOCIONAR, MONTOS A INVERTIR Y FECHAS DE VIGENCIA DE CADA UNA.', 2, 2, NULL),
(327, 'CONDICIÓN DE PAGO: MENSUAL. COMISIÓN DE AGENCIA SE INCLUYE EN PRIMERA CUOTA. CUOTAS RESTANTES CORRESPONDERÁN A INVERSIÓN REALIZADA EN 1 MES CALENDARIO MÁS EL IVA.', 2, 2, NULL),
(328, 'VALORES INCLUYEN COMISIÓN DE AGENCIA', 2, 2, NULL),
(329, 'RECEPCION DE CONTENIDOS HASTA 3 DÍAS ANTES DE PUBLICACIÓN', 2, 2, NULL),
(330, 'NO INCLUYE PRODUCCIÓN DE SPOT TELEVISIVO', 2, 2, NULL),
(331, 'Considera la toma de Fotografías durante Jornada de 4 Horas, en lugar dispuesto y proporcionado por el cliente.', 2, 1, NULL),
(332, 'VALOR MENSUAL', 2, 2, NULL),
(333, 'NO CONSIDERA MONTO DE INVERSIÓN EN RRSS ', 2, 2, NULL),
(334, 'NO CONSIDERA INVERSION EN RRSS', 2, 2, NULL),
(335, 'PLAZO DE ENTREGA 3 DÍAS HABILES', 2, 1, NULL),
(336, 'VALORES SUJETOS A RECTIFICACIÓN DE ACUERDO A MEDIDAS Y FACTIBILIDADES DE INSTALACIÓN, LOS CUALES DEBERÁN VERIFICARSE EN DEPENDENCIAS DE LA SEREMI PREVIO A EMISIÓN DE O.C.', 2, 1, NULL),
(337, 'BANNER PUEDE SER SUSTITUIDO MIENTRAS DURE EL CONTRATO', 2, 2, NULL),
(338, 'SERVICIO ES SOLO POR EL TIEMPO INDICADO Y ES RESPONSABILIDAD DEL CLIENTE UTILIZAR EL SALDO EN RED SOCIAL DENTRO DEL PERIODO CONTRATADO. EXTENSIONES DEL SERVICIO SERÁN COBRADAS APARTE Y DE MANERA MENSUAL BAJO EL CONCEPTO Y VALORES DE COMISIÓN DE AGENCIA Y SERVICIO DE MANEJO DE RED SOCIAL CON EL COSTO DETALLADO EN LA PRESENTE COTIZACIÓN.', 2, 2, NULL),
(339, 'CLIENTE ES RESPONSABLE DEL DISEÑO DE PIEZAS GRÁFICAS', 2, 2, NULL),
(340, 'SERVICIO INCLUYE SEGMENTACIÓN DE PÚBLICO OBJETIVO Y ESTRATEGIA COMUNICACIONAL', 2, 2, NULL),
(341, 'PAGO 50% POR ADELANTADO Y 50% A 30 DÍAS', 2, 2, NULL),
(342, 'Cotización valida por 2 días corridos.', 2, 1, NULL),
(343, 'Cotización válida por 2 días corridos debido a disponibilidad de stock.', 2, 1, NULL),
(344, 'IMPLEMENTACIÓN: 5 DÍAS HABILES DESDE RECIBIDOS LOS ARTES', 2, 2, NULL),
(345, 'Condición de Pago: 100% por adelantado vía transferencia bancaria. aplica cambio de dolar al día de la transferencia ', 2, 2, NULL),
(346, 'CONDICION DE PAGO: 100 POR CIENTO POR ADELANTADO CON TRANSFERENCIA ELECTRÓNICA ', 2, 2, NULL),
(347, 'CONDICIÓN DE PAGO: 30% POR ADELANTADO Y SALDO 70% CON ORDEN DE COMPRA A 30 DÍAS SUJETO A EVALUACIÓN COMERCIAL Y CONTRACTUAL.', 2, 2, NULL),
(348, 'UBICACIONES DISPONIBLES: Pantalla Autopista Alessandri, Pantalla Lomas de San Andres, Pantalla Paicavi esquina Independencia, Pantalla Carrera Con Lincoyan, Pantalla Pedro de Valdivia y Pantalla Carrera Paicavi.', 2, 2, NULL),
(349, 'SERVICIO DE DISEÑO CONSIDERA TRAZADO DE LOGO DE CADA ESTABLECIMIENTO Y ENTREGA DE ORIGINALES', 2, 2, NULL),
(350, 'CONDICION DE PAGO: 50% AL DÍA Y 50% A 45 DÍAS', 2, 2, NULL),
(351, 'VALORES INCLUYEN GESTIÓN Y COMISIÓN DE AGENCIA', 2, 2, NULL),
(352, 'INCLUYE ENTREGA DE CONFIRMACIÓN HORARIA PROVEIDA POR LOS MEDIOS A CONTRATAR', 2, 2, NULL),
(353, 'IMPORTANTE: SE SOLICITA CONFIRMAR TALLAS, COLOR Y STOCK, ANTES DE LA EMISIÓN DE LA ORDEN DE COMPRA.', 2, 1, NULL),
(354, 'EN RELACIÓN AL PAGO 50% PARA COMENZAR PRODUCCIÓN Y 50% CONTRA ENTREGA.', 2, 1, NULL),
(355, 'CONDICION DE PAGO: 50% POR ADELANTADO Y 50 % AL FINALIZAR LA CAMPAÑA', 2, 2, NULL),
(356, 'EN RELACIÓN AL PAGO 50% PARA COMENZAR PRODUCCIÓN Y 50% PREVIO A LA ENTREGA.', 2, 1, NULL),
(357, 'EN RELACIÓN AL PAGO 50% PARA COMENZAR PRODUCCIÓN Y 50% PREVIO A LA ENTREGA.', 2, 1, NULL),
(358, 'COTIZACIÓN VALIDA POR 10 DIAS', 2, 2, NULL),
(359, 'CONDICIÓN DE PAGO 100% AL INICIO', 2, 2, NULL),
(360, 'TIEMPO DE ENTREGA DE ACUERDO A LAS REVISIONES E INFORMACIÓN ENTREGADA POR EL CLIENTE', 2, 2, NULL),
(361, 'PAGO 50% POR ADELANTADO Y 50% A 30 DÍAS CON ORDEN DE COMPRA. SUJETO A EVALUACIÓN', 2, 2, NULL),
(362, 'VALLA SUJETA A DISPONIBILIDAD. DESDE EL 22 DE NOVIEMBRE DE 2019.', 2, 2, NULL),
(363, 'CLIENTE ENVÍA DISEÑO', 2, 2, NULL),
(364, 'SE ENVÍA CERTIFICACIÓN FOTOGRÁFICA Y VIDEO . 3 fotos de día (día #1, #15, #29 de implementación); 3 fotos de noche (día #1, #15, #29 de\nimplementación); 1 video de 45 segundos de día; 1 video de 45 segundos de noche', 2, 2, NULL),
(365, 'CONDICIÓN DE PAGO: 50% POR ADELANTADO Y SALDO A 30 DÍAS. CRÉDITO SUJETO A EVALUACIÓN', 2, 2, NULL),
(366, 'DISPONIBILIDAD DE BUSES SUJETOS A CONFIRMACIÓN ANTES DE CONTRATAR', 2, 2, NULL),
(367, 'CONDICIÓN DE PAGO: 50% POR ADELANTADO Y 50% A 30 DÍAS CON ORDEN DE COMPRA. CRÉDITO SUJETO A EVALUACIÓN', 2, 2, NULL),
(368, 'PAGO CON OC A 30 DÍAS. CRÉDITO SUJETO A EVALUACIÓN', 2, 2, NULL),
(369, 'SE ENTREGA INFORME Y CERTIFICACIONES DIGITALES.', 2, 2, NULL),
(370, 'NO CONSIDERA GRABACIÓN DE SPOT DE RADIO, CLIENTE DEBE ENVIAR SPOT DE 20 SEGUNDOS', 2, 2, NULL),
(371, 'NO CONSIDERA DISEÑOS DE PIEZAS GRÁFICAS, CLIENTE DEBE ENVIAR DISEÑOS PARA DIARIOS', 2, 2, NULL),
(372, 'CLIENTE ENVÍA 3 FRASES LISTAS.', 2, 2, NULL),
(373, 'PLAZO DE ENTREGA, 20 DÍAS DESDE LA ACEPTACIÓN DE PRESUPUESTO.', 2, 2, NULL),
(374, 'ENTREGA DE COPIAS ORIGINALES Y DERECHOS DE AUTORÍA AL SERVICIO NACIONAL DE CAPACITACIÓN Y EMPLEO SENCE', 2, 2, NULL),
(375, 'PRECIOS INCLUYEN COMISIÓN DE AGENCIA', 2, 2, NULL),
(376, 'PRECIO NO INCLUYE GRABACIÓN NI PRODUCCIÓN DE AUDIOS', 2, 2, NULL),
(377, 'NO INCLUYE DISEÑO DE PIEZAS GRÁFICAS NI VIDEOS', 2, 2, NULL),
(378, 'CLIENTE SE HACE CARGO DE LOS MONTOS A INVERTIR PARA LAS PUBLICACIONES.', 2, 2, NULL),
(379, 'SE ENTREGAN ARCHIVOS LISTOS PARA IMPRENTA', 2, 2, NULL),
(380, 'NO CONSIDERA IMPRESIÓN DEL MATERIAL', 2, 2, NULL),
(381, 'SE REQUIERE  MATERIAL FOTOGRÁFICO AÉREO CON DETALLE GENERAL Y ESPECÍFICO  DE LA CANCHA ', 2, 2, NULL),
(382, 'INCLUYE UNA SESIÓN DE UNA HORA PARA TOMA DE FOTOS AÉREAS CON DRON. ', 2, 2, NULL),
(383, 'INCLUYE SESIÓN DE UNA HORA PARA TOMA DE FOTOGRAFÍAS AÉREAS CON DRON. NO CONSIDERA TOMA DE FOTOGRAFÍAS DE PLANOS GENERALES. FOTOS AÉREAS SUJETAS A DISPONIBILIDAD TÉCNICA POR TRÁNSITO CON AERÓDROMO CERCANO.  ', 2, 2, NULL),
(384, 'NO INCLUYE MONTO A INVERTIR EN PROMOCIONAR ANUNCIOS PAGADOS DE FACEBOOK', 2, 2, NULL),
(385, 'NO INCLUYE INSTALACIÓN DE NINGÚN TIPO', 2, 1, NULL),
(386, 'LAS FOTOGRAFIAS SERAN ENTREGADAS EN FORMATO RAW, JPEG a 300dpi, JPEG a 72DPI', 2, 2, NULL),
(387, 'LAS FOTOGRAFÍAS SE ENTREGARAN EN FORMATO IMPRESO, TIPO LIBRO PARA UNA RAPIDA BÚSQUEDA SEGÚN INDEXACIÓN.', 2, 2, NULL),
(388, 'SE ENTREGARAN 2 COPIAS DE ESTE MATERIAL EN UN TAMAÑO NO MENOR A FORMATO CARTA Y LAS FOTOS PEQUEÑAS DE 4*8CM', 2, 2, NULL),
(389, 'LAS IMÁGENES ASOCIADAS AL BORDE COSTERO DE LA REGIÓN DE ARICA Y PARINACOTA CONTEMPLARAN FOTOS CON EXPERIENCIAS Y/O LUGARES: HUMEDAD RÍO LLUTA, PLAYA LAS MACHAS, PLAYA CHINCHORRO, PUNTILLA CHINCHORRO, MUELLE PESQUERO ARICA, MORRO ARICA, EX ISLA D ALACRÁN. CUMPLIENDO CON LO INDICADO EN EL BRIEF PARA CADA UNO DE ELLOS.', 2, 2, NULL),
(390, 'ADEMAS PLAYA EL LAUCHO, PLAYA LASIERA, PLAYA LA CAPILLA, CUEVAS DE ANZOTA, CALETA VITOC, CALETA CAMARONES', 2, 2, NULL),
(391, 'IMÁGENES ASOCIADAS AL BORDE COSTERO INCLUIRÁN A LO MENOS LAS SIGUIENTES EXPERIENCIAS Y/O LUGARES: HUMEDAL RÍO LLUTA, PLAYA LAS MACHAS, PLAYA CHINCHORRO, MUELLE PESQUERO ARICA, MORRO DE ARICA,  EX ISLA DEL ALACRÁN, PLAYA EL LAUCHO, PLAYA LA LISERA, PLAYA LA CAPILLA, CUEVAS DE ANZOTA, CALETA VITOR, CALETA CAMARONES.', 2, 2, NULL),
(392, '5 CAPSULAS DE VIDEO DE 30 SEGUNDOS Y UNA CAPSULA DE 1.5 A 20 MINUTOS, CON LOS TEMAS INDICADOS EN EL BRIEF', 2, 2, NULL),
(393, 'LAS CAPSULAS DEBEN SER REALIZADAS CON MATERIAL NUEVO , ASÍ COMO CON MATERIAL INÉDITO DEL DEMANDANTE, CONTARÁ CON APOYO DE MOTION GRAPHICS Y ANIMACIÓN DE TEXTOS ', 2, 2, NULL),
(394, 'MÚSICA ACORDE Y CON DERECHOS DE USO LIBRE PARA SERNATUR', 2, 2, NULL),
(395, 'DERECHOS DE IMÁGENES Y MODELOS A PERPETUIDAD PARA SERNATUR ARICA Y PARINACOTA', 2, 2, NULL),
(396, 'PLAN DE TRABAJO: CONSIDERA LAS SIGUIENTES ETAPAS:  REALIZACIÓN DE GUIONES , SCOUTING Y CASTING 5 DIAS, PRODUCCIÓN: 10 DÍAS, POST PRODUCCION: 2 DÍAS. ENTREGA 26 DE DICIEMBRE', 2, 2, NULL),
(397, 'MODELOS PROPUESTOS: LORENA FICA ( ROSTRO MALL PLAZA ) Y KEVIN TORRES (NUMERO 1 DEL BOYBOARD NACIONAL)', 2, 2, NULL),
(398, 'TEMÁTICAS: BIODIVERSIDAD BORDE COSTERO, SOL Y PLAYAS, DEPORTE Y ACCIÓN, VIDA URBANA, GASTRONOMÍA', 2, 2, NULL),
(399, 'CONDICIÓN DE PAGO: 50% POR ADELANTADO Y 50% CONTRA ENTREGA', 2, 1, NULL),
(400, 'ENVÍO SIN COSTO ADICIONAL', 2, 1, NULL),
(401, 'CLIENTE PAGA A 30 DÍAS', 2, 2, NULL),
(402, 'SE ENTREGA INFORME MENSUAL CON RESPALDO DE PROGRAMA Y CERTIFICADO DE EMISIÓN DEL PROGRAMA POR PARTE DE CADA RADIO', 2, 2, NULL),
(403, 'ALGUNAS TRANSMISIONES PUEDEN MODIFICARSE POR MOTIVOS DE CAUSA MAYOR, PREVIA AUTORIZACIÓN DEL CLIENTE', 2, 2, NULL),
(404, 'FACTIBILIDAD DE INSTALACIÓN SUJETA A VISITA TÉCNICA', 2, 1, NULL),
(405, 'NO CONSIDERA ELABORACIÓN DE SPOT. CLIENTE DEBE ENVIAR SPOT LISTO', 2, 2, NULL),
(406, 'Contempla gráficas y logos institucionales, como también barras y cortina oficial\nde gobierno.', 2, 2, NULL),
(407, 'SE INCLUYEN SUBTÍTULOS Y LENGUAJE DE SEÑAS CON INTÉRPRETE CERTIFICADO.', 2, 2, NULL),
(408, 'Contempla música libre de derechos de autor.', 2, 2, NULL),
(409, 'Cotización válida para producción a partir del mes de marzo.', 2, 1, NULL),
(410, 'Entrada a producción apenas se aprueben montajes.', 2, 1, NULL),
(411, 'CONSIDERA UN DISEÑO POR CADA MAPA.', 2, 1, NULL),
(412, 'CONSIDERA EL PAGO PARCIALIZADO EN 3 CUOTAS, DEL TOTAL DE LA COTIZACIÓN.', 2, 1, NULL),
(413, 'PLAN SE FACTURA EN 3 CUOTAS CADA 3 MESES.', 2, 2, NULL),
(414, 'PAGO MES A MES DEL PLAN DE MEDIOS', 2, 2, NULL),
(415, 'PAGO A PROVEEDORES SE REALIZARÁ AL TERCER VIERNES SIGUIENTE DESDE RECIBIDO EL PAGO DESDE INDAP. SIEMPRE Y CUANDO LA FACTURA TENGA FECHA DEL MES ANTERIOR EN CURSO.', 2, 2, NULL),
(416, 'PAGO EN 4 CUOTAS  IGUALES', 2, 2, NULL),
(417, 'FORMA DE PAGO: 50% AL INICIO VÍA TRANSFERENCIA  Y 50% CONTRA ENTREGA', 2, 1, NULL),
(418, 'AÑOS DE EXPERIENCIA 7 AÑOS. SE ADJUNTA FICHA DE INICIACIÓN DE ACTIVIDADES.', 2, 2, NULL),
(419, '02 Jornadas 02 cámaras HD\n• 02 Jornada 02 camarógrafos\n• 02 jornadas compaginador-editor\n• 01 jornada postproductor', 2, 2, NULL),
(420, 'Entrega de clipping de publicaciones', 2, 2, NULL),
(421, 'MONTO TOTAL A INVERTIR: $4.800.000 NETO EN UN PERÍODO MÁXIMO DE 6 MESES Y UN MES ADICIONAL EN CASO DE QUEDAR SALDO A FAVOR', 2, 2, NULL),
(422, 'INVERSIÓN SE REALIZARÁ UTILIZANDO SISTEMA PREDICTABLE MEDIA (INSTAGIS)', 2, 2, NULL),
(423, 'MESES ADICIONALES DE SERVICIO FUERA DE LO ESTIPULADO EN ESTA COTIZACIÓN DARÁN DERECHO A COBRO ADICIONAL Y POR CONSIGUIENTE LA EMISIÓN DE UNA NUEVA ORDEN DE COMPRA ', 2, 2, NULL),
(424, ' MONTO TOTAL A INVERTIR: $3.540.000 NETO EN UN PERÍODO MÁXIMO DE 6 MESES Y UN MES ADICIONAL EN CASO DE QUEDAR SALDO A FAVOR ', 2, 2, NULL),
(425, 'PAGO SE REALIZA A PROVEEDOR POSTERIOR A LA RECEPCIÓN DEL PAGO DE INDAP', 2, 2, NULL),
(426, 'VALORES INCLUYEN COMISIÓN DE AGENCIA', 2, 2, NULL),
(427, 'VALORES INCLUYEN COMISIÓN DE AGENCIA', 2, 2, NULL),
(428, 'REVISAR ARCHIVOS ADJUNTOS CON PLAN DE MEDIOS Y DETALLES', 2, 2, NULL),
(429, 'CARACTERÍSTICAS TÉCNICAS\n• Cámara Panasonic AG-HPX250EJ - P2 Alta Definición o\n• Cámara Canon T4i o 60D o superior (con accesorios)\n• Cámara Dji Osmo (con accesorios)\n• Lentes 55-200, 18-55, 24 mm., 50 mm\n• Micrófono lavalier (solapa) Sennheiser ew100 G3 o similar\n• Micrófono dinámico Sennheiser e-945 o similar\n• Trípode Manfrotto 501 Hdv o Soligor WT-3905\n• Incluye traslados\n• Registro audiovisual y fotográfico de acuerdo a lo requerido', 2, 2, NULL),
(430, '02 Jornadas 01 cámara HD\n• 02 Jornadas 01 camarógrafo y/o productor en terreno\n• 02 jornadas fotógrafo\n*INCLUYE TRASLADOS', 2, 2, NULL),
(431, 'FORMA DE PAGO: 50 AL INICIO Y 50 A 30 DÍAS. A CONVENIR PREVIO ENVÍO DE OC.', 2, 2, NULL),
(432, 'Condición de pago: 50% por adelantado y 50% a 30 días con orden de compra', 2, 2, NULL),
(433, 'Un logo un color se refiere al desarrollo de una matriz que puede contemplar mas de un logo (de acuerdo a factibilidad técnica de cada soporte) y el cual será estampado en una de las caras del producto.', 2, 1, NULL),
(434, 'NO INCLUYE DISEÑO DE CAMPAÑA NI PRODUCCIÓN DE GRÁFICAS', 2, 2, NULL),
(435, ' MONTO TOTAL A INVERTIR: $4.500.000 NETO EN UN PERÍODO MÁXIMO DE 4 MESES Y UN MES ADICIONAL EN CASO DE QUEDAR SALDO A FAVOR', 2, 2, NULL),
(436, 'Tenga presente que este modelo de bolsa de algodón, no es pre-lavada, por lo que encoge. Como su fabricación es manual, son irregulares por lo que no son perfectas. Las las manillas podrían estar a distinta altura y las medidas pueden variar entre una y otra bolsa. Ocasionalmente, al abrir una caja, podrían tener olor, se debe al líquido anti hongos. En ese caso, hay que ventilarlas.', 2, 1, NULL),
(437, 'SE FACTURA MES A MES', 2, 2, NULL),
(438, 'SE EMITIRÁN FACTURAS DE MANERA MENSUAL AFECTAS DE IVA', 2, 2, NULL),
(439, '-	Sistema profesional de grabación y edición (Full HD).\n-	Las grabaciones de los spots, la producción y edición debe ser desarrollada en Punta Arenas.\n-	Las grabaciones pueden considerar entrevistas y grabaciones en terreno en la ciudad de Punta Arenas.\n-	Cada spot debe tener una duración máxima de 30 segundos.\n-	En el caso de la cápsula informativa debe tener una duración máxima de 4 minutos.\n-	Al finalizar, el material audiovisual debe ser entregados en disco DVD, uno para Marea Roja y otro para Salud Mental, con 3 copias de cada uno, incluyendo formatos AVI, MPG4 y WMV. Además debe incluir los audios de los spots y de cápsula audiovisual en formato Mp3.\n', 2, 2, NULL),
(440, 'Tenga presente que este modelo de bolsa de algodón, no es pre-lavada, por lo que encoge. Como su fabricación es manual, son irregulares', 2, 1, NULL),
(441, 'Clientes Privados pago 50% anticipo, 50% contra entrega.', 2, 1, NULL),
(442, 'Clientes Privados pago 50% anticipo, 50% contra entrega. Retiro de productos en oficina Agencia Lunetas, o despacho por pagar vía Pullman Cargo, Starken o Chilexpress.', 2, 1, NULL),
(443, 'SE ENTREGA INFORME DE CERTIFICACIÓN HORARIA EN RADIOS', 2, 2, NULL),
(444, 'SE ENTREGA RESPALDO DE ENTREVISTAS. VIA WETRANSFER', 2, 2, NULL),
(445, 'FECHAS PROPUESTAS EN PLAN DE MEDIOS EXCEL ADJUNTO , PUEDEN SER MODIFICADAS PREVIA CONFIRMACIÓN Y COORDINACIÓN CON EL MEDIO. ', 2, 2, NULL),
(446, 'TODO CAMBIO DEBE SER NOTIFICADO POR CORREO ELECTRONICO', 2, 2, NULL),
(447, 'NO INCLUYE CREACIÓN DE GUIÓN RADIAL', 2, 2, NULL),
(448, 'PROPUESTA NO CONSIDERA DISEÑO DE PIEZAS GRÁFICAS', 2, 2, NULL),
(449, 'CONDICIÓN DE PAGO: CON ORDEN DE COMPRA 50% AL DÍA Y 50% CONTRA ENTREGA ', 2, 1, NULL),
(450, 'CONDICIÓN DE PAGO: ANTICIPO 50% Y 50% CONTRA ENTREGA.', 2, 1, NULL),
(451, 'PAGO CON OC A 30 DÍAS. PRECIO INCLUYE COMISIÓN DE AGENCIA', 2, 2, NULL);
INSERT INTO `condicion_servicio` (`id_condicion`, `descripcion`, `tipo`, `id_cm`, `id_estado`) VALUES
(452, 'Grabación y edición de 1 video promocional\nINDAP. Duración máxima 2 minutos 30 segundos.\nRodaje de 2 jornadas incluye:\n- 1 profesional\n- 1 cámara full HD\n- Tarjetas de memoria\n- Baterías\n- Lentes\n- Micrófonos\n- Trípode\nEdición incluye:\n- Alturación de material\n- Montaje\n- Aplicación de transiciones y efectos\n- Musicalización\n- Corrección de color\n- Incorporación gráfica, títulos y créditos\n- Post-Producción de sonido\n\n1 $ 500.000 c/u $ 500.000\n\n2. Grabación y edición de 10 cápsulas INDAP.\nDuración máxima 1 minuto 30 segundos c/u.\nRodaje de 10 jornadas incluye:\n- 1 profesional\n- 1 cámara Full HD\n- Tarjetas de memoria\n- Baterías\n- Lentes\n- Micrófonos\n- Trípode\nEdición incluye:\n- Alturación de material\n- Montaje 10 cápsulas\n- Aplicación de transiciones y efectos\n- Musicalización\n- Corrección de color\n- Incorporación gráfica, títulos y créditos\n- Post-Producción de sonido', 2, 2, NULL),
(453, 'CONDICIÓN DE PAGO:  30% POR ANTICIPADO Y 70% EN UNA CUOTA A 30 DÍAS CON ORDEN DE COMPRA.', 2, 2, NULL),
(454, 'RECAMBIO DE GRÁFICA: CON EL OBJETIVO DE ENTREGAR UN SERVICIO ÓPTIMO, NUESTRA EMPRESA SE COMPROMETE CON EL RECAMBIO DEL 90% DE LOS BUSES CONTRATADOS. LA RAZÓN OBEDECE A TEMAS LOGÍSTICOS DE EVENTUALES AUSENCIAS DE BUSES QUE POR DIFERENTES MOTIVOS NO SON UBICABLES DURANTE LOS DÍAS QUE SE DISPONGA A LOS INSTALADORES REALIZANDO EL TRABAJO.', 2, 2, NULL),
(455, 'APLICA CONDICIÓN DE PAGO A PROVEEDORES CON PAGO EFECTUADO POR CLIENTE', 2, 2, NULL),
(456, 'APLICA CONDICIÓN DE PAGO A PROVEEDORES CON PAGO EFECTUADO POR CLIENTE', 2, 2, NULL),
(457, 'APLICA CONDICIÓN DE PAGO A PROVEEDORES CON PAGO EFECTUADO POR CLIENTE', 2, 2, NULL),
(458, 'CLIENTE PROVEE MATERIAL GRÁFICO Y FOTOGRAFÍAS PARA DISEÑO DE ANUNCIOS', 2, 2, NULL),
(459, 'RODAJE DE 1 JORNADAS INCLUYE: - 1 PROFESIONAL - 1 CÁMARA FULL HD - TARJETAS DE MEMORIA - BATERÍAS - LENTES - MICRÓFONOS - TRÍPODE EDICIÓN INCLUYE: - ALTURACIÓN DE MATERIAL - MONTAJE - APLICACIÓN DE TRANSICIONES Y EFECTOS - MUSICALIZACIÓN - CORRECCIÓN DE COLOR - INCORPORACIÓN GRÁFICA, TÍTULOS Y CRÉDITOS - POST-PRODUCCIÓN DE SONIDO - GUIÓN Y REGISTRO LOCUCIÓN PROFESIONAL', 2, 2, NULL),
(460, 'MÍNIMO A INSTALAR ES 20 BUSES POR CIUDAD', 2, 2, NULL),
(461, 'GRABACIÓN DE AUDIO SIN COSTO ADICIONAL. CLIENTE PROVEE GUIÓN', 2, 2, NULL),
(462, 'FORMA DE PAGO: 50% POR ADELANTADO Y 50% CONTRA INFORME.', 2, 2, NULL),
(463, 'CONDICIÓN DE PAGO: 50% POR ADELANTADO Y 50% CONTRA ENTREGA', 2, 1, NULL),
(464, 'VEHÍCULO DEBE VENIR MUY BIEN LAVADO LAVADO SIN BARRO NI RESIDUOS', 2, 1, NULL),
(465, 'CONDICIÓN DE PAGO: ANTICIPO 30% Y SALDO A 30 DÍAS DESDE ENTREGADA LA CERTIFICACIÓN FOTOGRÁFICA.', 2, 2, NULL),
(466, 'CONDICION DE PAGO: 30% POR ADELANTADO Y SALDO A 30 DÍAS DESDE ENVIADO EL INFORME FINAL', 2, 2, NULL),
(467, 'FECHA DE INICIO A ACORDAR CON CONTRAPARTE  TÉCNICA ', 2, 2, NULL),
(468, 'CONDICIONES Y DETALLES EN ARCHIVO EXCEL ADJUNTO A PROPUESTA', 2, 2, NULL),
(469, 'NO INCLUYE CREACIÓN DE GUIÓN', 2, 2, NULL),
(470, 'NO INCLUYE MUSICALIZACIÓN', 2, 2, NULL),
(471, 'PAGO CON ORDEN DE COMPRA  50% POR ADELANTADO Y 50% CONTRA ENTREGA / CREDITO SUJETO A EVALUACIÓN FINANCIERA', 2, 2, NULL),
(472, 'CONDICIÓN DE PAGO: 50% AL DÍA Y 50% CON ORDEN DE COMPRA. CRÉDITO SUJETO A EVALUACIÓN FINANCIERA', 2, 2, NULL),
(473, 'CLIENTE ENVÍA SPOTS LISTOS PARA PUBLICAR', 2, 2, NULL),
(474, 'CLIENTE PROVEE FOTOGRAFÍAS Y MATERIAL PARA DISEÑOS', 2, 2, NULL),
(475, 'CONDICIÓN DE PAGO: 50% POR ADELANTADO Y 50% CONTRA ENTREGA', 2, 1, NULL),
(476, 'CONDICIÓN DE PAGO: 50% ANTES DE INICIAR EL TRABAJO Y 50% PREVIO AL DESPACHO', 2, 1, NULL),
(477, 'CONDICIÓN DE PAGO: 50% ANTES DE INICIAR EL TRABAJO Y 50% PREVIO AL DESPACHO', 2, 1, NULL),
(478, 'CONDICIÓN DE PAGO: 50% ANTES DE INICIAR EL TRABAJO Y 50% PREVIO AL DESPACHO', 2, 1, NULL),
(479, 'CONDICIÓN DE PAGO: 50% ANTES DE INICIAR EL TRABAJO Y 50% PREVIO AL DESPACHO', 2, 1, NULL),
(480, 'CONDICIÓN DE PAGO: 50% ANTES DE INICIAR EL TRABAJO Y 50% PREVIO AL DESPACHO', 2, 1, NULL),
(481, 'Plazo de pago 30 días contra Factura emitida por proveedor.', 2, 1, NULL),
(482, 'Giro de Empresa: Publicidad.', 2, 1, NULL),
(483, 'Cotización válida por 60 días corridos.', 2, 1, NULL),
(484, 'COVID-19 - INFORMACIÓN IMPORTANTE //// LA ENTREGA DE LOS PRODUCTOS Y/O SERVICIOS DETALLADOS EN ESTA COTIZACIÓN EN FECHAS ESPECÍFICAS ESTÁ SUJETA A CONFIRMACIÓN PREVIA DEBIDO A LA SITUACIÓN DE CATÁSTROFE NACIONAL POR LA CUAL ESTÁ PASANDO NUESTRO PAÍS.', 1, 2, NULL),
(485, 'CONDICIÓN DE PAGO:  ASESORÍA INCLUYE 10 MÓDULOS DE TRABAJO. CUOTA 1: 30% AL TERMINAR MODULO 4 , CUOTA 2: 30% AL TERMINAR MODULO 8 Y CUOTA 3: 40% CONTRA INFORME DE ENTREGA FINAL.\n', 2, 2, NULL),
(486, 'EL PLAZO DE ENTREGA ESTÁ SUJETO A CONDICIONES NORMALES DE TRABAJO CONSIDERANDO LAS RESTRICCIONES SANITARIAS QUE EXISTEN AL DÍA DE HOY. DE EXISTIR NUEVAS RESTRICCIONES LA FECHA DE ENTREGA PODRÍA SUFRIR MODIFICACIONES.', 2, 1, NULL),
(487, 'Condición de Pago:  40% contra entrega de informe de finalización de asesoría para empresas en comercio online y 60%  al termino de entrega  de informe con todos los productos finalizados. ', 2, 2, NULL),
(488, 'COTIZACIÓN VÁLIDA PARA COMPRA ÀGIL, NO VÍA CONVENIO MARCO.', 2, 1, NULL),
(489, 'El valor de esta cotización es válido al contratar la totalidad de los servicios detallados. Contrataciones parciales deben ser consultadas y darán origen a un nuevo presupuesto.', 2, 2, NULL),
(490, 'COTIZACIÓN NO VALIDA PARA CONVENIO MARCO', 2, 1, NULL),
(491, 'COTIZACIÓN NO VALIDA PARA CONVENIO MARCO', 2, 1, NULL),
(492, 'COTIZACIÓN NO VÁLIDA PARA CONVENIO MARCO', 2, 1, NULL),
(493, 'COTIZACIÓN NO VÁLIDA PARA CONVENIO MARCO', 2, 1, NULL),
(494, 'Dada la alta demanda de este producto, antes de emitir la OC deben confirmar stock con ejecutivo', 2, 1, NULL),
(495, 'Dada la alta demanda de este producto, antes de emitir la OC se debe confirmar stock con ejecutivo.', 2, 1, NULL),
(496, 'Condiciones de pago, 50% por adelantado y 50% antes del envió, envió por pagar.', 2, 1, NULL),
(497, 'DADA LA ALTA DEMANDA DE PRODUCTO SEPARADOR DE ACRÍLICO, LOS DESPACHOS SE REALIZAN LUEGO DE 8 DÍAS LLEGADA LA ORDEN DE COMPRA.', 2, 1, NULL),
(498, 'DADA LA ALTA DEMANDA DE PRODUCTO SEPARADOR DE ACRÍLICO, LOS DESPACHOS SE REALIZAN LUEGO DE 8 DÍAS LLEGADA LA ORDEN DE COMPRA.', 2, 1, NULL),
(499, 'DADA LA ALTA DEMANDA DE PRODUCTO SEPARADOR DE ACRÍLICO, LOS DESPACHOS SE REALIZAN LUEGO DE 8 DÍAS LLEGADA LA ORDEN DE COMPRA.', 2, 1, NULL),
(500, 'CONDICIÓN DE PAGO: 50% AL INICIAR EL PROYECTO Y 50% ANTES DEL ENVIÓ. ', 2, 1, NULL),
(501, 'CONDICIÓN D EPAGO: 50% POR ADELNATADO Y 50% ANTES DEL DESPACHO', 2, 1, NULL),
(502, 'DESPACHO GRATIS A CIUDAD DE TEMUCO', 2, 1, NULL),
(503, 'DESPACHO GRATIS A CIUDAD DE TEMUCO', 2, 1, NULL),
(504, 'DESPACHO GRATUITO VÍA PULLMAN CARGO A HUALPÉN', 2, 1, NULL),
(505, 'Cotización valida por 3 días  ', 2, 1, NULL),
(506, 'cotización valida por 3 días', 2, 1, NULL),
(507, 'Condición de pago: 50% antes de comenzar el proyecto y 50% antes del envió.', 2, 1, NULL),
(508, 'Envió por pagar.', 2, 1, NULL),
(509, 'condición de pago: 50% anticipado 50% antes del envio', 2, 1, NULL),
(510, 'Envio por pagar', 2, 1, NULL),
(511, 'VALORES FIJOS POR LA CANTIDAD DE PRODUCTOS COTIZADOS, SI SE REALIZA COMPRA POR MENOS UNIDADES FAVOR RECOTIZAR.', 2, 1, NULL),
(512, 'DESCUENTO DEL 4% VÁLIDO POR CONVENIO MARCO O TRATO DIRECTO.', 2, 1, NULL),
(513, 'CONDICIÓN DE PAGO: 50% ANTICIPADO, 50% ANTES DEL ENVIÓ, \nENVIÓ POR CARGO DEL CLIENTE', 2, 1, NULL),
(514, '*La fecha de inicio y termino puede varias según solicitud de cliente. ', 2, 2, NULL),
(515, 'Pago a 30 días desde iniciada la campaña', 2, 2, NULL),
(516, 'CONDICIÓN DE PAGO: 50% AL INICIAR EL PROYECTO, 50% ANTES DE REALIZAR EL ENVIÓ', 2, 1, NULL),
(517, 'ENVIÓ POR PAGAR', 2, 1, NULL),
(518, 'CONDICION DE PAGO: 50% POR ADELANTADO Y 50% ANTES DEL DESPACHO ', 2, 1, NULL),
(519, 'SE DESPACHA VIA PULLMAN CARGO POR PAGAR.', 2, 1, NULL),
(520, 'CONDICIÓN DE PAGO 50% POR ADELANTADO Y 50% ANTES DEL ENVIÓ.\nENVIÓ POR PAGAR', 2, 1, NULL),
(521, 'CONDICIÓN DE PAGO 50% ANTICIPADO, 50% ANTES DE LA ENTREGA.\n', 2, 1, NULL),
(522, 'CONDICIÓN DE PAGO: 50% POR ADELANTADO, 50% ANTES DEL ENVIÓ O RETIRO.', 2, 1, NULL),
(523, 'CONDICIÓN DE PAGO: MENSUAL POR ADELANTADO, CON ORDEN DE COMPRA.', 2, 2, NULL),
(524, 'CLIENTE ENVIA MATERIAL LISTO PARA SU PUBLICACIÓN.', 2, 2, NULL),
(525, 'CODICION DE PAGO: 50% POR ADELANTADO 50 % ANTES DEL ENVIO. ENVIO POR PAGAR', 2, 1, NULL),
(526, 'CONDICION DE PAGO: PAGO 50% ANTES DE LA INSTALACIÓN Y 50% A 30 DÍAS CON ORDEN DE COMPRA', 2, 2, NULL),
(527, 'FORMAS DE PAGO MENSUAL SEGÚN DETALLE (MONTOS NETOS): MES 1 $1.000.005, MES 2 $1.000.005, MES 3  $1.000.005, MES 4 $1.000.005, MES 5 $1.000.005 . ', 2, 2, NULL),
(528, 'FORMAS DE PAGO MENSUAL SEGÚN DETALLE (MONTOS NETOS): MES 1 $1.000.001, MES 2 $1.000.001, MES 3  $1.000.001, MES 4 $1.000.001, MES 5 $1.000.001.  ', 2, 2, NULL),
(529, 'EN SEPARADORES DE ACRÍLICO CON MEDIDA ESPECIAL: DEBIDO AL COSTO FIJO DE CORTE. SE RECOMIENDA AL CLIENTE COTIZAR TODO COMO PACK. SI EL VALOR SE COTIZA POR ÍTEM SE DEBE AGREGAR EN CADA LÍNEA UN COSTO FIJO DE COSTO DE CORTE LÁSER MÁS EL COSTO DE MATERIAL. SI SE COTIZA TODO EN 1 PACK SOLO A LA PRIMERA LÍNEA SE AGREGA ESE COSTO.', 2, 1, NULL),
(530, 'CONDICION DE PAGO: 50% por adelantado y 50% antes del envió o retiro', 2, 1, NULL),
(531, 'ENVIO O RETIRO POR CARGO DEL CLIENTE', 2, 1, NULL),
(532, 'PRODUCTOS DE IMPORTACIÓN ORIGINALES. ENTREGA EN 45 DIAS CORRIDOS DESDE EMISIÓN DE ORDEN DE COMPRA', 2, 1, NULL),
(533, 'GARANTÍA EN CIUDAD DE LOS ÁNGELES', 2, 1, NULL),
(534, 'CONDICIÓN DE PAGO: 50% POR ADELANTADO Y 50 %, ANTES DEL ENVIO. ENVIO POR CARGO DEL CLIENTE.', 2, 1, NULL),
(535, 'CONDICION DE PAGO; 50% POR ADELANTADO Y 50% ANTES DEL ENVIO. ENVIO POR PAGAR.', 2, 1, NULL),
(536, 'GASTOS DE TRANSPORTE INCLUIDOS EN PRESUPUESTO', 2, 1, NULL),
(537, 'INCLUYE DESPACHO A CIUDAD DE IQUIQUE', 2, 1, NULL),
(538, 'CONDICION DE PAGO: 50% POR ADELANTADO, 50% ANTES DEL ENVIO. ENVIO POR PAGAR', 2, 1, NULL),
(539, 'CONDICIÓN DE PAGO: 100% POR ADELANTADO / C´REDITO SUJETO A VERIFICACIÓN COMERCIAL', 2, 2, NULL),
(540, 'CONDICIÓN DE PAGO: 50% POR ADELANTADO Y 50% A 30 DÍAS CON ORDEN DE COMPRA.', 2, 2, NULL),
(541, 'COTIZACIÓN CONSIDERA DESPACHO ESPECIAL DENTRO DE SANTIAGO', 2, 1, NULL),
(542, 'FORMA DE PAGO\n50% AL DÍA Y 50% PREVIO AL DESPACHO', 2, 1, NULL),
(543, 'CONDICIÓN DE PAGO: 50% PARA INICIAR TRABAJO Y 50% ANTES DE DESPACHAR', 2, 1, NULL),
(544, 'CONDICION DE PAGO: 50% POR ADELANTADO, 50% ANTES DEL ENVIO', 2, 1, NULL),
(545, 'ENVIO POR PAGAR', 2, 1, NULL),
(546, 'CONSIDERA PROPEUSTAS DE DISEÑO GRÁFICO', 2, 1, NULL),
(547, 'CONDICIÓN DE PAGO: 50% POR ADELANTADO Y 50% ANTES DEL RETIRO. ENVIOS POR PAGAR', 2, 1, NULL),
(548, 'CONDICION DE PAGO: 50% POR ADELANTADO, 50% ANTES DEL ENVIO. ENVIO POR PAGAR.', 2, 1, NULL),
(549, 'CONDICION DE PAGO: 50% POR ADELANTADO, 50% ANTES DEL ENVIO. ENVIO POR PAGAR.', 2, 1, NULL),
(550, 'Condición de Pago: 50% por adelantado y 50% contra entrega con OC', 2, 1, NULL),
(551, 'CONCICIÓN DE PAGO: 50% POR ADELANTADO, 50% ANTES DEL ENVIO. ENVIO POR PAGAR.', 2, 1, NULL),
(552, 'CONDICIÓN DE VENTA: 50% PO ADELANTADO, 50% ANTES DEL ENVIO. ENVIO POR PAAGAR.', 2, 1, NULL),
(553, 'CONDICION DE VENTA: 50% POR ADELANTADO, 50% ANTES DEL ENVIO. ENVIO POR PAGAR.', 2, 1, NULL),
(554, 'CONDICION DE VENTA: 50% POR ADELANTADO, 50% ANTES DEL ENVIO. ENVIO POR PAGAR', 2, 1, NULL),
(555, 'CONDICIÓN DE VENTA: 50% POR ADELANTADO, 50% ANTES DEL RETIRO O DESPACHO. DESPACHO POR PAGAR.', 2, 1, NULL),
(556, '1.- FORMAS DE PAGO MENSUAL SEGÚN DETALLE (MONTOS NETOS): \nMES 1: $1.116.666 (DEL 22 DE MARZO AL 21 DE ABRIL)\nMES 2: $1.116.666 (DEL 22 DE ABRIL AL 21 DE MAYO)\nMES 3: $1.116.666 (DEL 22 DE MAYO AL 21 DE JUNIO)\nMES 4: $1.116.666 (DEL 22 DE JUNIO AL 21 DE JULIO)\nMES 5: $1.116.666 (DEL 22 DE JULIO AL 21 DE AGOSTO)\nMES 6: $1.116.666 (DEL 22 DE AGOSTO AL 21 DE SEPTIEMBRE)\nMÁS SALDO $600.004  (DEL 22 DE SEPTIEMBRE  AL 30 DE SEPTIEMBRE)', 2, 2, NULL),
(557, '2.-ESTA COTIZACION CORRESPONDE A LA PARTICIPACIÓN DE LA COTIZACIÓN DE PORTAL MERCADO PUBLICO N°726931-38-CT21', 2, 2, NULL),
(558, '3.- SE ENVIARÁ REPORTE MENSUAL DE LOS SERVICIOS PRESTADO.', 2, 2, NULL),
(559, 'LA FACTURACION SERÁ MENSUAL. EN 9 CUOTAS.', 2, 2, NULL),
(560, 'CAMPAÑA SUJETA A CONFIRMACIÓN ANTES DE CONTRATAR', 2, 2, NULL),
(561, 'FORMA DE PAGO: CON ORDEN DE COMPRA Y 50% DE ANTICIPO / A CONVENIR PREVIO ACUERDO DE LAS PARTES', 2, 2, NULL),
(562, 'CONTEMPLA ENTREGA EN ESTABLECIMIENTOS DE 20 COMUNAS DE LA REGIÓN DE ÑUBLE. CONSIDERA UN  VIAJE POR COMUNA. ENTREGAS REZAGAS A COODINAR CON COORDINADOR REGIONAL EN CHILLÁN.', 2, 1, NULL),
(563, 'CONDICION DE PAGO: 50% POR ADELANTADO, 50% ANTES DEL ENVIO O RETIRO. ENVIO POR PAGAR.', 2, 1, NULL),
(564, 'CONDICION DE VENTA: 50% POR ADELANTADO, 50% ANTES DEL ENVIO O RETIRO. ENVIO POR PAGAR.', 2, 1, NULL),
(565, 'CONDICIÓN DE VENTA: 50% POR ADELANTADO, 50% ANTES DEL ENVIO O RETIRO. ENVIO POR PAGAR.', 2, 1, NULL),
(566, 'CONDICIÓN DE VENTA: 50% POR ADELANTADO, 50% ANTES DEL RETIRO O DESPACHO. DESPACHO POR PAGAR.', 2, 1, NULL),
(567, 'CONDICIÓN DE VENTA: 50% POR ADELANTADO, 50% ANTES DEL RETIRO O DESPACHO. DESPACHO POR PAGAR.\n', 2, 1, NULL),
(568, 'Plazo de entrega empieza a correr desde aprobación de maqueta de cada separador.', 2, 1, NULL),
(569, 'CONDICIÓN DE VENTA: 50% POR ADELANTADO, 50% ANTES DEL RETIRO O ENVIO. ENVIO POR PAGAR.', 2, 1, NULL),
(570, 'CONDICIÓN DE PAGO: 50% POR ADELANTADO Y SALDO PREVIO A DESPACHO', 2, 1, NULL),
(571, 'CONDICIÓN DE PAGO: CON ORDEN COMPRA, 30% ANTICIPO Y SALDO 70% A 30 DÍAS.  / A CONVENIR', 2, 1, NULL),
(572, 'CONDICION DE VENTA: 50% POR ADELANTADO, 50% AL MOMENTO DEL RETIRO O ENVIO, ENVIO POR PAGAR.', 2, 1, NULL),
(573, 'PAGO 50% POR ADELANTADO Y 50% CONTRA ENTREGA. NO INCLUYE COSTOS DE TRANSPORTE A CONCEPCION.', 2, 1, NULL),
(574, 'TIEMPO DE RESPUESTA A PUBLICACIONES: 15 MINUTOS DESDE RECIBIDO EL REQUERIMIENTO', 2, 2, NULL),
(575, 'SE ADJUNTAN ORDENES DE COMPRA CON EXPERIENCIA SOLICITADA', 2, 2, NULL),
(576, 'Se enviará un informe detallado de las publicaciones realizadas durante la última semana de Julio y un informe de las publicaciones realizadas al\nfinalizar cada mes a los siguientes correos : promocionsaludchillan@gmail.com/ paulasanhueza@daschillan.cl ', 2, 2, NULL),
(577, 'CONSIDERA DESAPACHO SIN COSTO A DEPENDENCIAS DEL CLIENTE', 2, 1, NULL),
(578, 'INCLUYE DESPACHO SIN COSTO ADICIONAL', 2, 1, NULL),
(579, 'EL PAGO SE REALIZARA DE MANERA MENSUAL DE LOS 4 MESES; CUOTA 1 MES DE FEBRERO $400.000.- + CUOTA 2 MES DE MARZO $400.000.- + CUOTA 3 MES DE ABRIL $400.000.- + CUOTA 4 MES DE MAYO $399.998.- ', 2, 2, NULL),
(580, 'TIEMPO DE RESPUESTA A REQUERIMIENTO: 1 HORA  ', 2, 2, NULL),
(581, 'EL PAGO SE REALIZARA DE MANERA MENSUAL DE LOS 4 MESES; CUOTA 1 MES DE JUNIO $400.000.- + CUOTA 2 MES DE JULIO $400.000.- + CUOTA 3 MES DE AGOSTO $400.000.- + CUOTA 4 MES DE SEPTIEMBRE $399.998.-', 2, 2, NULL),
(582, 'EL PAGO SE REALIZARA DE MANERA MENSUAL DE LOS 4 MESES; CUOTA 1 MES DE JUNIO $419.475.- + CUOTA 2 MES DE JULIO $419.475.- + CUOTA 3 MES DE AGOSTO $419.475.- + CUOTA 4 MES DE SEPTIEMBRE $419.475.-', 2, 2, NULL),
(583, 'COTIZACIÓN VALIDA POR 40 DIAS', 2, 1, NULL),
(584, 'ENTREGA DE TODOS LOS PRODUCTOS EN OFICINA DE CHILLÁN', 2, 1, NULL),
(585, 'CONDICIÓN DEPAGO: CRÉDITO 30 DÍAS CON EMISIÓN DE ORDEN DE COMPRA.', 2, 1, NULL),
(586, 'ENTREGA EN OFICINAS DE CHILLÁN', 2, 1, NULL),
(587, 'CONDICIÓN DE PAGO: CRÉDITO 30 DÍAS CON EMISIÓN DE ORDEN DE COMPRA', 2, 1, NULL),
(588, 'PLAZO DE ENTREGA: 10 DÍAS HÁBILES. PUEDEN HABER ENTREGAS PARCIALES DE SER NECESARIO', 2, 1, NULL),
(589, 'PLAZO DE ENTREGA: 10 DÍAS HÁBILES. PUEDEN HABER ENTREGAS PARCIALES DE SER NECESARIO', 2, 1, NULL),
(590, 'EL PAGO SE REALIZARA DE MANERA MENSUAL DE LOS 4 MESES; CUOTA 1 MES DE OCTUBRE, 2022: $400.000.- +CUOTA 2 MES DE NOVIEMBRE, 2022: $400.000.- + CUOTA 3 MES DE DICIEMBRE, 2022: $400.000.- + CUOTA 4 MES DE ENERO, 2023 $399.998.-', 2, 2, NULL);

-- --------------------------------------------------------

--
-- Estructura de tabla para la tabla `configuracion`
--

CREATE TABLE `configuracion` (
  `id_configuracion` int(11) NOT NULL,
  `costeo_bajo` float NOT NULL,
  `costeo_medio` float NOT NULL,
  `costeo_alto` float NOT NULL,
  `m_s_v_bajo` float NOT NULL,
  `m_s_v_medio` float NOT NULL,
  `m_s_v_alto` float NOT NULL,
  `id_pro_ot` int(11) DEFAULT NULL
) ENGINE=InnoDB DEFAULT CHARSET=latin1;

--
-- Volcado de datos para la tabla `configuracion`
--

INSERT INTO `configuracion` (`id_configuracion`, `costeo_bajo`, `costeo_medio`, `costeo_alto`, `m_s_v_bajo`, `m_s_v_medio`, `m_s_v_alto`, `id_pro_ot`) VALUES
(1, 34.99, 59.99, 100, 25.99, 37.49, 100, 1230);

-- --------------------------------------------------------

--
-- Estructura de tabla para la tabla `contactocliente`
--

CREATE TABLE `contactocliente` (
  `idcontactocliente` int(11) NOT NULL,
  `nombrecontacto` varchar(150) DEFAULT NULL,
  `apellido` varchar(150) NOT NULL,
  `cargo` varchar(150) DEFAULT NULL,
  `comentario` text,
  `departamento_iddepartamento` int(11) NOT NULL,
  `telefono` varchar(45) DEFAULT NULL,
  `telefono2` varchar(45) DEFAULT NULL,
  `celular` varchar(45) DEFAULT NULL,
  `email` varchar(150) DEFAULT NULL,
  `id_user` int(11) DEFAULT NULL,
  `fecha_add` date DEFAULT NULL
) ENGINE=InnoDB DEFAULT CHARSET=utf8;

-- --------------------------------------------------------

--
-- Estructura de tabla para la tabla `contactoproveedor`
--

CREATE TABLE `contactoproveedor` (
  `idcontactoproveedor` int(11) NOT NULL,
  `nombre` varchar(150) NOT NULL,
  `apellido` varchar(150) DEFAULT NULL,
  `cargo` varchar(150) NOT NULL,
  `comentario` varchar(150) DEFAULT NULL,
  `proveedor_id_proveedor` int(11) NOT NULL,
  `telefono` varchar(45) DEFAULT NULL,
  `celular` varchar(20) DEFAULT NULL,
  `email` varchar(150) DEFAULT NULL
) ENGINE=InnoDB DEFAULT CHARSET=utf8;

-- --------------------------------------------------------

--
-- Estructura de tabla para la tabla `contacto_cobranza`
--

CREATE TABLE `contacto_cobranza` (
  `id_contacto` int(11) NOT NULL,
  `nombre` varchar(200) NOT NULL,
  `apellido` varchar(200) NOT NULL,
  `cargo` varchar(200) NOT NULL,
  `comentario` text,
  `departamento` varchar(200) NOT NULL,
  `telefono` varchar(45) NOT NULL,
  `telefono2` varchar(45) DEFAULT NULL,
  `celular` varchar(45) DEFAULT NULL,
  `email` varchar(150) DEFAULT NULL,
  `id_cliente` int(11) DEFAULT NULL,
  `habilitado` int(11) DEFAULT NULL,
  `id_ingreso` int(11) DEFAULT NULL
) ENGINE=InnoDB DEFAULT CHARSET=latin1;

-- --------------------------------------------------------

--
-- Estructura de tabla para la tabla `contacto_crm`
--

CREATE TABLE `contacto_crm` (
  `id_contacto_crm` int(11) NOT NULL,
  `fecha_proxima` date NOT NULL,
  `proyecto_id_proyecto` int(11) NOT NULL,
  `id_estado` int(11) NOT NULL
) ENGINE=InnoDB DEFAULT CHARSET=latin1;

-- --------------------------------------------------------

--
-- Estructura de tabla para la tabla `contacto_crm_cobranza`
--

CREATE TABLE `contacto_crm_cobranza` (
  `id` int(11) NOT NULL,
  `proxima_fecha` date NOT NULL,
  `id_cuota` int(11) NOT NULL,
  `estado` int(11) NOT NULL,
  `id_cliente` int(11) NOT NULL
) ENGINE=InnoDB DEFAULT CHARSET=latin1;

-- --------------------------------------------------------

--
-- Estructura de tabla para la tabla `contacto_crm_ingreso`
--

CREATE TABLE `contacto_crm_ingreso` (
  `id` int(11) NOT NULL,
  `proxima_fecha` date NOT NULL,
  `id_ingreso` int(11) NOT NULL,
  `id_estado` int(11) NOT NULL
) ENGINE=InnoDB DEFAULT CHARSET=latin1;

-- --------------------------------------------------------

--
-- Estructura de tabla para la tabla `contacto_crm_oportunidad`
--

CREATE TABLE `contacto_crm_oportunidad` (
  `id_contacto_crm` int(11) NOT NULL,
  `fecha_proxima` date NOT NULL,
  `id_oportunidad` int(11) NOT NULL,
  `id_estado` int(11) NOT NULL
) ENGINE=InnoDB DEFAULT CHARSET=latin1;

-- --------------------------------------------------------

--
-- Estructura de tabla para la tabla `copia_detalle_costeo`
--

CREATE TABLE `copia_detalle_costeo` (
  `iddetallecosteo_copia` int(11) NOT NULL,
  `producto` varchar(255) DEFAULT NULL,
  `idproveedor` int(11) DEFAULT NULL,
  `nombre_proveedor` text,
  `idconvenio` int(11) DEFAULT NULL,
  `idproveedor_imp` int(11) DEFAULT NULL,
  `nombre_imprenta` text,
  `cantidad` float DEFAULT NULL,
  `duracion` varchar(250) DEFAULT NULL,
  `costo_unitario` int(11) DEFAULT NULL,
  `costo_impresion` int(11) DEFAULT NULL,
  `costo_total_envio` int(11) DEFAULT NULL,
  `costo_total_neto` int(11) DEFAULT NULL,
  `porc_margen_sobre_costo` float DEFAULT NULL,
  `descuento` float DEFAULT NULL,
  `precio_venta_unitario` int(11) DEFAULT NULL,
  `precio_venta_total` int(11) DEFAULT NULL,
  `comentario` text
) ENGINE=InnoDB DEFAULT CHARSET=utf8;

-- --------------------------------------------------------

--
-- Estructura de tabla para la tabla `copia_detalle_costeo_ej`
--

CREATE TABLE `copia_detalle_costeo_ej` (
  `iddetallecosteo_copia` int(11) NOT NULL,
  `producto` varchar(255) DEFAULT NULL,
  `idproveedor` int(11) DEFAULT NULL,
  `nombre_proveedor` text,
  `idconvenio` int(11) DEFAULT NULL,
  `idproveedor_imp` int(11) DEFAULT NULL,
  `nombre_imprenta` text,
  `cantidad` float DEFAULT NULL,
  `duracion` varchar(250) DEFAULT NULL,
  `costo_unitario` int(11) DEFAULT NULL,
  `costo_impresion` int(11) DEFAULT NULL,
  `costo_total_envio` int(11) DEFAULT NULL,
  `costo_total_neto` int(11) DEFAULT NULL,
  `porc_margen_sobre_costo` float DEFAULT NULL,
  `descuento` int(11) DEFAULT NULL,
  `precio_venta_unitario` int(11) DEFAULT NULL,
  `precio_venta_total` int(11) DEFAULT NULL,
  `comentario` text
) ENGINE=InnoDB DEFAULT CHARSET=utf8;

-- --------------------------------------------------------

--
-- Estructura de tabla para la tabla `costeo`
--

CREATE TABLE `costeo` (
  `idcosteo` int(11) NOT NULL,
  `fechadelcosteo` datetime DEFAULT NULL,
  `costototaldeproducto` int(11) DEFAULT NULL,
  `costototaldeimpresion` int(11) DEFAULT NULL,
  `costototalenvioyotro` int(11) DEFAULT NULL,
  `costototal` int(11) DEFAULT NULL,
  `subtotal` int(11) DEFAULT NULL,
  `descuentoconveniomarco` int(11) DEFAULT NULL,
  `descuentoconveniomarco_pesos` int(11) DEFAULT NULL,
  `neto` int(11) DEFAULT NULL,
  `iva` int(11) DEFAULT NULL,
  `total` int(11) DEFAULT NULL,
  `utilidadneta` int(11) DEFAULT NULL,
  `margensobrecosto` float DEFAULT NULL,
  `margensobreventa` float DEFAULT NULL,
  `fechaentrega` int(11) DEFAULT NULL,
  `m_s_d` varchar(50) DEFAULT NULL,
  `h_c` varchar(50) DEFAULT NULL,
  `estadocosteo` int(11) DEFAULT NULL,
  `proyecto_idproyecto` int(11) NOT NULL,
  `comentario_costeo` text,
  `idusuario` int(11) NOT NULL,
  `editable` int(11) DEFAULT NULL,
  `aconvenir` int(11) NOT NULL,
  `nombre_costeo` text,
  `presentar_supervisor` int(11) DEFAULT NULL,
  `motivo_autorizacion` text
) ENGINE=InnoDB DEFAULT CHARSET=utf8;

-- --------------------------------------------------------

--
-- Estructura de tabla para la tabla `costeo_estandar`
--

CREATE TABLE `costeo_estandar` (
  `id_costeo` int(11) NOT NULL,
  `nombre_producto` varchar(1500) DEFAULT NULL,
  `descripcion` text,
  `id_producto` int(11) DEFAULT NULL,
  `cantidad` float DEFAULT NULL,
  `costo` int(11) DEFAULT NULL,
  `margen` float DEFAULT NULL,
  `descuento` float DEFAULT NULL,
  `precio_venta_unitario` int(11) DEFAULT NULL,
  `id_cm` int(11) DEFAULT NULL,
  `costo_total_envio` int(11) DEFAULT NULL,
  `precio_venta_total` int(11) DEFAULT NULL,
  `costo_total_neto` int(11) DEFAULT NULL,
  `id_sp` int(11) DEFAULT NULL,
  `id_detalle_costeo` int(11) DEFAULT NULL,
  `estado` int(11) DEFAULT NULL,
  `responsable` int(11) DEFAULT NULL
) ENGINE=InnoDB DEFAULT CHARSET=latin1;

-- --------------------------------------------------------

--
-- Estructura de tabla para la tabla `costo_variable`
--

CREATE TABLE `costo_variable` (
  `id_costo` int(11) NOT NULL,
  `nombre` varchar(2500) NOT NULL,
  `costo` int(11) NOT NULL,
  `descripcion` text,
  `cantidad` float NOT NULL,
  `total` int(11) NOT NULL,
  `id_producto` int(11) NOT NULL,
  `unidad` varchar(100) NOT NULL
) ENGINE=InnoDB DEFAULT CHARSET=latin1;

-- --------------------------------------------------------

--
-- Estructura de tabla para la tabla `cotizacion`
--

CREATE TABLE `cotizacion` (
  `idcotizacion` int(11) NOT NULL,
  `fecha` date DEFAULT NULL,
  `subtotalcotizacion` int(11) DEFAULT NULL,
  `valordescuentoconveniomarco` int(11) DEFAULT NULL,
  `netototalcotizacion` int(11) DEFAULT NULL,
  `ivatotalcotizacion` int(11) DEFAULT NULL,
  `valortotalcotizacion` int(11) DEFAULT NULL,
  `costo_idcosto` int(11) NOT NULL,
  `cliente_id_cliente` int(11) NOT NULL
) ENGINE=InnoDB DEFAULT CHARSET=utf8;

-- --------------------------------------------------------

--
-- Estructura de tabla para la tabla `cotizador`
--

CREATE TABLE `cotizador` (
  `id_cotizador` int(11) NOT NULL,
  `viatico_cantidad` int(11) NOT NULL,
  `viatico_vu` int(11) NOT NULL,
  `viatico_total` int(11) NOT NULL,
  `envios_cantidad` int(11) NOT NULL,
  `envios_vu` int(11) NOT NULL,
  `envios_total` int(11) NOT NULL,
  `alojamiento_cantidad` int(11) NOT NULL,
  `alojamiento_vu` int(11) NOT NULL,
  `alojamiento_total` int(11) NOT NULL,
  `impresion_cantidad` int(11) NOT NULL,
  `impresion_vu` int(11) NOT NULL,
  `impresion_total` int(11) NOT NULL,
  `otros_costos_detalle` text,
  `otros_costos_total` int(11) NOT NULL,
  `pasajes_total` int(11) NOT NULL,
  `n_instalaciones` int(11) NOT NULL,
  `extension` float NOT NULL,
  `n_moviles` int(11) NOT NULL,
  `totales_final_otros_costos` int(11) NOT NULL,
  `costo_promedio_recorridos` int(11) NOT NULL,
  `costo_promedio_cantidad` int(11) NOT NULL,
  `costo_unitario` int(11) NOT NULL,
  `costo_total` int(11) NOT NULL
) ENGINE=InnoDB DEFAULT CHARSET=latin1;

-- --------------------------------------------------------

--
-- Estructura de tabla para la tabla `crm`
--

CREATE TABLE `crm` (
  `id_crm` int(11) NOT NULL,
  `fecha` date NOT NULL,
  `proyecto_idproyecto` int(11) NOT NULL,
  `comentario` text NOT NULL
) ENGINE=InnoDB DEFAULT CHARSET=utf8;

-- --------------------------------------------------------

--
-- Estructura de tabla para la tabla `crm_cobranza`
--

CREATE TABLE `crm_cobranza` (
  `id` int(11) NOT NULL,
  `fecha` date NOT NULL,
  `id_cuota` int(11) NOT NULL,
  `comentario` text,
  `id_contacto` int(11) DEFAULT NULL,
  `facturas` varchar(1000) DEFAULT NULL,
  `id_gestion` int(11) DEFAULT NULL
) ENGINE=InnoDB DEFAULT CHARSET=latin1;

-- --------------------------------------------------------

--
-- Estructura de tabla para la tabla `crm_ingreso`
--

CREATE TABLE `crm_ingreso` (
  `id` int(11) NOT NULL,
  `fecha` date NOT NULL,
  `id_ingreso` int(11) NOT NULL,
  `comentario` text,
  `id_contacto` int(11) DEFAULT NULL,
  `id_gestion` int(11) DEFAULT NULL
) ENGINE=InnoDB DEFAULT CHARSET=latin1;

-- --------------------------------------------------------

--
-- Estructura de tabla para la tabla `crm_oportunidad`
--

CREATE TABLE `crm_oportunidad` (
  `id_crm` int(11) NOT NULL,
  `fecha` date NOT NULL,
  `id_oportunidad` int(11) NOT NULL,
  `comentario` text,
  `id_tipo_gestion` int(11) DEFAULT NULL,
  `id_estado_cliente` int(11) DEFAULT NULL
) ENGINE=InnoDB DEFAULT CHARSET=latin1;

-- --------------------------------------------------------

--
-- Estructura de tabla para la tabla `cuentabancaria`
--

CREATE TABLE `cuentabancaria` (
  `idcuentabancaria` int(11) NOT NULL,
  `nrocuentabancaria` varchar(45) DEFAULT NULL,
  `rut` varchar(45) DEFAULT NULL,
  `nombre` varchar(45) DEFAULT NULL,
  `tipocuenta` varchar(45) DEFAULT NULL,
  `banco` varchar(45) DEFAULT NULL,
  `email` varchar(45) DEFAULT NULL,
  `proveedor_id_proveedor` int(11) NOT NULL,
  `por_defecto` int(11) DEFAULT NULL
) ENGINE=InnoDB DEFAULT CHARSET=utf8;

-- --------------------------------------------------------

--
-- Estructura de tabla para la tabla `cuota_oc_comision`
--

CREATE TABLE `cuota_oc_comision` (
  `idcuota` int(11) NOT NULL,
  `mes` int(11) NOT NULL,
  `anio` int(11) NOT NULL,
  `monto` int(11) NOT NULL,
  `estado_pago` int(11) NOT NULL DEFAULT '0',
  `id_plan` int(11) NOT NULL
) ENGINE=InnoDB DEFAULT CHARSET=latin1;

-- --------------------------------------------------------

--
-- Estructura de tabla para la tabla `cuota_oc_egreso`
--

CREATE TABLE `cuota_oc_egreso` (
  `idcuota` int(11) NOT NULL,
  `fecha_cuota` date NOT NULL,
  `monto` int(11) NOT NULL,
  `estado_pago` int(11) NOT NULL DEFAULT '0',
  `porcentaje` float NOT NULL,
  `plan_pago_idplan_pago` int(11) NOT NULL,
  `id_quien_ingreso` int(11) DEFAULT NULL,
  `fecha_quien_ingreso` date DEFAULT NULL,
  `id_quien_autorizo` int(11) DEFAULT NULL,
  `id_quien_ingresopago` int(11) DEFAULT NULL,
  `fecha_ingreso_pago` date DEFAULT NULL,
  `fecha_autorizo_pago` int(11) DEFAULT NULL,
  `id_solicito_anticipo` int(11) DEFAULT NULL,
  `fecha_solicito_anticipo` date DEFAULT NULL,
  `id_forma_pago` int(11) DEFAULT NULL,
  `n_documento` varchar(60) DEFAULT NULL,
  `fecha_documento` date DEFAULT NULL,
  `tipo_documento` int(11) DEFAULT NULL,
  `monto_documento` int(11) DEFAULT NULL,
  `es_egreso` int(11) DEFAULT NULL,
  `mes` int(11) DEFAULT NULL,
  `anio` int(11) DEFAULT NULL,
  `correlativo` int(11) DEFAULT NULL,
  `correlativo_completo` varchar(50) DEFAULT NULL,
  `facturada` int(11) DEFAULT NULL,
  `estado_anticipo` int(11) DEFAULT NULL
) ENGINE=InnoDB DEFAULT CHARSET=utf8;

-- --------------------------------------------------------

--
-- Estructura de tabla para la tabla `cuota_oc_emitida`
--

CREATE TABLE `cuota_oc_emitida` (
  `idcuota` int(11) NOT NULL,
  `fecha_cuota` varchar(45) NOT NULL,
  `monto` int(11) NOT NULL,
  `estado_pago` int(11) NOT NULL DEFAULT '0',
  `porcentaje` float NOT NULL,
  `plan_pago_idplan_pago` int(11) NOT NULL,
  `id_quien_ingreso` int(11) DEFAULT NULL,
  `fecha_quien_ingreso` date DEFAULT NULL,
  `id_quien_autorizo` int(11) DEFAULT NULL,
  `id_quien_ingresopago` int(11) DEFAULT NULL,
  `fecha_ingreso_pago` date DEFAULT NULL,
  `fecha_autorizo_pago` int(11) DEFAULT NULL,
  `id_solicito_anticipo` int(11) DEFAULT NULL,
  `fecha_solicito_anticipo` date DEFAULT NULL,
  `id_forma_pago` int(11) DEFAULT NULL,
  `n_documento` varchar(60) DEFAULT NULL,
  `fecha_documento` date DEFAULT NULL,
  `tipo_documento` int(11) DEFAULT NULL,
  `monto_documento` int(11) DEFAULT NULL,
  `es_egresop` int(11) DEFAULT NULL,
  `mes` int(11) DEFAULT NULL,
  `anio` int(11) DEFAULT NULL,
  `correlativo` int(11) DEFAULT NULL,
  `correlativo_completo` varchar(50) DEFAULT NULL,
  `facturada` int(11) DEFAULT NULL,
  `estado_anticipo` int(11) DEFAULT NULL
) ENGINE=InnoDB DEFAULT CHARSET=utf8;

-- --------------------------------------------------------

--
-- Estructura de tabla para la tabla `cuota_oc_recib`
--

CREATE TABLE `cuota_oc_recib` (
  `idcuota` int(11) NOT NULL,
  `fecha_cuota` date NOT NULL,
  `monto` int(11) NOT NULL,
  `estado` int(11) NOT NULL DEFAULT '0',
  `porcentaje` float NOT NULL,
  `plan_pago_idplan_pago` int(11) NOT NULL,
  `es_ingresop` int(11) DEFAULT NULL
) ENGINE=InnoDB DEFAULT CHARSET=utf8;

-- --------------------------------------------------------

--
-- Estructura de tabla para la tabla `departamento`
--

CREATE TABLE `departamento` (
  `iddepartamento` int(11) NOT NULL,
  `nombre` varchar(50) NOT NULL,
  `cliente_id_cliente` int(11) NOT NULL
) ENGINE=InnoDB DEFAULT CHARSET=utf8;

-- --------------------------------------------------------

--
-- Estructura de tabla para la tabla `despacho`
--

CREATE TABLE `despacho` (
  `id` int(11) NOT NULL,
  `estado` int(11) NOT NULL,
  `id_etiqueta` int(11) DEFAULT NULL,
  `id_dte` int(11) DEFAULT NULL,
  `id_ot` int(11) DEFAULT NULL,
  `iddetalle` int(11) DEFAULT NULL,
  `cantidad` int(11) NOT NULL
) ENGINE=InnoDB DEFAULT CHARSET=latin1;

-- --------------------------------------------------------

--
-- Estructura de tabla para la tabla `despacho_ot`
--

CREATE TABLE `despacho_ot` (
  `id_despacho` int(11) NOT NULL,
  `quien_retira` varchar(150) COLLATE utf8_spanish2_ci NOT NULL,
  `id_registra` int(11) NOT NULL,
  `fecha` date NOT NULL,
  `hora` time NOT NULL,
  `rut` varchar(20) COLLATE utf8_spanish2_ci DEFAULT NULL,
  `comentarios` text COLLATE utf8_spanish2_ci
) ENGINE=InnoDB DEFAULT CHARSET=utf8 COLLATE=utf8_spanish2_ci;

-- --------------------------------------------------------

--
-- Estructura de tabla para la tabla `detalla_oc_privada`
--

CREATE TABLE `detalla_oc_privada` (
  `id_detalle_oc` int(11) NOT NULL,
  `id_orden_privada` int(11) NOT NULL,
  `producto` varchar(1500) NOT NULL,
  `observaciones` varchar(1500) DEFAULT NULL,
  `cantidad` int(11) NOT NULL,
  `duracion` varchar(1000) DEFAULT NULL,
  `precio_unitario` int(11) NOT NULL,
  `descuento` int(11) NOT NULL,
  `subtotal` int(11) NOT NULL
) ENGINE=MyISAM DEFAULT CHARSET=latin1;

-- --------------------------------------------------------

--
-- Estructura de tabla para la tabla `detallecosteo`
--

CREATE TABLE `detallecosteo` (
  `iddetallecosteo` int(11) NOT NULL,
  `producto` varchar(255) DEFAULT NULL,
  `idproveedor` int(11) DEFAULT NULL,
  `nombre_proveedor` text,
  `idconvenio` int(11) DEFAULT NULL,
  `idproveedor_imp` int(11) DEFAULT NULL,
  `nombre_imprenta` text,
  `cantidad` float DEFAULT NULL,
  `duracion` varchar(250) DEFAULT NULL,
  `costo_unitario` int(11) DEFAULT NULL,
  `costo_impresion` int(11) DEFAULT NULL,
  `costo_total_envio` int(11) DEFAULT NULL,
  `costo_total_neto` int(11) DEFAULT NULL,
  `porc_margen_sobre_costo` float DEFAULT NULL,
  `descuento` float DEFAULT NULL,
  `precio_venta_unitario` int(11) DEFAULT NULL,
  `precio_venta_total` int(11) DEFAULT NULL,
  `comentario` text,
  `costo_idcosto` int(11) DEFAULT NULL,
  `id_cotizador` int(11) DEFAULT NULL,
  `precio_unitario_luneta` int(11) DEFAULT NULL,
  `cantidad_lunetas` int(11) DEFAULT NULL,
  `id_cotizador_nota` int(11) DEFAULT NULL,
  `id_copia_costeo` int(11) DEFAULT NULL,
  `id_ote` int(11) DEFAULT NULL,
  `id_otpe` int(11) DEFAULT NULL,
  `id_otpt` int(11) DEFAULT NULL,
  `id_st` int(11) DEFAULT NULL,
  `descuento_maximo_dc` float DEFAULT NULL,
  `margen_minimo_dc` float DEFAULT NULL,
  `yageneroot` int(11) DEFAULT NULL
) ENGINE=InnoDB DEFAULT CHARSET=utf8;

-- --------------------------------------------------------

--
-- Estructura de tabla para la tabla `detallecotizacion`
--

CREATE TABLE `detallecotizacion` (
  `iddetallecotizacion` int(11) NOT NULL,
  `nombreproducto` text,
  `detalle` text,
  `cantidad` float DEFAULT NULL,
  `duracion` varchar(250) DEFAULT NULL,
  `preciounitariosindescuento` int(11) DEFAULT NULL,
  `subtotalnetosindescuento` int(11) DEFAULT NULL,
  `cotizacion_idcotizacion` int(11) NOT NULL,
  `id_cm_id_cm` int(11) DEFAULT NULL,
  `descuento` float DEFAULT NULL
) ENGINE=InnoDB DEFAULT CHARSET=utf8;

-- --------------------------------------------------------

--
-- Estructura de tabla para la tabla `detalledeordendecompra_proveedor`
--

CREATE TABLE `detalledeordendecompra_proveedor` (
  `iddetalledeordendecompra` int(11) NOT NULL,
  `ordenesdecompra_id_orden` int(11) NOT NULL,
  `producto` text NOT NULL,
  `observaciones` text,
  `cantidad` int(11) NOT NULL,
  `duracion` varchar(200) DEFAULT NULL,
  `precio_unitario` int(11) NOT NULL,
  `descuento` int(11) NOT NULL,
  `subtotal` int(11) NOT NULL
) ENGINE=InnoDB DEFAULT CHARSET=utf8;

-- --------------------------------------------------------

--
-- Estructura de tabla para la tabla `detalleoc_egreso`
--

CREATE TABLE `detalleoc_egreso` (
  `id_detalle` int(11) NOT NULL,
  `oc_egresos_id_orden` int(11) NOT NULL,
  `producto` text NOT NULL,
  `observaciones` text,
  `cantidad` int(11) NOT NULL,
  `duracion` varchar(200) DEFAULT NULL,
  `precio_unitario` int(11) NOT NULL,
  `descuento` int(11) NOT NULL,
  `subtotal` int(11) NOT NULL
) ENGINE=InnoDB DEFAULT CHARSET=utf8;

-- --------------------------------------------------------

--
-- Estructura de tabla para la tabla `detalle_despacho`
--

CREATE TABLE `detalle_despacho` (
  `id` int(11) NOT NULL,
  `producto` text NOT NULL,
  `descripcion` text,
  `cantidad` int(11) NOT NULL,
  `neto` int(11) NOT NULL,
  `iva` int(11) NOT NULL,
  `total` int(11) NOT NULL,
  `id_solicitud` int(11) NOT NULL
) ENGINE=InnoDB DEFAULT CHARSET=latin1;

-- --------------------------------------------------------

--
-- Estructura de tabla para la tabla `detalle_despacho_par`
--

CREATE TABLE `detalle_despacho_par` (
  `id` int(11) NOT NULL,
  `producto` text,
  `cantidad` int(11) NOT NULL,
  `iddespacho` int(11) NOT NULL,
  `iddetalle` int(11) NOT NULL
) ENGINE=InnoDB DEFAULT CHARSET=latin1;

-- --------------------------------------------------------

--
-- Estructura de tabla para la tabla `detalle_facturacion`
--

CREATE TABLE `detalle_facturacion` (
  `id` int(11) NOT NULL,
  `producto` text COLLATE utf8_spanish2_ci NOT NULL,
  `detalle` text COLLATE utf8_spanish2_ci,
  `cantidad` int(11) NOT NULL,
  `unidad` varchar(255) COLLATE utf8_spanish2_ci NOT NULL,
  `preciounitario` double NOT NULL,
  `neto` int(11) NOT NULL,
  `iva` int(11) NOT NULL,
  `total` int(11) NOT NULL,
  `id_solicitud` int(11) NOT NULL
) ENGINE=InnoDB DEFAULT CHARSET=utf8 COLLATE=utf8_spanish2_ci;

-- --------------------------------------------------------

--
-- Estructura de tabla para la tabla `detalle_ot`
--

CREATE TABLE `detalle_ot` (
  `id` int(11) NOT NULL,
  `producto` text,
  `cantidad` float DEFAULT NULL,
  `fecha_entrega` date DEFAULT NULL,
  `tipo_impresion` int(11) DEFAULT NULL,
  `cantidad_colores` int(11) DEFAULT NULL,
  `estado` int(11) DEFAULT NULL,
  `detalle` text,
  `id_ot` int(11) DEFAULT NULL,
  `despachado` float NOT NULL,
  `total` float DEFAULT NULL,
  `id_detalleOCP` int(11) NOT NULL,
  `costo_unitario` float DEFAULT NULL,
  `costo_total` int(11) DEFAULT NULL,
  `id_producto` int(11) DEFAULT NULL,
  `id_presupuesto` int(11) DEFAULT NULL,
  `id_solicitud_presupuesto` int(11) DEFAULT NULL,
  `id_detalle_costeo` int(11) DEFAULT NULL,
  `unidades_despachadas` float DEFAULT NULL,
  `despachado_impresion` float DEFAULT NULL,
  `estado_impresion` int(11) DEFAULT NULL,
  `id_costeo_estandar` int(11) DEFAULT NULL
) ENGINE=InnoDB DEFAULT CHARSET=latin1;

-- --------------------------------------------------------

--
-- Estructura de tabla para la tabla `detalle_pedido`
--

CREATE TABLE `detalle_pedido` (
  `id_detalle` int(11) NOT NULL,
  `material` varchar(2000) NOT NULL,
  `especificacion` varchar(2500) DEFAULT NULL,
  `unidad` varchar(500) NOT NULL,
  `v_u` int(11) NOT NULL,
  `cantidad` float NOT NULL,
  `total` int(11) NOT NULL,
  `id_nota` int(11) NOT NULL,
  `id_material` int(11) DEFAULT NULL
) ENGINE=InnoDB DEFAULT CHARSET=latin1;

-- --------------------------------------------------------

--
-- Estructura de tabla para la tabla `detalle_pedido_ej`
--

CREATE TABLE `detalle_pedido_ej` (
  `id_detalle` int(11) NOT NULL,
  `material` varchar(2000) NOT NULL,
  `especificacion` varchar(2500) DEFAULT NULL,
  `unidad` varchar(500) NOT NULL,
  `v_u` int(11) NOT NULL,
  `cantidad` float NOT NULL,
  `total` int(11) NOT NULL
) ENGINE=InnoDB DEFAULT CHARSET=latin1;

-- --------------------------------------------------------

--
-- Estructura de tabla para la tabla `detalle_pedido_impresion`
--

CREATE TABLE `detalle_pedido_impresion` (
  `id_detalle` int(11) NOT NULL,
  `id_producto` int(11) DEFAULT NULL,
  `material` varchar(2000) DEFAULT NULL,
  `especificacion` text,
  `unidad` varchar(500) NOT NULL,
  `v_u` int(11) NOT NULL,
  `id_proveedor` int(11) DEFAULT NULL,
  `nombre_proveedor` varchar(1000) DEFAULT NULL,
  `cantidad` float NOT NULL,
  `total` int(11) NOT NULL,
  `id_nota` int(11) NOT NULL
) ENGINE=InnoDB DEFAULT CHARSET=latin1;

-- --------------------------------------------------------

--
-- Estructura de tabla para la tabla `detalle_solicitud_documento`
--

CREATE TABLE `detalle_solicitud_documento` (
  `id_detalle` int(11) NOT NULL,
  `id_detalle_costeo` int(11) DEFAULT NULL,
  `producto` text NOT NULL,
  `detalle` text,
  `cantidad` float NOT NULL,
  `unidad` varchar(200) DEFAULT NULL,
  `precio_unitario` float DEFAULT NULL,
  `neto` int(11) DEFAULT NULL,
  `iva` int(11) DEFAULT NULL,
  `total` int(11) DEFAULT NULL,
  `id_solicitud` int(11) NOT NULL,
  `id_detalle_ot` int(11) NOT NULL
) ENGINE=InnoDB DEFAULT CHARSET=latin1;

-- --------------------------------------------------------

--
-- Estructura de tabla para la tabla `direccion`
--

CREATE TABLE `direccion` (
  `id_direccion` int(11) NOT NULL,
  `calle` varchar(1000) NOT NULL,
  `numero` varchar(50) NOT NULL,
  `direccion2` varchar(1000) DEFAULT NULL,
  `id_ciudad` int(11) NOT NULL,
  `id_cliente` int(11) NOT NULL
) ENGINE=InnoDB DEFAULT CHARSET=latin1;

-- --------------------------------------------------------

--
-- Estructura de tabla para la tabla `egreso`
--

CREATE TABLE `egreso` (
  `id` int(11) NOT NULL,
  `monto` int(11) NOT NULL,
  `fecha_contable` date NOT NULL,
  `id_formadepago` int(11) NOT NULL,
  `nrodocumento` varchar(80) NOT NULL,
  `fecha` date NOT NULL,
  `id_cuenta` int(11) NOT NULL,
  `id_subcuenta` int(11) NOT NULL,
  `comentario` text NOT NULL,
  `condicion_pago` int(11) NOT NULL DEFAULT '0',
  `es_egreso_normal` int(11) DEFAULT NULL,
  `facturada` int(11) DEFAULT NULL,
  `subtotal_neto` int(11) NOT NULL DEFAULT '0',
  `retenciones` int(11) NOT NULL DEFAULT '0',
  `iva` int(11) NOT NULL DEFAULT '0',
  `total` int(11) NOT NULL DEFAULT '0',
  `tipo_documento` int(11) NOT NULL,
  `impuesto_adicional` int(11) NOT NULL DEFAULT '0',
  `fecha_documento` date NOT NULL
) ENGINE=InnoDB DEFAULT CHARSET=latin1 ROW_FORMAT=COMPACT;

-- --------------------------------------------------------

--
-- Estructura de tabla para la tabla `egreso_caja`
--

CREATE TABLE `egreso_caja` (
  `id_egreso_c_ch` int(11) NOT NULL,
  `fecha` date NOT NULL,
  `n_documento` varchar(50) DEFAULT NULL,
  `proveedor` varchar(250) DEFAULT NULL,
  `id_proveedor` int(11) DEFAULT NULL,
  `monto` int(11) NOT NULL,
  `detalle` text NOT NULL,
  `tipo` int(11) NOT NULL,
  `id_caja_chica` int(11) NOT NULL,
  `tipo_movimiento` int(11) NOT NULL
) ENGINE=InnoDB DEFAULT CHARSET=latin1;

-- --------------------------------------------------------

--
-- Estructura de tabla para la tabla `egreso_pp`
--

CREATE TABLE `egreso_pp` (
  `id_egreso_pp` int(11) NOT NULL,
  `id_cuenta` int(11) NOT NULL,
  `id_subcuenta` int(11) NOT NULL,
  `responsable` int(11) DEFAULT NULL,
  `id_proveedor` int(11) DEFAULT NULL,
  `detalle` text,
  `forma_pago` int(11) DEFAULT NULL,
  `tipo_documento` int(11) DEFAULT NULL,
  `subtotal` int(11) DEFAULT NULL,
  `descuento` int(11) DEFAULT NULL,
  `subtotal_neto` int(11) DEFAULT NULL,
  `retenciones` int(11) DEFAULT NULL,
  `iva` int(11) DEFAULT NULL,
  `total_a_pagar` int(11) DEFAULT NULL,
  `total` int(11) DEFAULT NULL,
  `observaciones` text,
  `autorizado_por` int(11) DEFAULT NULL,
  `fecha_documento` date DEFAULT NULL,
  `id_metodo_pago` int(11) DEFAULT NULL,
  `estado` int(11) NOT NULL,
  `mes` int(11) DEFAULT NULL,
  `anio` int(11) DEFAULT NULL,
  `postergado` int(11) DEFAULT NULL
) ENGINE=InnoDB DEFAULT CHARSET=utf8;

-- --------------------------------------------------------

--
-- Estructura de tabla para la tabla `egreso_stock`
--

CREATE TABLE `egreso_stock` (
  `id_stock` int(11) NOT NULL,
  `id_material` int(11) NOT NULL,
  `cantidad` float NOT NULL,
  `fechayhora_egreso` datetime NOT NULL,
  `comentarios` text,
  `id_user` int(11) NOT NULL
) ENGINE=InnoDB DEFAULT CHARSET=latin1;

-- --------------------------------------------------------

--
-- Estructura de tabla para la tabla `estado_cuenta`
--

CREATE TABLE `estado_cuenta` (
  `id_estado_cuenta` int(11) NOT NULL,
  `mes` int(11) NOT NULL,
  `anio` int(11) NOT NULL,
  `id_tarjeta` int(11) NOT NULL,
  `total_pagar` int(11) NOT NULL,
  `monto_pagado` int(11) DEFAULT NULL,
  `saldo_anterior` int(11) NOT NULL,
  `estado` int(11) NOT NULL,
  `fecha_pago` date DEFAULT NULL,
  `id_quien_genero` int(11) DEFAULT NULL,
  `id_quien_ingreso` int(11) DEFAULT NULL,
  `id_quien_autorizo` int(11) DEFAULT NULL,
  `es_ec` int(11) DEFAULT NULL
) ENGINE=InnoDB DEFAULT CHARSET=latin1;

-- --------------------------------------------------------

--
-- Estructura de tabla para la tabla `estado_despacho`
--

CREATE TABLE `estado_despacho` (
  `id_estado` int(11) NOT NULL,
  `nombre` varchar(150) NOT NULL,
  `color` varchar(200) NOT NULL
) ENGINE=InnoDB DEFAULT CHARSET=latin1;

--
-- Volcado de datos para la tabla `estado_despacho`
--

INSERT INTO `estado_despacho` (`id_estado`, `nombre`, `color`) VALUES
(0, 'ESPERANDO DOCUMENTOS', 'bg-blue'),
(1, 'LISTO PARA DESPACHO', 'bg-yellow'),
(2, 'DESPACHADO', 'bg-purple'),
(3, 'ANULADO', 'bg-red');

-- --------------------------------------------------------

--
-- Estructura de tabla para la tabla `estado_ot`
--

CREATE TABLE `estado_ot` (
  `id_estado` int(11) NOT NULL,
  `nombre` varchar(100) NOT NULL,
  `color` varchar(100) NOT NULL
) ENGINE=InnoDB DEFAULT CHARSET=latin1;

--
-- Volcado de datos para la tabla `estado_ot`
--

INSERT INTO `estado_ot` (`id_estado`, `nombre`, `color`) VALUES
(0, 'BORRADOR', 'bg-yellow'),
(1, 'EMITIDA', 'bg-green'),
(2, 'ENVIADA A TALLER', 'bg-gray'),
(3, 'EN PRODUCCIÓN', 'bg-blue'),
(4, 'EN ESPERA DE DOCUMENTOS DE DESPACHO', 'bg-blue'),
(5, 'LISTO PARA DESPACHO', 'bg-yellow'),
(6, 'DESPACHADO', 'bg-purple'),
(7, 'ENVIADA PARA AUTORIZACIÓN', 'bg-blue'),
(8, 'ANULADA', 'bg-red'),
(9, 'COMPLETADA', 'bg-green');

-- --------------------------------------------------------

--
-- Estructura de tabla para la tabla `estado_proyecto`
--

CREATE TABLE `estado_proyecto` (
  `id_estado_proyecto` int(11) NOT NULL,
  `nombre` varchar(200) NOT NULL
) ENGINE=MyISAM DEFAULT CHARSET=latin1;

--
-- Volcado de datos para la tabla `estado_proyecto`
--

INSERT INTO `estado_proyecto` (`id_estado_proyecto`, `nombre`) VALUES
(1, 'ABIERTO'),
(2, 'PERDIDO'),
(3, 'COTIZADO'),
(4, 'EN EJECUCIÓN'),
(5, 'EJECUTADO');

-- --------------------------------------------------------

--
-- Estructura de tabla para la tabla `estado_sp`
--

CREATE TABLE `estado_sp` (
  `id_estado` int(11) NOT NULL,
  `nombre` varchar(200) NOT NULL,
  `color` varchar(200) NOT NULL
) ENGINE=InnoDB DEFAULT CHARSET=latin1;

--
-- Volcado de datos para la tabla `estado_sp`
--

INSERT INTO `estado_sp` (`id_estado`, `nombre`, `color`) VALUES
(1, 'ENVIADA', 'bg-gray'),
(2, 'EN PROCESO', 'bg-blue'),
(3, 'COMPLETADA', 'bg-green');

-- --------------------------------------------------------

--
-- Estructura de tabla para la tabla `estado_spro`
--

CREATE TABLE `estado_spro` (
  `id_estado` int(11) NOT NULL,
  `nombre` varchar(500) NOT NULL,
  `color` varchar(500) NOT NULL
) ENGINE=InnoDB DEFAULT CHARSET=latin1;

--
-- Volcado de datos para la tabla `estado_spro`
--

INSERT INTO `estado_spro` (`id_estado`, `nombre`, `color`) VALUES
(1, 'ENVIADA', 'bg-gray'),
(2, 'COMPLETADA', 'bg-green');

-- --------------------------------------------------------

--
-- Estructura de tabla para la tabla `etiqueta`
--

CREATE TABLE `etiqueta` (
  `id_etiqueta` int(11) NOT NULL,
  `id_proyecto` int(11) NOT NULL,
  `id_cliente` int(11) DEFAULT NULL,
  `id_direccion` int(11) NOT NULL,
  `id_transporte` int(11) NOT NULL,
  `fecha_envio` date NOT NULL,
  `id_mis_datos` int(11) NOT NULL,
  `id_contacto` int(11) DEFAULT NULL,
  `con_oc` int(11) NOT NULL,
  `cliente` varchar(500) DEFAULT NULL,
  `nombre_contacto` varchar(600) DEFAULT NULL,
  `con_ot` int(11) DEFAULT NULL,
  `id_ot` int(11) DEFAULT NULL
) ENGINE=InnoDB DEFAULT CHARSET=latin1;

-- --------------------------------------------------------

--
-- Estructura de tabla para la tabla `factores_f29`
--

CREATE TABLE `factores_f29` (
  `id` int(11) NOT NULL,
  `mes` int(11) NOT NULL,
  `anio` int(11) NOT NULL,
  `ppm` int(11) NOT NULL,
  `nc` int(11) NOT NULL,
  `i_u` int(11) NOT NULL,
  `iva_credito` int(11) NOT NULL,
  `iva_debito` int(11) NOT NULL,
  `retenciones` int(11) NOT NULL,
  `nc_recibido` int(11) NOT NULL,
  `ppm_valor` int(11) NOT NULL,
  `estado_postergacion` int(11) NOT NULL,
  `estado_pago` int(11) NOT NULL,
  `otros` int(11) NOT NULL,
  `guardado_boton` int(11) DEFAULT NULL
) ENGINE=InnoDB DEFAULT CHARSET=latin1;

-- --------------------------------------------------------

--
-- Estructura de tabla para la tabla `facturacion_anulada`
--

CREATE TABLE `facturacion_anulada` (
  `id` int(11) NOT NULL,
  `id_solicitudfacturacion` int(11) NOT NULL,
  `fecha_anulacion` date NOT NULL,
  `id_usuario` int(11) NOT NULL,
  `nroNC` int(11) DEFAULT NULL,
  `fechaanula` date DEFAULT NULL
) ENGINE=InnoDB DEFAULT CHARSET=latin1;

-- --------------------------------------------------------

--
-- Estructura de tabla para la tabla `flujo`
--

CREATE TABLE `flujo` (
  `id_flujo` int(11) NOT NULL,
  `fecha_inicio` date NOT NULL,
  `monto_inicio` int(11) NOT NULL,
  `quien_ingreso` int(11) NOT NULL,
  `monto_actual` int(11) NOT NULL,
  `flujo_filtro` int(11) DEFAULT NULL
) ENGINE=MyISAM DEFAULT CHARSET=latin1;

-- --------------------------------------------------------

--
-- Estructura de tabla para la tabla `forma_pago`
--

CREATE TABLE `forma_pago` (
  `id_forma_pago` int(11) NOT NULL,
  `nombre` varchar(255) NOT NULL,
  `es_tarjeta` int(11) DEFAULT NULL,
  `estado` int(11) DEFAULT NULL
) ENGINE=InnoDB DEFAULT CHARSET=latin1;

--
-- Volcado de datos para la tabla `forma_pago`
--

INSERT INTO `forma_pago` (`id_forma_pago`, `nombre`, `es_tarjeta`, `estado`) VALUES
(1, 'TRANSFERENCIA\r\n', NULL, 1),
(2, 'EFECTIVO', NULL, 1),
(3, 'TARJETA DE DÉBITO', NULL, 1),
(4, 'CHEQUE AL DIA', NULL, 1),
(5, 'CHEQUE 30 DÍAS', NULL, 1),
(6, 'CHEQUE 60 DÍAS', NULL, 1),
(7, 'CHEQUE 90 DÍAS', NULL, 1),
(8, 'CHEQUE 120 DÍAS', NULL, 1),
(9, 'CANJE', NULL, 1),
(10, 'BODEGA', NULL, 1),
(11, 'TARJETA DE CREDITO TERMINADA EN 5047', 1, 1),
(13, 'VALE VISTA', NULL, 1);

-- --------------------------------------------------------

--
-- Estructura de tabla para la tabla `fotomontaje_archivo`
--

CREATE TABLE `fotomontaje_archivo` (
  `id` int(11) NOT NULL,
  `id_fotomontaje` int(11) NOT NULL,
  `id_archivo` int(11) NOT NULL
) ENGINE=InnoDB DEFAULT CHARSET=utf8 COLLATE=utf8_spanish2_ci;

-- --------------------------------------------------------

--
-- Estructura de tabla para la tabla `foto_montaje`
--

CREATE TABLE `foto_montaje` (
  `id` int(11) NOT NULL,
  `enlace` text,
  `archivo` text,
  `id_detalle_ot` int(11) NOT NULL,
  `comentarios` text
) ENGINE=InnoDB DEFAULT CHARSET=latin1;

-- --------------------------------------------------------

--
-- Estructura de tabla para la tabla `giro`
--

CREATE TABLE `giro` (
  `id_giro` int(11) NOT NULL,
  `fecha` date NOT NULL,
  `fecha_contable` date NOT NULL,
  `cuenta` int(11) NOT NULL,
  `subcuenta` int(11) NOT NULL,
  `monto` int(11) NOT NULL,
  `comentario` text
) ENGINE=MyISAM DEFAULT CHARSET=latin1;

-- --------------------------------------------------------

--
-- Estructura de tabla para la tabla `guia_solicitada`
--

CREATE TABLE `guia_solicitada` (
  `id` int(11) NOT NULL,
  `id_solicitud` int(11) NOT NULL,
  `fecha_solicita` date NOT NULL,
  `fecha_genera` date DEFAULT NULL,
  `id_usuario` int(11) DEFAULT NULL,
  `nroGuia` int(11) DEFAULT NULL
) ENGINE=InnoDB DEFAULT CHARSET=latin1;

-- --------------------------------------------------------

--
-- Estructura de tabla para la tabla `historial_ot`
--

CREATE TABLE `historial_ot` (
  `id_historial` int(11) NOT NULL,
  `id_user` int(11) NOT NULL,
  `accion` text NOT NULL,
  `fechayhora` datetime NOT NULL,
  `id_ot` int(11) NOT NULL
) ENGINE=InnoDB DEFAULT CHARSET=latin1;

-- --------------------------------------------------------

--
-- Estructura de tabla para la tabla `id_cm`
--

CREATE TABLE `id_cm` (
  `id_cm` int(11) NOT NULL,
  `nombre` varchar(150) NOT NULL
) ENGINE=InnoDB DEFAULT CHARSET=utf8;

--
-- Volcado de datos para la tabla `id_cm`
--

INSERT INTO `id_cm` (`id_cm`, `nombre`) VALUES
(1, 'Productos Corporativos'),
(2, 'Plan de Medios'),
(3, 'Lunetas');

-- --------------------------------------------------------

--
-- Estructura de tabla para la tabla `ingreso`
--

CREATE TABLE `ingreso` (
  `id` int(11) NOT NULL,
  `monto` int(11) NOT NULL,
  `fecha_contable` date NOT NULL,
  `id_formadepago` int(11) NOT NULL,
  `nrodocumento` varchar(80) NOT NULL,
  `fecha` date NOT NULL,
  `id_cuenta` int(11) NOT NULL,
  `id_subcuenta` int(11) NOT NULL,
  `comentario` text NOT NULL,
  `condicion_pago` int(11) NOT NULL,
  `estado` int(11) DEFAULT NULL,
  `es_ingreso` int(11) DEFAULT NULL,
  `subtotal_neto` int(11) NOT NULL,
  `retenciones` int(11) NOT NULL,
  `iva` int(11) NOT NULL,
  `total` int(11) NOT NULL,
  `tipo_documento` int(11) NOT NULL,
  `fecha_documento` date NOT NULL
) ENGINE=InnoDB DEFAULT CHARSET=latin1 ROW_FORMAT=COMPACT;

-- --------------------------------------------------------

--
-- Estructura de tabla para la tabla `ingreso_stock`
--

CREATE TABLE `ingreso_stock` (
  `id_stock` int(11) NOT NULL,
  `id_material` int(11) NOT NULL,
  `cantidad` float NOT NULL,
  `fechayhora_ingreso` datetime NOT NULL,
  `comentarios` text,
  `id_user` int(11) NOT NULL,
  `costo` float NOT NULL,
  `id_proveedor` int(11) DEFAULT NULL,
  `n_documento` varchar(150) NOT NULL,
  `id_tipo_documento` int(11) NOT NULL,
  `fecha_documento` date NOT NULL,
  `estado` int(11) DEFAULT NULL
) ENGINE=InnoDB DEFAULT CHARSET=latin1;

-- --------------------------------------------------------

--
-- Estructura de tabla para la tabla `log_login`
--

CREATE TABLE `log_login` (
  `id` int(11) NOT NULL,
  `id_user` int(11) NOT NULL,
  `fecha` datetime NOT NULL
) ENGINE=InnoDB DEFAULT CHARSET=utf8 COLLATE=utf8_spanish2_ci;

-- --------------------------------------------------------

--
-- Estructura de tabla para la tabla `material`
--

CREATE TABLE `material` (
  `id_material` int(11) NOT NULL,
  `cantidad` float NOT NULL,
  `unidad_medida` varchar(45) NOT NULL,
  `costo` int(11) NOT NULL,
  `nombre` varchar(250) NOT NULL,
  `codigo` varchar(150) NOT NULL,
  `descripcion` text,
  `id_categoria` int(11) NOT NULL,
  `estado` int(11) NOT NULL,
  `stock_critico` float NOT NULL,
  `fecha_ultimo_ingreso` date DEFAULT NULL,
  `dias_vigencia` int(11) DEFAULT NULL
) ENGINE=InnoDB DEFAULT CHARSET=latin1;

-- --------------------------------------------------------

--
-- Estructura de tabla para la tabla `material_presupuesto`
--

CREATE TABLE `material_presupuesto` (
  `id_material` int(11) NOT NULL,
  `nombre` varchar(1000) NOT NULL
) ENGINE=InnoDB DEFAULT CHARSET=latin1;

-- --------------------------------------------------------

--
-- Estructura de tabla para la tabla `material_producto`
--

CREATE TABLE `material_producto` (
  `id_m_p` int(11) NOT NULL,
  `id_producto` int(11) NOT NULL,
  `id_material` int(11) NOT NULL,
  `es_inventariado` int(11) DEFAULT NULL,
  `cantidad` float NOT NULL,
  `unidad` varchar(100) NOT NULL,
  `categoria` int(11) NOT NULL,
  `costo` int(11) NOT NULL,
  `subtotal` int(11) NOT NULL
) ENGINE=InnoDB DEFAULT CHARSET=latin1;

-- --------------------------------------------------------

--
-- Estructura de tabla para la tabla `merma`
--

CREATE TABLE `merma` (
  `id` int(11) NOT NULL,
  `cantidad` float NOT NULL,
  `id_material` int(11) NOT NULL,
  `fecha` date NOT NULL,
  `id_ot` int(11) NOT NULL,
  `id_user` int(11) NOT NULL
) ENGINE=InnoDB DEFAULT CHARSET=utf8 COLLATE=utf8_spanish2_ci;

-- --------------------------------------------------------

--
-- Estructura de tabla para la tabla `meta`
--

CREATE TABLE `meta` (
  `id_meta` int(11) NOT NULL,
  `anio` int(11) NOT NULL,
  `id_user` int(11) NOT NULL
) ENGINE=InnoDB DEFAULT CHARSET=latin1;

-- --------------------------------------------------------

--
-- Estructura de tabla para la tabla `meta_mes`
--

CREATE TABLE `meta_mes` (
  `id_meta_mes` int(11) NOT NULL,
  `mes` int(11) NOT NULL,
  `monto` int(11) NOT NULL,
  `id_meta` int(11) NOT NULL,
  `id_estado` int(11) NOT NULL
) ENGINE=InnoDB DEFAULT CHARSET=latin1;

-- --------------------------------------------------------

--
-- Estructura de tabla para la tabla `metodo_pago`
--

CREATE TABLE `metodo_pago` (
  `id` int(11) NOT NULL,
  `nombre` varchar(250) NOT NULL,
  `estado` int(11) DEFAULT NULL
) ENGINE=MyISAM DEFAULT CHARSET=latin1;

--
-- Volcado de datos para la tabla `metodo_pago`
--

INSERT INTO `metodo_pago` (`id`, `nombre`, `estado`) VALUES
(1, 'MENSUAL', NULL),
(2, 'CONTADO', NULL),
(3, '50% AL DÍA Y 50% CONTRA ENTREGA', NULL),
(4, '50% AL DÍA Y 50% A 30 DÍAS', NULL),
(5, 'A 30 DÍAS CON CHEQUE', NULL),
(6, 'A 30 Y 60 DÍAS CON CHEQUE', NULL),
(7, 'A 30, 60 Y 90 DÍAS CON CHEQUE', NULL),
(8, 'A 30 DÍAS CON TRANSFERENCIA', NULL),
(9, 'A 30 Y 60 DÍAS CON TRANSFERENCIA', NULL),
(10, 'A 30, 60 Y 90 DÍAS CON TRANSFERENCIA ', NULL),
(11, 'BODEGA', NULL),
(12, '60% AL DÍA Y 40% A 30 DÍAS', NULL);

-- --------------------------------------------------------

--
-- Estructura de tabla para la tabla `misdatos`
--

CREATE TABLE `misdatos` (
  `id` int(11) NOT NULL,
  `rut` varchar(20) NOT NULL,
  `razonsocial` varchar(255) NOT NULL,
  `fono1` varchar(30) NOT NULL,
  `fono2` varchar(30) NOT NULL,
  `email` varchar(255) NOT NULL,
  `nrocuentacorriente` varchar(255) NOT NULL,
  `nombrebanco` varchar(255) NOT NULL,
  `direccion` varchar(1000) NOT NULL
) ENGINE=InnoDB DEFAULT CHARSET=latin1;

--
-- Volcado de datos para la tabla `misdatos`
--

INSERT INTO `misdatos` (`id`, `rut`, `razonsocial`, `fono1`, `fono2`, `email`, `nrocuentacorriente`, `nombrebanco`, `direccion`) VALUES
(1, '76.188.557-K', 'CABRERA Y JOBIN PUBLICIDAD LIMITADA', '(42) 2272853', '(2) 28979911', 'contacto@lunetas.cl', '72129903', 'SANTANDER', 'COCHARCAS 218,  CHILLÁN');

-- --------------------------------------------------------

--
-- Estructura de tabla para la tabla `modulo`
--

CREATE TABLE `modulo` (
  `id_modulo` int(11) NOT NULL,
  `nombre` varchar(150) NOT NULL
) ENGINE=InnoDB DEFAULT CHARSET=latin1;

--
-- Volcado de datos para la tabla `modulo`
--

INSERT INTO `modulo` (`id_modulo`, `nombre`) VALUES
(1, 'Proveedores'),
(2, 'Clientes'),
(3, 'Usuarios'),
(4, 'Proyectos'),
(5, 'Mantenedores'),
(6, 'Administración'),
(7, 'Informes'),
(8, 'Taller'),
(9, 'CRM'),
(10, 'Oportunidades'),
(11, 'INVENTARIO'),
(12, 'LISTADO OTS'),
(13, 'ACCIONES OTS');

-- --------------------------------------------------------

--
-- Estructura de tabla para la tabla `movimiento`
--

CREATE TABLE `movimiento` (
  `id_movimiento` int(11) NOT NULL,
  `id_tarjeta` int(11) NOT NULL,
  `id_egreso` int(11) DEFAULT NULL,
  `id_cuota_egreso` int(11) DEFAULT NULL,
  `id_cuota` int(11) DEFAULT NULL,
  `nombre_movimiento` varchar(3000) DEFAULT NULL,
  `n_cuota` int(11) NOT NULL,
  `total_cuotas` int(11) NOT NULL,
  `mes` int(11) NOT NULL,
  `anio` int(11) NOT NULL,
  `monto_mes` int(11) NOT NULL,
  `monto_total` int(11) NOT NULL,
  `estado_prepago` int(11) DEFAULT NULL,
  `fecha_prepago` date DEFAULT NULL,
  `estado` int(11) DEFAULT NULL
) ENGINE=InnoDB DEFAULT CHARSET=latin1;

-- --------------------------------------------------------

--
-- Estructura de tabla para la tabla `nofacturado`
--

CREATE TABLE `nofacturado` (
  `id` int(11) NOT NULL,
  `fecha` date NOT NULL,
  `comentario` text NOT NULL,
  `id_cuota` int(11) NOT NULL
) ENGINE=InnoDB DEFAULT CHARSET=latin1;

-- --------------------------------------------------------

--
-- Estructura de tabla para la tabla `nota_pedido`
--

CREATE TABLE `nota_pedido` (
  `id_nota` int(11) NOT NULL,
  `total` int(11) NOT NULL,
  `fecha` date NOT NULL,
  `titulo` text,
  `descripcion` text
) ENGINE=InnoDB DEFAULT CHARSET=latin1;

-- --------------------------------------------------------

--
-- Estructura de tabla para la tabla `nota_pedido_ej`
--

CREATE TABLE `nota_pedido_ej` (
  `id_nota` int(11) NOT NULL,
  `total` int(11) NOT NULL,
  `fecha` date NOT NULL
) ENGINE=InnoDB DEFAULT CHARSET=latin1;

-- --------------------------------------------------------

--
-- Estructura de tabla para la tabla `notificacion`
--

CREATE TABLE `notificacion` (
  `id_notificacion` int(11) NOT NULL,
  `nombre` text NOT NULL,
  `id_solicitante` int(11) DEFAULT NULL,
  `id_receptor` int(11) NOT NULL,
  `fecha_y_hora` datetime NOT NULL,
  `tipo` int(11) NOT NULL,
  `vista` int(11) DEFAULT NULL,
  `urlnoti` text NOT NULL
) ENGINE=InnoDB DEFAULT CHARSET=latin1;

-- --------------------------------------------------------

--
-- Estructura de tabla para la tabla `oc_egreso`
--

CREATE TABLE `oc_egreso` (
  `id_orden` int(11) NOT NULL,
  `id_cuenta` int(11) NOT NULL,
  `id_subcuenta` int(11) NOT NULL,
  `codigo` varchar(100) DEFAULT NULL,
  `responsable` int(11) DEFAULT NULL,
  `id_proveedor` int(11) DEFAULT NULL,
  `id_contacto` int(11) DEFAULT NULL,
  `nombre_oc` text,
  `direccion_despacho_transporte` text,
  `forma_pago` int(11) DEFAULT NULL,
  `tipo_documento` int(11) DEFAULT NULL,
  `email_despacho_facturas_elec` varchar(250) DEFAULT NULL,
  `fecha_entrega` date DEFAULT NULL,
  `direccion_despacho_fact_man` varchar(500) DEFAULT NULL,
  `subtotal` int(11) DEFAULT NULL,
  `descuento` int(11) DEFAULT NULL,
  `subtotal_neto` int(11) DEFAULT NULL,
  `retenciones` int(11) DEFAULT NULL,
  `iva` int(11) DEFAULT NULL,
  `total_a_pagar` int(11) DEFAULT NULL,
  `total` int(11) DEFAULT NULL,
  `observaciones` text,
  `autorizado_por` int(11) DEFAULT NULL,
  `fecha_documento` date DEFAULT NULL,
  `anio` int(11) NOT NULL,
  `estado` int(11) NOT NULL,
  `observaciones_estado` varchar(1000) DEFAULT NULL,
  `id_metodo_pago` int(11) DEFAULT NULL
) ENGINE=InnoDB DEFAULT CHARSET=utf8;

-- --------------------------------------------------------

--
-- Estructura de tabla para la tabla `oportunidad`
--

CREATE TABLE `oportunidad` (
  `id_oportunidad` int(11) NOT NULL,
  `id_cliente` int(11) NOT NULL,
  `id_contacto` int(11) NOT NULL,
  `nombre_oportunidad` varchar(1000) DEFAULT NULL,
  `tipo_oportunidad` int(11) NOT NULL,
  `tipo_convenio` int(11) DEFAULT NULL,
  `comentarios` text,
  `estado` int(11) NOT NULL,
  `fecha_apertura` date NOT NULL,
  `fecha_cierre` date DEFAULT NULL,
  `comentario_cierre` text,
  `motivo_cierre` varchar(1000) DEFAULT NULL,
  `id_user` int(11) NOT NULL
) ENGINE=InnoDB DEFAULT CHARSET=latin1;

-- --------------------------------------------------------

--
-- Estructura de tabla para la tabla `ordendecompra_emitida`
--

CREATE TABLE `ordendecompra_emitida` (
  `id_orden` int(11) NOT NULL,
  `proyecto_id_proyecto` int(11) DEFAULT NULL,
  `codigo` varchar(100) DEFAULT NULL,
  `responsable` int(11) DEFAULT NULL,
  `id_proveedor` int(11) DEFAULT NULL,
  `id_contacto` int(11) DEFAULT NULL,
  `nombre_oc` text,
  `direccion_despacho_transporte` text,
  `forma_pago` int(11) DEFAULT NULL,
  `tipo_documento` int(11) DEFAULT NULL,
  `email_despacho_facturas_elec` varchar(250) DEFAULT NULL,
  `fecha_entrega` date DEFAULT NULL,
  `direccion_despacho_fact_man` varchar(500) DEFAULT NULL,
  `subtotal` int(11) DEFAULT NULL,
  `descuento` int(11) DEFAULT NULL,
  `subtotal_neto` int(11) DEFAULT NULL,
  `retenciones` int(11) DEFAULT NULL,
  `iva` int(11) DEFAULT NULL,
  `total_a_pagar` int(11) DEFAULT NULL,
  `total` int(11) DEFAULT NULL,
  `observaciones` text,
  `autorizado_por` int(11) DEFAULT NULL,
  `fecha_documento` date DEFAULT NULL,
  `anio` int(11) NOT NULL,
  `estado` int(11) NOT NULL,
  `observaciones_estado` varchar(1000) DEFAULT NULL,
  `id_metodo_pago` int(11) DEFAULT NULL,
  `referencia_proveedor` text,
  `de_taller` int(11) DEFAULT NULL
) ENGINE=InnoDB DEFAULT CHARSET=utf8;

-- --------------------------------------------------------

--
-- Estructura de tabla para la tabla `ordenesdecomprarecibidas`
--

CREATE TABLE `ordenesdecomprarecibidas` (
  `idordenesdecomprarecibidas` int(11) NOT NULL,
  `codigo_mp` varchar(45) DEFAULT NULL,
  `nombre` varchar(1000) NOT NULL,
  `estado` int(11) NOT NULL,
  `estado_mp` int(11) NOT NULL,
  `cliente` varchar(1000) NOT NULL,
  `fecha` datetime NOT NULL,
  `monto_total` int(11) NOT NULL
) ENGINE=InnoDB DEFAULT CHARSET=utf8;

-- --------------------------------------------------------

--
-- Estructura de tabla para la tabla `orden_con_proyecto`
--

CREATE TABLE `orden_con_proyecto` (
  `id_o_p` int(11) NOT NULL,
  `id_proyecto` int(11) NOT NULL,
  `id_oc` int(11) NOT NULL
) ENGINE=MyISAM DEFAULT CHARSET=latin1;

-- --------------------------------------------------------

--
-- Estructura de tabla para la tabla `orden_privada`
--

CREATE TABLE `orden_privada` (
  `id_orden_privada` int(11) NOT NULL,
  `tipo_oc` int(11) NOT NULL,
  `codigo` varchar(2000) NOT NULL,
  `proyecto_id_proyecto` int(11) NOT NULL,
  `id_cliente` int(11) NOT NULL,
  `id_contacto_cliente` int(11) DEFAULT NULL,
  `nombre_oc` varchar(1000) DEFAULT NULL,
  `direccion_despacho` varchar(1000) DEFAULT NULL,
  `forma_pago` int(11) NOT NULL,
  `tipo_documento` int(11) NOT NULL,
  `email_despacho` int(11) DEFAULT NULL,
  `fecha_entrega` date NOT NULL,
  `direccion_despacho_fact_man` int(11) DEFAULT NULL,
  `subtotal` int(11) NOT NULL,
  `descuento` int(11) NOT NULL,
  `subtotal_neto` int(11) NOT NULL,
  `retenciones` int(11) NOT NULL,
  `iva` int(11) NOT NULL,
  `total` int(11) NOT NULL,
  `total_a_pagar` int(11) DEFAULT NULL,
  `observaciones` int(11) DEFAULT NULL,
  `fecha_documento` varchar(25) NOT NULL,
  `estado` int(11) DEFAULT NULL,
  `provisoria` int(11) DEFAULT NULL,
  `fecha_para_meta` date DEFAULT NULL
) ENGINE=MyISAM DEFAULT CHARSET=latin1;

-- --------------------------------------------------------

--
-- Estructura de tabla para la tabla `orden_trabajo`
--

CREATE TABLE `orden_trabajo` (
  `id` int(11) NOT NULL,
  `idproyecto` int(11) NOT NULL,
  `idcliente` int(11) NOT NULL,
  `iddespacho` int(11) DEFAULT NULL,
  `prioridad` int(11) DEFAULT NULL,
  `anio` date NOT NULL,
  `comentario` text,
  `estado` int(11) NOT NULL,
  `fecha_solicitud` datetime NOT NULL,
  `fecha_entrega` date DEFAULT NULL,
  `fecha_real` date DEFAULT NULL,
  `fecha_comprometida` date DEFAULT NULL,
  `responsable` int(11) NOT NULL,
  `id_ocp` int(11) DEFAULT NULL,
  `total_costos` int(11) DEFAULT NULL,
  `observaciones_estado` text,
  `autorizado_por` int(11) DEFAULT NULL,
  `fecha_autorizacion` datetime DEFAULT NULL,
  `id_detalle_costeo` int(11) DEFAULT NULL,
  `es_nueva` int(11) DEFAULT NULL,
  `externa` int(11) DEFAULT NULL
) ENGINE=InnoDB DEFAULT CHARSET=latin1;

-- --------------------------------------------------------

--
-- Estructura de tabla para la tabla `pago`
--

CREATE TABLE `pago` (
  `id_pago` int(11) NOT NULL,
  `id_cartola` int(11) NOT NULL,
  `id_cuota` int(11) DEFAULT NULL,
  `id_cuota_egreso` int(11) DEFAULT NULL,
  `monto` int(11) NOT NULL,
  `id_cuenta_deposito` int(11) DEFAULT NULL
) ENGINE=InnoDB DEFAULT CHARSET=latin1;

-- --------------------------------------------------------

--
-- Estructura de tabla para la tabla `panorama_mes`
--

CREATE TABLE `panorama_mes` (
  `id_panorama` int(11) NOT NULL,
  `id_meta_mes` int(11) DEFAULT NULL,
  `reajustes` int(11) DEFAULT NULL,
  `utilidad_mes_anterior` int(11) DEFAULT NULL,
  `utilidad_ejecutados` int(11) DEFAULT NULL,
  `utilidad_en_ejecucion` int(11) DEFAULT NULL,
  `utilidad_mes` int(11) DEFAULT NULL,
  `todos` int(11) DEFAULT NULL,
  `neto_ventas` int(11) DEFAULT NULL,
  `total_costos` int(11) DEFAULT NULL,
  `total_n_oc` int(11) DEFAULT NULL
) ENGINE=InnoDB DEFAULT CHARSET=latin1;

-- --------------------------------------------------------

--
-- Estructura de tabla para la tabla `permiso`
--

CREATE TABLE `permiso` (
  `idpermiso` int(11) NOT NULL,
  `nombre` varchar(45) NOT NULL,
  `id_modulo` int(11) NOT NULL,
  `id_accion` int(11) NOT NULL,
  `user_iduser` int(11) NOT NULL
) ENGINE=InnoDB DEFAULT CHARSET=utf8;

--
-- Volcado de datos para la tabla `permiso`
--

INSERT INTO `permiso` (`idpermiso`, `nombre`, `id_modulo`, `id_accion`, `user_iduser`) VALUES
(7182, 'jdopas', 2, 1, 13),
(7183, 'jdopas', 1, 1, 13),
(7184, 'jdopas', 4, 5, 13),
(7185, 'jdopas', 4, 21, 13),
(7186, 'jdopas', 4, 35, 13),
(7187, 'jdopas', 4, 33, 13),
(7188, 'jdopas', 4, 54, 13),
(7189, 'jdopas', 7, 23, 13),
(7190, 'jdopas', 9, 63, 13),
(7191, 'jdopas', 9, 65, 13),
(7192, 'jdopas', 10, 66, 13),
(7193, 'jdopas', 10, 68, 13),
(7204, 'jdopas', 2, 3, 15),
(7205, 'jdopas', 1, 3, 15),
(7206, 'jdopas', 9, 64, 15),
(7315, 'jdopas', 2, 3, 16),
(7316, 'jdopas', 2, 1, 16),
(7317, 'jdopas', 2, 2, 16),
(7318, 'jdopas', 1, 3, 16),
(7319, 'jdopas', 1, 1, 16),
(7320, 'jdopas', 1, 2, 16),
(7321, 'jdopas', 4, 5, 16),
(7322, 'jdopas', 4, 34, 16),
(7323, 'jdopas', 6, 7, 16),
(7324, 'jdopas', 6, 8, 16),
(7325, 'jdopas', 6, 6, 16),
(7326, 'jdopas', 6, 19, 16),
(7327, 'jdopas', 6, 57, 16),
(7328, 'jdopas', 6, 45, 16),
(7329, 'jdopas', 9, 64, 16),
(7925, 'jdopas', 8, 87, 14),
(7926, 'jdopas', 8, 88, 14),
(7927, 'jdopas', 8, 89, 14),
(7928, 'jdopas', 11, 93, 14),
(7929, 'jdopas', 11, 117, 14),
(7930, 'jdopas', 11, 97, 14),
(7931, 'jdopas', 2, 3, 18),
(7932, 'jdopas', 1, 3, 18),
(7933, 'jdopas', 1, 1, 18),
(7934, 'jdopas', 1, 2, 18),
(7935, 'jdopas', 4, 71, 18),
(7936, 'jdopas', 4, 35, 18),
(7937, 'jdopas', 4, 33, 18),
(7938, 'jdopas', 4, 54, 18),
(7939, 'jdopas', 7, 23, 18),
(7940, 'jdopas', 9, 63, 18),
(7941, 'jdopas', 9, 65, 18),
(7942, 'jdopas', 10, 66, 18),
(7943, 'jdopas', 12, 101, 18),
(7944, 'jdopas', 12, 104, 18),
(7945, 'jdopas', 12, 107, 18),
(7946, 'jdopas', 12, 113, 18),
(8074, 'jdopas', 2, 3, 8),
(8075, 'jdopas', 2, 1, 8),
(8076, 'jdopas', 2, 2, 8),
(8077, 'jdopas', 2, 4, 8),
(8078, 'jdopas', 1, 3, 8),
(8079, 'jdopas', 1, 1, 8),
(8080, 'jdopas', 1, 2, 8),
(8081, 'jdopas', 1, 4, 8),
(8082, 'jdopas', 4, 21, 8),
(8083, 'jdopas', 4, 35, 8),
(8084, 'jdopas', 4, 33, 8),
(8085, 'jdopas', 4, 54, 8),
(8086, 'jdopas', 5, 11, 8),
(8087, 'jdopas', 5, 12, 8),
(8088, 'jdopas', 5, 15, 8),
(8089, 'jdopas', 5, 16, 8),
(8090, 'jdopas', 7, 23, 8),
(8091, 'jdopas', 9, 63, 8),
(8092, 'jdopas', 9, 65, 8),
(8093, 'jdopas', 10, 66, 8),
(8196, 'jdopas', 2, 3, 19),
(8197, 'jdopas', 2, 1, 19),
(8198, 'jdopas', 2, 2, 19),
(8199, 'jdopas', 2, 4, 19),
(8200, 'jdopas', 1, 3, 19),
(8201, 'jdopas', 1, 1, 19),
(8202, 'jdopas', 1, 2, 19),
(8203, 'jdopas', 1, 4, 19),
(8204, 'jdopas', 4, 21, 19),
(8205, 'jdopas', 4, 34, 19),
(8206, 'jdopas', 4, 35, 19),
(8207, 'jdopas', 4, 33, 19),
(8208, 'jdopas', 5, 11, 19),
(8209, 'jdopas', 5, 12, 19),
(8210, 'jdopas', 5, 15, 19),
(8211, 'jdopas', 5, 16, 19),
(8212, 'jdopas', 7, 23, 19),
(8213, 'jdopas', 6, 18, 19),
(8214, 'jdopas', 6, 37, 19),
(8215, 'jdopas', 9, 63, 19),
(8216, 'jdopas', 9, 65, 19),
(8217, 'jdopas', 10, 66, 19),
(8289, 'jdopas', 2, 3, 22),
(8290, 'jdopas', 2, 1, 22),
(8291, 'jdopas', 1, 3, 22),
(8292, 'jdopas', 1, 1, 22),
(8293, 'jdopas', 4, 21, 22),
(8294, 'jdopas', 4, 35, 22),
(8295, 'jdopas', 4, 33, 22),
(8296, 'jdopas', 4, 54, 22),
(8297, 'jdopas', 5, 11, 22),
(8298, 'jdopas', 5, 12, 22),
(8299, 'jdopas', 5, 15, 22),
(8300, 'jdopas', 5, 16, 22),
(8301, 'jdopas', 7, 23, 22),
(8302, 'jdopas', 9, 63, 22),
(8303, 'jdopas', 9, 65, 22),
(8304, 'jdopas', 10, 66, 22),
(8599, 'jdopas', 2, 3, 21),
(8600, 'jdopas', 2, 1, 21),
(8601, 'jdopas', 2, 2, 21),
(8602, 'jdopas', 2, 4, 21),
(8603, 'jdopas', 1, 3, 21),
(8604, 'jdopas', 1, 1, 21),
(8605, 'jdopas', 1, 2, 21),
(8606, 'jdopas', 4, 21, 21),
(8607, 'jdopas', 4, 35, 21),
(8608, 'jdopas', 4, 33, 21),
(8609, 'jdopas', 4, 54, 21),
(8610, 'jdopas', 5, 11, 21),
(8611, 'jdopas', 5, 12, 21),
(8612, 'jdopas', 5, 15, 21),
(8613, 'jdopas', 5, 16, 21),
(8614, 'jdopas', 7, 23, 21),
(8615, 'jdopas', 9, 63, 21),
(8616, 'jdopas', 9, 65, 21),
(8617, 'jdopas', 10, 66, 21),
(8618, 'jdopas', 12, 101, 21),
(8619, 'jdopas', 12, 104, 21),
(8620, 'jdopas', 12, 107, 21),
(8621, 'jdopas', 12, 113, 21),
(8746, 'jdopas', 2, 3, 24),
(8747, 'jdopas', 2, 1, 24),
(8748, 'jdopas', 2, 2, 24),
(8749, 'jdopas', 1, 3, 24),
(8750, 'jdopas', 1, 1, 24),
(8751, 'jdopas', 1, 2, 24),
(8752, 'jdopas', 4, 5, 24),
(8753, 'jdopas', 4, 34, 24),
(8754, 'jdopas', 4, 32, 24),
(8755, 'jdopas', 6, 7, 24),
(8756, 'jdopas', 6, 8, 24),
(8757, 'jdopas', 6, 6, 24),
(8758, 'jdopas', 6, 19, 24),
(8759, 'jdopas', 6, 41, 24),
(8760, 'jdopas', 6, 50, 24),
(8761, 'jdopas', 6, 57, 24),
(8762, 'jdopas', 6, 73, 24),
(8763, 'jdopas', 6, 45, 24),
(8764, 'jdopas', 9, 64, 24),
(8849, 'jdopas', 8, 87, 17),
(8850, 'jdopas', 8, 88, 17),
(8851, 'jdopas', 8, 89, 17),
(8852, 'jdopas', 11, 93, 17),
(8853, 'jdopas', 11, 117, 17),
(8854, 'jdopas', 11, 97, 17),
(8972, 'jdopas', 2, 3, 11),
(8973, 'jdopas', 2, 1, 11),
(8974, 'jdopas', 2, 2, 11),
(8975, 'jdopas', 1, 3, 11),
(8976, 'jdopas', 1, 1, 11),
(8977, 'jdopas', 1, 2, 11),
(8978, 'jdopas', 4, 21, 11),
(8979, 'jdopas', 4, 35, 11),
(8980, 'jdopas', 4, 33, 11),
(8981, 'jdopas', 4, 54, 11),
(8982, 'jdopas', 7, 23, 11),
(8983, 'jdopas', 9, 63, 11),
(8984, 'jdopas', 9, 65, 11),
(8985, 'jdopas', 10, 66, 11),
(8986, 'jdopas', 12, 101, 11),
(8987, 'jdopas', 12, 104, 11),
(8988, 'jdopas', 12, 107, 11),
(8989, 'jdopas', 12, 113, 11),
(8990, 'jdopas', 2, 3, 25),
(8991, 'jdopas', 1, 3, 25),
(8992, 'jdopas', 4, 5, 25),
(8993, 'jdopas', 4, 34, 25),
(8994, 'jdopas', 4, 32, 25),
(9125, 'jdopas', 2, 3, 9),
(9126, 'jdopas', 1, 3, 9),
(9127, 'jdopas', 4, 21, 9),
(9128, 'jdopas', 4, 35, 9),
(9129, 'jdopas', 4, 33, 9),
(9130, 'jdopas', 4, 54, 9),
(9131, 'jdopas', 6, 18, 9),
(9132, 'jdopas', 6, 37, 9),
(9133, 'jdopas', 2, 3, 20),
(9134, 'jdopas', 2, 1, 20),
(9135, 'jdopas', 2, 2, 20),
(9136, 'jdopas', 1, 3, 20),
(9137, 'jdopas', 1, 1, 20),
(9138, 'jdopas', 1, 2, 20),
(9139, 'jdopas', 4, 5, 20),
(9140, 'jdopas', 4, 34, 20),
(9141, 'jdopas', 4, 32, 20),
(9142, 'jdopas', 6, 7, 20),
(9143, 'jdopas', 6, 8, 20),
(9144, 'jdopas', 6, 6, 20),
(9145, 'jdopas', 6, 19, 20),
(9146, 'jdopas', 6, 50, 20),
(9147, 'jdopas', 6, 57, 20),
(9148, 'jdopas', 6, 60, 20),
(9149, 'jdopas', 6, 73, 20),
(9150, 'jdopas', 7, 25, 20),
(9151, 'jdopas', 6, 45, 20),
(9152, 'jdopas', 9, 64, 20),
(9153, 'jdopas', 12, 102, 20),
(9237, 'jdopas', 8, 79, 12),
(9238, 'jdopas', 8, 86, 12),
(9239, 'jdopas', 8, 87, 12),
(9240, 'jdopas', 8, 88, 12),
(9241, 'jdopas', 8, 89, 12),
(9242, 'jdopas', 11, 93, 12),
(9243, 'jdopas', 11, 97, 12),
(9244, 'jdopas', 12, 102, 12),
(9673, 'jdopas', 3, 3, 2),
(9674, 'jdopas', 3, 1, 2),
(9675, 'jdopas', 3, 2, 2),
(9676, 'jdopas', 3, 4, 2),
(9677, 'jdopas', 3, 52, 2),
(9678, 'jdopas', 2, 3, 2),
(9679, 'jdopas', 2, 1, 2),
(9680, 'jdopas', 2, 2, 2),
(9681, 'jdopas', 2, 4, 2),
(9682, 'jdopas', 1, 3, 2),
(9683, 'jdopas', 1, 1, 2),
(9684, 'jdopas', 1, 2, 2),
(9685, 'jdopas', 1, 4, 2),
(9686, 'jdopas', 1, 28, 2),
(9687, 'jdopas', 1, 53, 2),
(9688, 'jdopas', 4, 5, 2),
(9689, 'jdopas', 4, 21, 2),
(9690, 'jdopas', 4, 71, 2),
(9691, 'jdopas', 4, 22, 2),
(9692, 'jdopas', 4, 26, 2),
(9693, 'jdopas', 4, 27, 2),
(9694, 'jdopas', 4, 34, 2),
(9695, 'jdopas', 4, 35, 2),
(9696, 'jdopas', 4, 32, 2),
(9697, 'jdopas', 4, 33, 2),
(9698, 'jdopas', 4, 38, 2),
(9699, 'jdopas', 4, 39, 2),
(9700, 'jdopas', 4, 40, 2),
(9701, 'jdopas', 4, 69, 2),
(9702, 'jdopas', 4, 54, 2),
(9703, 'jdopas', 4, 74, 2),
(9704, 'jdopas', 5, 10, 2),
(9705, 'jdopas', 5, 11, 2),
(9706, 'jdopas', 5, 12, 2),
(9707, 'jdopas', 5, 13, 2),
(9708, 'jdopas', 5, 14, 2),
(9709, 'jdopas', 5, 15, 2),
(9710, 'jdopas', 5, 16, 2),
(9711, 'jdopas', 5, 17, 2),
(9712, 'jdopas', 5, 36, 2),
(9713, 'jdopas', 5, 20, 2),
(9714, 'jdopas', 5, 56, 2),
(9715, 'jdopas', 6, 7, 2),
(9716, 'jdopas', 6, 8, 2),
(9717, 'jdopas', 6, 6, 2),
(9718, 'jdopas', 6, 19, 2),
(9719, 'jdopas', 6, 31, 2),
(9720, 'jdopas', 6, 29, 2),
(9721, 'jdopas', 6, 41, 2),
(9722, 'jdopas', 6, 50, 2),
(9723, 'jdopas', 6, 55, 2),
(9724, 'jdopas', 6, 57, 2),
(9725, 'jdopas', 6, 58, 2),
(9726, 'jdopas', 6, 60, 2),
(9727, 'jdopas', 6, 62, 2),
(9728, 'jdopas', 6, 61, 2),
(9729, 'jdopas', 6, 73, 2),
(9730, 'jdopas', 6, 75, 2),
(9731, 'jdopas', 6, 76, 2),
(9732, 'jdopas', 7, 23, 2),
(9733, 'jdopas', 7, 24, 2),
(9734, 'jdopas', 7, 25, 2),
(9735, 'jdopas', 6, 9, 2),
(9736, 'jdopas', 6, 72, 2),
(9737, 'jdopas', 6, 42, 2),
(9738, 'jdopas', 6, 45, 2),
(9739, 'jdopas', 6, 43, 2),
(9740, 'jdopas', 6, 44, 2),
(9741, 'jdopas', 6, 18, 2),
(9742, 'jdopas', 6, 70, 2),
(9743, 'jdopas', 6, 48, 2),
(9744, 'jdopas', 6, 49, 2),
(9745, 'jdopas', 6, 30, 2),
(9746, 'jdopas', 6, 37, 2),
(9747, 'jdopas', 6, 46, 2),
(9748, 'jdopas', 6, 59, 2),
(9749, 'jdopas', 8, 79, 2),
(9750, 'jdopas', 8, 81, 2),
(9751, 'jdopas', 8, 80, 2),
(9752, 'jdopas', 8, 86, 2),
(9753, 'jdopas', 8, 87, 2),
(9754, 'jdopas', 8, 88, 2),
(9755, 'jdopas', 8, 89, 2),
(9756, 'jdopas', 9, 63, 2),
(9757, 'jdopas', 9, 64, 2),
(9758, 'jdopas', 9, 65, 2),
(9759, 'jdopas', 10, 66, 2),
(9760, 'jdopas', 10, 67, 2),
(9761, 'jdopas', 10, 68, 2),
(9762, 'jdopas', 11, 94, 2),
(9763, 'jdopas', 11, 95, 2),
(9764, 'jdopas', 11, 96, 2),
(9765, 'jdopas', 11, 92, 2),
(9766, 'jdopas', 11, 93, 2),
(9767, 'jdopas', 11, 117, 2),
(9768, 'jdopas', 11, 97, 2),
(9769, 'jdopas', 11, 98, 2),
(9770, 'jdopas', 11, 99, 2),
(9771, 'jdopas', 11, 100, 2),
(9772, 'jdopas', 11, 116, 2),
(9773, 'jdopas', 12, 101, 2),
(9774, 'jdopas', 12, 102, 2),
(9775, 'jdopas', 12, 104, 2),
(9776, 'jdopas', 12, 105, 2),
(9777, 'jdopas', 12, 107, 2),
(9778, 'jdopas', 12, 108, 2),
(9779, 'jdopas', 12, 113, 2),
(9780, 'jdopas', 12, 114, 2),
(9781, 'jdopas', 13, 83, 2),
(9782, 'jdopas', 13, 84, 2),
(9783, 'jdopas', 13, 85, 2),
(9784, 'jdopas', 13, 82, 2),
(9785, 'jdopas', 13, 118, 2),
(9786, 'jdopas', 2, 3, 23),
(9787, 'jdopas', 2, 1, 23),
(9788, 'jdopas', 2, 2, 23),
(9789, 'jdopas', 1, 3, 23),
(9790, 'jdopas', 4, 21, 23),
(9791, 'jdopas', 4, 34, 23),
(9792, 'jdopas', 4, 35, 23),
(9793, 'jdopas', 4, 32, 23),
(9794, 'jdopas', 4, 33, 23),
(9795, 'jdopas', 4, 54, 23),
(9796, 'jdopas', 7, 23, 23),
(9797, 'jdopas', 9, 63, 23),
(9798, 'jdopas', 9, 65, 23),
(9799, 'jdopas', 10, 66, 23),
(9800, 'jdopas', 12, 101, 23),
(9801, 'jdopas', 12, 104, 23),
(9802, 'jdopas', 12, 107, 23),
(9803, 'jdopas', 12, 113, 23),
(9892, 'jdopas', 2, 3, 27),
(9893, 'jdopas', 2, 1, 27),
(9894, 'jdopas', 2, 2, 27),
(9895, 'jdopas', 1, 3, 27),
(9896, 'jdopas', 1, 1, 27),
(9897, 'jdopas', 1, 2, 27),
(9898, 'jdopas', 4, 5, 27),
(9899, 'jdopas', 4, 34, 27),
(9900, 'jdopas', 4, 32, 27),
(9901, 'jdopas', 6, 7, 27),
(9902, 'jdopas', 6, 8, 27),
(9903, 'jdopas', 6, 6, 27),
(9904, 'jdopas', 6, 19, 27),
(9905, 'jdopas', 6, 50, 27),
(9906, 'jdopas', 6, 57, 27),
(9907, 'jdopas', 6, 60, 27),
(9908, 'jdopas', 7, 25, 27),
(9909, 'jdopas', 6, 45, 27),
(9910, 'jdopas', 9, 64, 27),
(9911, 'jdopas', 11, 94, 27),
(9912, 'jdopas', 11, 96, 27),
(9913, 'jdopas', 11, 92, 27),
(9914, 'jdopas', 11, 117, 27),
(9915, 'jdopas', 11, 100, 27),
(9916, 'jdopas', 12, 102, 27),
(9917, 'jdopas', 8, 87, 26),
(9918, 'jdopas', 8, 88, 26),
(9919, 'jdopas', 8, 89, 26),
(9920, 'jdopas', 11, 93, 26),
(9921, 'jdopas', 11, 117, 26),
(9922, 'jdopas', 11, 97, 26),
(9957, 'jdopas', 3, 3, 28),
(9958, 'jdopas', 2, 3, 28),
(9959, 'jdopas', 1, 3, 28),
(9960, 'jdopas', 4, 5, 28),
(9961, 'jdopas', 5, 10, 28),
(9962, 'jdopas', 5, 11, 28),
(9963, 'jdopas', 5, 12, 28),
(9964, 'jdopas', 5, 13, 28),
(9965, 'jdopas', 5, 14, 28),
(9966, 'jdopas', 5, 15, 28),
(9967, 'jdopas', 5, 16, 28),
(9968, 'jdopas', 5, 17, 28),
(9969, 'jdopas', 5, 20, 28),
(9970, 'jdopas', 5, 56, 28),
(9971, 'jdopas', 6, 7, 28),
(9972, 'jdopas', 6, 8, 28),
(9973, 'jdopas', 6, 6, 28),
(9974, 'jdopas', 6, 19, 28),
(9975, 'jdopas', 6, 31, 28),
(9976, 'jdopas', 6, 29, 28),
(9977, 'jdopas', 6, 41, 28),
(9978, 'jdopas', 6, 50, 28),
(9979, 'jdopas', 6, 57, 28),
(9980, 'jdopas', 6, 58, 28),
(9981, 'jdopas', 6, 60, 28),
(9982, 'jdopas', 6, 62, 28),
(9983, 'jdopas', 6, 61, 28),
(9984, 'jdopas', 6, 73, 28),
(9985, 'jdopas', 8, 86, 28),
(9986, 'jdopas', 8, 87, 28),
(9987, 'jdopas', 8, 88, 28),
(9988, 'jdopas', 8, 89, 28),
(9989, 'jdopas', 9, 63, 28),
(9990, 'jdopas', 9, 64, 28),
(9991, 'jdopas', 9, 65, 28),
(9992, 'jdopas', 11, 94, 28),
(9993, 'jdopas', 11, 92, 28),
(9994, 'jdopas', 11, 93, 28),
(9995, 'jdopas', 11, 98, 28),
(9996, 'jdopas', 12, 102, 28),
(9997, 'jdopas', 12, 105, 28),
(9998, 'jdopas', 12, 108, 28),
(9999, 'jdopas', 12, 114, 28),
(10000, 'jdopas', 2, 3, 10),
(10001, 'jdopas', 2, 1, 10),
(10002, 'jdopas', 2, 2, 10),
(10003, 'jdopas', 1, 3, 10),
(10004, 'jdopas', 1, 1, 10),
(10005, 'jdopas', 1, 2, 10),
(10006, 'jdopas', 4, 5, 10),
(10007, 'jdopas', 4, 21, 10),
(10008, 'jdopas', 4, 22, 10),
(10009, 'jdopas', 4, 26, 10),
(10010, 'jdopas', 4, 27, 10),
(10011, 'jdopas', 4, 34, 10),
(10012, 'jdopas', 4, 35, 10),
(10013, 'jdopas', 4, 32, 10),
(10014, 'jdopas', 4, 33, 10),
(10015, 'jdopas', 4, 38, 10),
(10016, 'jdopas', 4, 39, 10),
(10017, 'jdopas', 4, 54, 10),
(10018, 'jdopas', 5, 12, 10),
(10019, 'jdopas', 5, 13, 10),
(10020, 'jdopas', 5, 14, 10),
(10021, 'jdopas', 5, 17, 10),
(10022, 'jdopas', 5, 36, 10),
(10023, 'jdopas', 5, 20, 10),
(10024, 'jdopas', 5, 56, 10),
(10025, 'jdopas', 6, 7, 10),
(10026, 'jdopas', 6, 8, 10),
(10027, 'jdopas', 6, 6, 10),
(10028, 'jdopas', 6, 19, 10),
(10029, 'jdopas', 6, 31, 10),
(10030, 'jdopas', 6, 29, 10),
(10031, 'jdopas', 6, 41, 10),
(10032, 'jdopas', 6, 50, 10),
(10033, 'jdopas', 6, 55, 10),
(10034, 'jdopas', 6, 57, 10),
(10035, 'jdopas', 6, 58, 10),
(10036, 'jdopas', 6, 60, 10),
(10037, 'jdopas', 6, 62, 10),
(10038, 'jdopas', 6, 61, 10),
(10039, 'jdopas', 6, 73, 10),
(10040, 'jdopas', 6, 75, 10),
(10041, 'jdopas', 6, 76, 10),
(10042, 'jdopas', 7, 23, 10),
(10043, 'jdopas', 7, 25, 10),
(10044, 'jdopas', 6, 72, 10),
(10045, 'jdopas', 6, 45, 10),
(10046, 'jdopas', 6, 43, 10),
(10047, 'jdopas', 6, 44, 10),
(10048, 'jdopas', 6, 18, 10),
(10049, 'jdopas', 6, 48, 10),
(10050, 'jdopas', 6, 37, 10),
(10051, 'jdopas', 8, 86, 10),
(10052, 'jdopas', 8, 87, 10),
(10053, 'jdopas', 8, 88, 10),
(10054, 'jdopas', 8, 89, 10),
(10055, 'jdopas', 9, 63, 10),
(10056, 'jdopas', 9, 64, 10),
(10057, 'jdopas', 10, 66, 10),
(10058, 'jdopas', 10, 67, 10),
(10059, 'jdopas', 10, 68, 10),
(10060, 'jdopas', 11, 94, 10),
(10061, 'jdopas', 11, 95, 10),
(10062, 'jdopas', 11, 96, 10),
(10063, 'jdopas', 11, 92, 10),
(10064, 'jdopas', 11, 93, 10),
(10065, 'jdopas', 11, 117, 10),
(10066, 'jdopas', 11, 97, 10),
(10067, 'jdopas', 11, 98, 10),
(10068, 'jdopas', 11, 99, 10),
(10069, 'jdopas', 11, 100, 10),
(10070, 'jdopas', 11, 116, 10),
(10071, 'jdopas', 12, 102, 10),
(10072, 'jdopas', 12, 104, 10),
(10073, 'jdopas', 12, 105, 10),
(10074, 'jdopas', 13, 83, 10),
(10075, 'jdopas', 13, 84, 10);

-- --------------------------------------------------------

--
-- Estructura de tabla para la tabla `plan_pago_comision`
--

CREATE TABLE `plan_pago_comision` (
  `id_planpago` int(11) NOT NULL,
  `numero_cuotas` int(11) NOT NULL,
  `id_p_m` int(11) NOT NULL
) ENGINE=InnoDB DEFAULT CHARSET=latin1;

-- --------------------------------------------------------

--
-- Estructura de tabla para la tabla `plan_pago_emitida`
--

CREATE TABLE `plan_pago_emitida` (
  `idplan_pago` int(11) NOT NULL,
  `numero_cuotas` int(11) NOT NULL,
  `ordendecompra_proveedor_id_orden` int(11) NOT NULL
) ENGINE=InnoDB DEFAULT CHARSET=utf8;

-- --------------------------------------------------------

--
-- Estructura de tabla para la tabla `plan_pago_ocegreso`
--

CREATE TABLE `plan_pago_ocegreso` (
  `idplan_pago` int(11) NOT NULL,
  `numero_cuotas` int(11) NOT NULL,
  `ocegreso_id_orden` int(11) DEFAULT NULL,
  `id_egreso_pp` int(11) DEFAULT NULL
) ENGINE=InnoDB DEFAULT CHARSET=utf8;

-- --------------------------------------------------------

--
-- Estructura de tabla para la tabla `plan_pago_oc_recib`
--

CREATE TABLE `plan_pago_oc_recib` (
  `idplan_pago` int(11) NOT NULL,
  `numero_cuotas` int(11) NOT NULL,
  `ordenesdecomprarecibidas_idordenesdecomprarecibidas` int(11) DEFAULT NULL,
  `orden_priv` int(11) DEFAULT NULL
) ENGINE=InnoDB DEFAULT CHARSET=utf8;

-- --------------------------------------------------------

--
-- Estructura de tabla para la tabla `producto`
--

CREATE TABLE `producto` (
  `idproducto` int(11) NOT NULL,
  `nombreproducto` text NOT NULL,
  `detalleproducto` text,
  `costo_unitario` int(11) DEFAULT NULL,
  `costo_impresion` int(11) DEFAULT NULL,
  `proveedor_id_proveedor` int(11) DEFAULT NULL
) ENGINE=InnoDB DEFAULT CHARSET=utf8;

-- --------------------------------------------------------

--
-- Estructura de tabla para la tabla `producto_inventario`
--

CREATE TABLE `producto_inventario` (
  `id_producto` int(11) NOT NULL,
  `nombre` varchar(1000) NOT NULL,
  `descripcion` text,
  `costo_total` int(11) NOT NULL,
  `costo_variable` int(11) NOT NULL,
  `costo_fijo` int(11) NOT NULL,
  `id_categoria` int(11) NOT NULL,
  `estado` int(11) NOT NULL,
  `descripcion_impresion` text,
  `unidad` varchar(100) NOT NULL
) ENGINE=InnoDB DEFAULT CHARSET=latin1;

-- --------------------------------------------------------

--
-- Estructura de tabla para la tabla `producto_subcategoria`
--

CREATE TABLE `producto_subcategoria` (
  `id_p_s` int(11) NOT NULL,
  `id_producto` int(11) NOT NULL,
  `id_subcategoria` int(11) NOT NULL
) ENGINE=InnoDB DEFAULT CHARSET=latin1;

-- --------------------------------------------------------

--
-- Estructura de tabla para la tabla `proveedor`
--

CREATE TABLE `proveedor` (
  `id_proveedor` int(11) NOT NULL,
  `razonsocial` varchar(100) NOT NULL,
  `rutproveedor` varchar(45) NOT NULL,
  `telefono` varchar(45) DEFAULT NULL,
  `telefono2` varchar(45) DEFAULT NULL,
  `productoOservicio` varchar(254) DEFAULT NULL,
  `tipodeproveedor` varchar(254) DEFAULT NULL,
  `nombrefantasia` varchar(100) NOT NULL,
  `direccion` varchar(45) DEFAULT NULL,
  `direccionweb` varchar(45) DEFAULT NULL,
  `email` varchar(100) DEFAULT NULL,
  `id_comuna` int(11) NOT NULL,
  `region` int(11) NOT NULL,
  `estado` int(11) NOT NULL,
  `id_user` int(11) DEFAULT NULL
) ENGINE=InnoDB DEFAULT CHARSET=utf8;

-- --------------------------------------------------------

--
-- Estructura de tabla para la tabla `provincia_cl`
--

CREATE TABLE `provincia_cl` (
  `id_pr` int(11) NOT NULL COMMENT 'ID provincia',
  `id_re` int(11) NOT NULL COMMENT 'ID region asociada',
  `str_descripcion` varchar(30) COLLATE latin1_spanish_ci NOT NULL COMMENT 'Nombre descriptivo',
  `num_comunas` int(11) NOT NULL COMMENT 'Numero de comunas'
) ENGINE=InnoDB DEFAULT CHARSET=latin1 COLLATE=latin1_spanish_ci COMMENT='Lista de comunas por regiones';

--
-- Volcado de datos para la tabla `provincia_cl`
--

INSERT INTO `provincia_cl` (`id_pr`, `id_re`, `str_descripcion`, `num_comunas`) VALUES
(1, 1, 'ARICA', 2),
(2, 1, 'PARINACOTA', 2),
(3, 2, 'IQUIQUE', 2),
(4, 2, 'TAMARUGAL', 5),
(5, 3, 'ANTOFAGASTA', 4),
(6, 3, 'EL LOA', 3),
(7, 3, 'TOCOPILLA', 2),
(8, 4, 'COPIAPÓ', 3),
(9, 4, 'CHAÑARAL', 2),
(10, 4, 'HUASCO', 4),
(11, 5, 'ELQUI', 6),
(12, 5, 'CHOAPA', 4),
(13, 5, 'LIMARÍ', 5),
(14, 6, 'VALPARAÍSO', 7),
(15, 6, 'ISLA DE PASCUA', 1),
(16, 6, 'LOS ANDES', 4),
(17, 6, 'PETORCA', 5),
(18, 6, 'QUILLOTA', 5),
(19, 6, 'SAN ANTONIO', 6),
(20, 6, 'SAN FELIPE DE ACONCAGUA', 6),
(21, 6, 'MARGA MARGA', 4),
(22, 7, 'CACHAPOAL', 17),
(23, 7, 'CARDENAL CARO', 6),
(24, 7, 'COLCHAGUA', 10),
(25, 8, 'TALCA', 10),
(26, 8, 'CAUQUENES', 3),
(27, 8, 'CURICÓ', 9),
(28, 8, 'LINARES', 8),
(29, 9, 'CONCEPCIÓN', 12),
(30, 9, 'ARAUCO', 7),
(31, 9, 'BIOBÍO', 14),
(32, 9, 'ÑUBLE', 21),
(33, 10, 'CAUTÍN', 21),
(34, 10, 'MALLECO', 11),
(35, 11, 'VALDIVIA', 8),
(36, 11, 'RANCO', 4),
(37, 12, 'LLANQUIHUE', 9),
(38, 12, 'CHILOÉ', 10),
(39, 12, 'OSORNO', 7),
(40, 12, 'PALENA', 4),
(41, 13, 'COIHAIQUE', 2),
(42, 13, 'AISÉN', 3),
(43, 13, 'CAPITÁN PRAT', 3),
(44, 13, 'GENERAL CARRERA', 2),
(45, 14, 'MAGALLANES', 4),
(46, 14, 'ANTÁRTICA CHILENA', 2),
(47, 14, 'TIERRA DEL FUEGO', 3),
(48, 14, 'ULTIMA ESPERANZA', 2),
(49, 15, 'SANTIAGO', 32),
(50, 15, 'CORDILLERA', 3),
(51, 15, 'CHACABUCO', 3),
(52, 15, 'MAIPO', 4),
(53, 15, 'MELIPILLA', 5),
(54, 15, 'TALAGANTE', 5);

-- --------------------------------------------------------

--
-- Estructura de tabla para la tabla `proyecto`
--

CREATE TABLE `proyecto` (
  `idproyecto` int(11) NOT NULL,
  `nombreproyecto` text NOT NULL,
  `fecha` date NOT NULL,
  `comentario` text NOT NULL,
  `cliente_id_cliente` int(11) NOT NULL,
  `user_iduser` int(11) NOT NULL,
  `tipoCM` int(11) DEFAULT NULL COMMENT 'mantenedor futuro.. crear!!!!!',
  `tipoproyeto` int(11) NOT NULL,
  `ordenesdecomprarecibidas_idordenesdecomprarecibidas` int(11) DEFAULT NULL,
  `id_estado_proyecto` int(11) NOT NULL,
  `fecha_perdido` date DEFAULT NULL,
  `comentario_perdido` text,
  `motivo_perdido` varchar(500) DEFAULT NULL,
  `comision_pagada` int(11) DEFAULT NULL,
  `asignado_a` int(11) DEFAULT NULL
) ENGINE=InnoDB DEFAULT CHARSET=utf8;

-- --------------------------------------------------------

--
-- Estructura de tabla para la tabla `proyecto_con_meta_mes`
--

CREATE TABLE `proyecto_con_meta_mes` (
  `id_p_m` int(11) NOT NULL,
  `estado` int(11) NOT NULL,
  `monto_utilidad` int(11) NOT NULL,
  `id_proyecto` int(11) NOT NULL,
  `id_meta` int(11) NOT NULL
) ENGINE=InnoDB DEFAULT CHARSET=latin1;

-- --------------------------------------------------------

--
-- Estructura de tabla para la tabla `prueba_cron`
--

CREATE TABLE `prueba_cron` (
  `id_prueba_cron` int(11) NOT NULL,
  `probando` text
) ENGINE=InnoDB DEFAULT CHARSET=latin1;

-- --------------------------------------------------------

--
-- Estructura de tabla para la tabla `rango`
--

CREATE TABLE `rango` (
  `id_rango` int(11) NOT NULL,
  `inicio` float NOT NULL,
  `fin` float NOT NULL,
  `margen` float NOT NULL,
  `descuento` float NOT NULL,
  `id_producto` int(11) NOT NULL
) ENGINE=InnoDB DEFAULT CHARSET=latin1;

-- --------------------------------------------------------

--
-- Estructura de tabla para la tabla `rango_autorizado`
--

CREATE TABLE `rango_autorizado` (
  `id_rango` int(11) NOT NULL,
  `dinero_minimo` int(11) NOT NULL,
  `dinero_maximo` int(11) NOT NULL,
  `user_iduser` int(11) NOT NULL
) ENGINE=InnoDB DEFAULT CHARSET=utf8;

-- --------------------------------------------------------

--
-- Estructura de tabla para la tabla `reajuste`
--

CREATE TABLE `reajuste` (
  `id_reajuste` int(11) NOT NULL,
  `monto` int(11) NOT NULL,
  `mes` int(11) NOT NULL,
  `anio` int(11) NOT NULL,
  `id_p_m` int(11) DEFAULT NULL,
  `utilidad_neta` int(11) NOT NULL,
  `utilidad_real` int(11) NOT NULL,
  `id_cuota` int(11) DEFAULT NULL,
  `nombre` varchar(500) DEFAULT NULL,
  `id_user` int(11) DEFAULT NULL,
  `es_manual` int(11) DEFAULT NULL
) ENGINE=InnoDB DEFAULT CHARSET=latin1;

-- --------------------------------------------------------

--
-- Estructura de tabla para la tabla `recorrido`
--

CREATE TABLE `recorrido` (
  `id_recorrido` int(11) NOT NULL,
  `cantidad` int(11) NOT NULL,
  `valor_unitario` int(11) NOT NULL,
  `costo_instalacion` int(11) NOT NULL,
  `id_proveedor` int(11) DEFAULT NULL,
  `nombre_proveedor` varchar(2000) DEFAULT NULL,
  `id_cotizador` int(11) NOT NULL
) ENGINE=InnoDB DEFAULT CHARSET=latin1;

-- --------------------------------------------------------

--
-- Estructura de tabla para la tabla `region_cl`
--

CREATE TABLE `region_cl` (
  `id_re` int(11) NOT NULL COMMENT 'ID unico',
  `str_descripcion` varchar(60) COLLATE latin1_spanish_ci NOT NULL COMMENT 'Nombre extenso',
  `str_romano` varchar(5) COLLATE latin1_spanish_ci NOT NULL COMMENT 'Número de región',
  `num_provincias` int(11) NOT NULL COMMENT 'total provincias',
  `num_comunas` int(11) NOT NULL COMMENT 'Total de comunas'
) ENGINE=InnoDB DEFAULT CHARSET=latin1 COLLATE=latin1_spanish_ci COMMENT='Lista de regiones de Chile';

--
-- Volcado de datos para la tabla `region_cl`
--

INSERT INTO `region_cl` (`id_re`, `str_descripcion`, `str_romano`, `num_provincias`, `num_comunas`) VALUES
(1, 'ARICA Y PARINACOTA', 'XV', 2, 4),
(2, 'TARAPACÁ', 'I', 2, 7),
(3, 'ANTOFAGASTA', 'II', 3, 9),
(4, 'ATACAMA ', 'III', 3, 9),
(5, 'COQUIMBO ', 'IV', 3, 15),
(6, 'VALPARAÍSO ', 'V', 8, 38),
(7, 'DEL LIBERTADOR GRAL. BERNARDO O\'HIGGINS ', 'VI', 3, 33),
(8, 'DEL MAULE', 'VII', 4, 30),
(9, 'DEL BIOBÍO ', 'VIII', 4, 54),
(10, 'DE LA ARAUCANÍA', 'IX', 2, 32),
(11, 'DE LOS RÍOS', 'XIV', 2, 12),
(12, 'DE LOS LAGOS', 'X', 4, 30),
(13, 'AISÉN DEL GRAL. CARLOS IBAÑEZ DEL CAMPO ', 'XI', 4, 10),
(14, 'MAGALLANES Y DE LA ANTÁRTICA CHILENA', 'XII', 4, 11),
(15, 'METROPOLITANA DE SANTIAGO', 'RM', 6, 52);

-- --------------------------------------------------------

--
-- Estructura de tabla para la tabla `solicitud_despacho`
--

CREATE TABLE `solicitud_despacho` (
  `id` int(11) NOT NULL,
  `fecha_solicitud` date NOT NULL,
  `nroGuia` int(11) DEFAULT NULL,
  `fecha_guia` date DEFAULT NULL,
  `estado` int(11) NOT NULL,
  `neto` int(11) NOT NULL,
  `user_solicita` int(11) NOT NULL,
  `user_autoriza` int(11) NOT NULL,
  `id_oc_cliente` int(11) NOT NULL,
  `id_cuota` int(11) NOT NULL
) ENGINE=InnoDB DEFAULT CHARSET=latin1;

-- --------------------------------------------------------

--
-- Estructura de tabla para la tabla `solicitud_documento`
--

CREATE TABLE `solicitud_documento` (
  `id_solicitud` int(11) NOT NULL,
  `estado` int(11) NOT NULL,
  `estado_guia` int(11) NOT NULL,
  `estado_etiqueta` int(11) NOT NULL,
  `id_guia` int(11) DEFAULT NULL,
  `id_etiqueta` int(11) DEFAULT NULL,
  `id_proyecto` int(11) DEFAULT NULL,
  `id_ot` int(11) NOT NULL,
  `id_cliente` int(11) DEFAULT NULL,
  `neto` int(11) NOT NULL,
  `iva` int(11) NOT NULL,
  `total` int(11) NOT NULL,
  `fecha` date NOT NULL,
  `id_envio` int(11) DEFAULT NULL,
  `id_despacho_ot` int(11) DEFAULT NULL,
  `comentarios_sin_etiqueta` text,
  `fecha_sin_etiqueta` datetime DEFAULT NULL,
  `id_user_sin_etiqueta` int(11) DEFAULT NULL
) ENGINE=InnoDB DEFAULT CHARSET=latin1;

-- --------------------------------------------------------

--
-- Estructura de tabla para la tabla `solicitud_facturacion`
--

CREATE TABLE `solicitud_facturacion` (
  `id` int(11) NOT NULL,
  `fecha_solicitud` datetime NOT NULL,
  `numerofactura` int(11) DEFAULT NULL,
  `nroNC` int(11) DEFAULT NULL,
  `nroGUIA` int(11) DEFAULT NULL,
  `fecha_estimada` date NOT NULL,
  `fecha` date DEFAULT NULL,
  `id_ejecutivo` int(11) NOT NULL,
  `id_oc_cliente` int(11) DEFAULT NULL,
  `id_oc_privada` int(11) DEFAULT NULL,
  `estado` int(11) NOT NULL,
  `emaildos` varchar(254) DEFAULT NULL,
  `neto` int(11) NOT NULL,
  `direcciondespacho` varchar(254) DEFAULT NULL,
  `emailtres` varchar(254) DEFAULT NULL,
  `id_cuota` int(11) NOT NULL,
  `fechaautoriza` date DEFAULT NULL,
  `id_user_ingresapago` int(11) DEFAULT NULL,
  `comentario` text,
  `fechadelpago` date DEFAULT NULL,
  `monto` int(11) DEFAULT NULL,
  `formadepago` int(11) DEFAULT NULL,
  `id_despacho` int(11) DEFAULT NULL,
  `id_solicitud_documento` int(11) DEFAULT NULL,
  `id_transportista` int(11) DEFAULT NULL,
  `email` text
) ENGINE=InnoDB DEFAULT CHARSET=latin1;

-- --------------------------------------------------------

--
-- Estructura de tabla para la tabla `solicitud_presupuesto`
--

CREATE TABLE `solicitud_presupuesto` (
  `id_solicitud` int(11) NOT NULL,
  `id_tipo_servicio` int(11) DEFAULT NULL,
  `id_material` int(11) DEFAULT NULL,
  `alto` float DEFAULT NULL,
  `ancho` float DEFAULT NULL,
  `largo` float DEFAULT NULL,
  `cantidad` float DEFAULT NULL,
  `id_tipo_impresion` int(11) DEFAULT NULL,
  `alto_i` float DEFAULT NULL,
  `ancho_i` float DEFAULT NULL,
  `largo_i` float DEFAULT NULL,
  `incluye_instalacion` int(11) DEFAULT NULL,
  `en_altura` int(11) DEFAULT NULL,
  `lugar` varchar(1000) DEFAULT NULL,
  `descripcion` text,
  `estado` int(11) NOT NULL,
  `observaciones_impresion` text,
  `observaciones_material` text,
  `observaciones_instalacion` text,
  `cantidad_impresion` float DEFAULT NULL,
  `incluye_impresion` int(11) NOT NULL,
  `fecha_solicitud` datetime DEFAULT NULL,
  `id_user_solicito` int(11) DEFAULT NULL,
  `fecha_taller` datetime DEFAULT NULL,
  `id_user_taller` int(11) DEFAULT NULL,
  `fecha_autorizacion` datetime DEFAULT NULL,
  `id_user_envio` int(11) DEFAULT NULL,
  `fecha_autorizada` datetime DEFAULT NULL,
  `id_user_autorizo` int(11) DEFAULT NULL,
  `margen` float DEFAULT NULL,
  `costo` int(11) DEFAULT NULL,
  `precio_venta` int(11) DEFAULT NULL,
  `tipo_solicitud` int(11) DEFAULT NULL,
  `idproyecto` int(11) DEFAULT NULL
) ENGINE=InnoDB DEFAULT CHARSET=latin1;

-- --------------------------------------------------------

--
-- Estructura de tabla para la tabla `solicitud_producto`
--

CREATE TABLE `solicitud_producto` (
  `id` int(11) NOT NULL,
  `nombre_producto` varchar(1500) DEFAULT NULL,
  `descripcion_producto` text,
  `id_proveedor` int(11) DEFAULT NULL,
  `nombre_proveedor` varchar(1000) DEFAULT NULL,
  `costo_unitario` int(11) DEFAULT NULL,
  `tipo_impresion` int(11) DEFAULT NULL,
  `otro` varchar(1000) DEFAULT NULL,
  `descripcion_impresion` text,
  `id_solicito` int(11) DEFAULT NULL,
  `fecha_solicitud` datetime DEFAULT NULL,
  `id_autorizo` int(11) DEFAULT NULL,
  `fecha_autorizo` datetime DEFAULT NULL,
  `estado` int(11) NOT NULL,
  `id_producto_creado` int(11) DEFAULT NULL,
  `codigo_producto` varchar(500) DEFAULT NULL,
  `tipo_solicitud` int(11) DEFAULT NULL
) ENGINE=InnoDB DEFAULT CHARSET=latin1;

-- --------------------------------------------------------

--
-- Estructura de tabla para la tabla `subcategoria`
--

CREATE TABLE `subcategoria` (
  `id_subcategoria` int(11) NOT NULL,
  `nombre` varchar(500) NOT NULL,
  `id_categoria` int(11) NOT NULL
) ENGINE=InnoDB DEFAULT CHARSET=latin1;

--
-- Volcado de datos para la tabla `subcategoria`
--

INSERT INTO `subcategoria` (`id_subcategoria`, `nombre`, `id_categoria`) VALUES
(1, 'TAZON', 1),
(5, '13oz', 1),
(14, 'SUBLIMACION', 3),
(15, 'BOLSAS', 3),
(16, 'MORRAL', 3),
(17, 'ADHESIVOS', 4),
(18, 'LUNETA', 4),
(19, 'IMANTADOS', 7),
(20, 'PVC', 8),
(21, 'BAMBOO', 10),
(22, 'GORROS', 7),
(23, 'PENDON', 11),
(24, 'CUADROS', 13),
(25, 'ESTAMPADOS', 6),
(26, 'CHAPITA', 7),
(27, 'PVC ESPUMADO', 16),
(28, 'ADHESIVO ESPEJO', 4),
(29, 'GALVANOS', 17),
(30, 'LIBRETA', 10),
(31, 'ACRILICO', 18),
(32, 'FROSTED', 4),
(33, 'MUG', 1),
(34, 'CORTAVIENTOS', 19),
(35, 'poleras', 19),
(36, 'MINI PENDÓN', 20),
(37, 'LETREROS', 13),
(38, 'ROLLER', 20),
(39, 'LEGIONARIOS', 22),
(40, 'COMPRINTER', 24),
(41, 'GRABADO', 24),
(42, 'PANAFLEX', 8),
(43, 'LLAVEROS', 13),
(44, 'PAPEL SINTETICO', 21),
(45, 'ROTULADO', 4),
(46, 'cuero', 12),
(47, 'PANEL ARAÑA', 7),
(48, 'COUNTER', 7),
(49, 'IMPRESION', 27),
(50, 'POSTERA', 14),
(51, 'PIOCHAS', 7),
(52, 'VINILO TEXTIL', 19),
(53, 'ADHESIVO', 4),
(54, '() CHAPITA', 30),
(55, 'TELA PVC', 31),
(56, '() SEÑALETICA', 30),
(57, 'PALOMA', 30),
(58, 'PALETA', 30),
(59, 'TROQUELADO', 4),
(60, 'ALUMINIO', 4),
(61, 'BOLSA', 35),
(62, 'MALLA MESH', 31);

-- --------------------------------------------------------

--
-- Estructura de tabla para la tabla `subcuenta_informe`
--

CREATE TABLE `subcuenta_informe` (
  `id` int(11) NOT NULL,
  `id_subcuenta` int(11) NOT NULL
) ENGINE=InnoDB DEFAULT CHARSET=utf8 COLLATE=utf8_spanish2_ci;

--
-- Volcado de datos para la tabla `subcuenta_informe`
--

INSERT INTO `subcuenta_informe` (`id`, `id_subcuenta`) VALUES
(63, 15),
(64, 16),
(65, 17),
(66, 18),
(67, 23),
(68, 26),
(69, 13),
(70, 14),
(71, 12),
(72, 19),
(73, 20),
(74, 21),
(75, 22);

-- --------------------------------------------------------

--
-- Estructura de tabla para la tabla `subcuenta_informe_egreso`
--

CREATE TABLE `subcuenta_informe_egreso` (
  `id` int(11) NOT NULL,
  `id_subcuenta` int(11) NOT NULL
) ENGINE=InnoDB DEFAULT CHARSET=utf8 COLLATE=utf8_spanish2_ci;

--
-- Volcado de datos para la tabla `subcuenta_informe_egreso`
--

INSERT INTO `subcuenta_informe_egreso` (`id`, `id_subcuenta`) VALUES
(549, 6),
(550, 7),
(551, 11),
(552, 12),
(553, 13),
(554, 34),
(555, 14),
(556, 15),
(557, 33),
(558, 8),
(559, 16),
(560, 17),
(561, 57),
(562, 9),
(563, 53),
(564, 10),
(565, 28),
(566, 29),
(567, 30),
(568, 31),
(569, 32),
(570, 36),
(571, 38),
(572, 39),
(573, 42),
(574, 43),
(575, 46),
(576, 47),
(577, 49),
(578, 50),
(579, 51),
(580, 18),
(581, 35),
(582, 40),
(583, 41),
(584, 52),
(585, 19),
(586, 20),
(587, 21),
(588, 22),
(589, 23),
(590, 24),
(591, 25),
(592, 26),
(593, 27),
(594, 37),
(595, 44),
(596, 45),
(597, 48),
(598, 54),
(599, 55),
(600, 56),
(601, 68),
(602, 69),
(603, 72),
(604, 73),
(605, 74),
(606, 75),
(607, 76),
(608, 79),
(609, 82),
(610, 84),
(611, 92),
(612, 95),
(613, 77),
(614, 104),
(615, 106),
(616, 116),
(617, 117),
(618, 118),
(619, 120),
(620, 121),
(621, 122),
(622, 123),
(623, 124),
(624, 125),
(625, 126);

-- --------------------------------------------------------

--
-- Estructura de tabla para la tabla `tipo`
--

CREATE TABLE `tipo` (
  `id_tipo` int(11) NOT NULL,
  `nombre` varchar(255) NOT NULL
) ENGINE=InnoDB DEFAULT CHARSET=latin1;

--
-- Volcado de datos para la tabla `tipo`
--

INSERT INTO `tipo` (`id_tipo`, `nombre`) VALUES
(1, 'General'),
(2, 'Opcional');

-- --------------------------------------------------------

--
-- Estructura de tabla para la tabla `tipoproducto`
--

CREATE TABLE `tipoproducto` (
  `id` int(11) NOT NULL,
  `codigo` varchar(255) COLLATE latin1_general_ci NOT NULL,
  `nombre` varchar(255) COLLATE latin1_general_ci NOT NULL,
  `estado` int(11) DEFAULT NULL
) ENGINE=InnoDB DEFAULT CHARSET=latin1 COLLATE=latin1_general_ci;

--
-- Volcado de datos para la tabla `tipoproducto`
--

INSERT INTO `tipoproducto` (`id`, `codigo`, `nombre`, `estado`) VALUES
(1, '1224202', 'PROMOCIONALES', NULL),
(2, '1224262', 'TAZÓN', NULL),
(5, '1224265', 'TECNOLÓGICOS', NULL),
(6, '960853', '(NO VÁLIDO) PLAN DE MEDIOS TRADICIONAL', NULL),
(7, '960852', '(NO VÁLIDO) ASESORÍAS COMUNICACIONALES', NULL),
(8, '960851', '(NO VÁLIDO) CAMPAÑAS DE BAJO IMPACTO', NULL),
(9, '960854', '(NO VÁLIDO) PLAN DE MEDIOS DIGITAL', NULL),
(10, '1224171', 'BOLSAS ECOLÓGICAS', NULL),
(11, '1224262', 'TAZÓN', NULL),
(12, '1223782', 'DÍPTICO', NULL),
(13, '1223777', 'CUADERNILLO', NULL),
(14, '1224166', 'VOLANTES', NULL),
(15, '1223836', 'TRÍPTICO', NULL),
(16, '1223804', 'PAPEL AUTOADHESIVO', NULL),
(17, '1224186', 'LÁPIZ PROMOCIONAL', NULL),
(18, '1224197', 'LLAVERO PROMOCIONAL', NULL),
(19, '1226704', 'PROD. DE ESCRITORIO', NULL),
(20, '1224182', 'LÁPIZ METÁLICO', NULL),
(21, '1224193', 'LLAVERO METÁLICO', NULL),
(22, '1224174', 'CARAMAYOLA', NULL),
(23, '1224205', 'REGALO HOMBRE', NULL),
(24, '1224253', 'REGALO MUJER', NULL),
(25, '1224177', 'DULCES', NULL),
(26, '1223765', 'CARPETA', NULL),
(27, '1223832', 'TARJETAS DE PRES.', NULL),
(28, '1224525', 'BOLETÍN', NULL),
(29, '1223800', 'FORMULARIO', NULL),
(30, '1223790', 'FOLLETO', NULL),
(31, '1223772', 'CATÁLOGO', NULL),
(32, '1223744', 'AFICHE O PÓSTER ', NULL),
(33, '1223810', 'POLÍPTICO', NULL),
(34, '1223787', 'ETIQUETAS', NULL),
(35, '1223814', 'SERVICIO DE EMPAQUETADO', NULL),
(36, '1223813', 'BARNIZ SOBRE IMPRESIÓN ', NULL),
(37, '1223827', 'SERV. DE POLILAMINADO ', NULL),
(38, '1223829', 'SERV. DE TERMOLAMINADO', NULL),
(39, '1223828', 'POLITERMOLAMINADO', NULL),
(40, '1223816', 'SERV. ENTAPADO HOT MELT', NULL),
(41, '1223831', 'SERV. CORCHETE EN LOMO ', NULL),
(42, '1223823', 'SERV. DE ESPIRAL', NULL),
(43, '1223825', 'SERV IMP. SISTEMA BRAILE', NULL),
(44, '1154109', 'PENDÓN - TELA PVC 720 DPI CON SOPORTE Y BOLSO (M2)', NULL),
(45, '1154114', 'GIGANTOGRAFÍA - LIENZO COLOR PVC MT2 ', NULL),
(46, '1154113', 'GIGANTOGRAFÍA - PANAFLEX COLOR MT2', NULL),
(47, '1154108', 'PENDON - TELA PVC 720 DPI M2', NULL),
(48, '1154106', 'PENDÓN - TELA PVC 360 DPI M2', NULL),
(49, '1154107', 'PENDÓN - TELA PVC 360 DPI INCLUYE ATRIL Y ESTUCHE DE TRANSPORTE M2', NULL),
(50, '1154110', 'PENDÓN - PAPEL FOTOGRÁFICO TERMOLAMINADO M2', NULL),
(51, '1154111', 'PENDÓN - PAPEL FOTOGRÁFICO TERMOLAMINADO INCLUYE PORTA-PENDON Y ESTUCHE DE TRANSPORTE M2', NULL),
(52, '1154115', 'GIGANTOGRAFÍA - PANAFLEX COLOR M2', NULL),
(53, '1154112', 'GIGANTOGRAFÍA - LIENZO B/N, PVC M2', NULL),
(54, '0', 'NO APLICA', NULL),
(55, '0', 'CONTRATO DE SUMINISTRO DE IMPRESIONES GRÁFICAS', NULL),
(56, '0', 'COTIZACIÓN COMPRA ÁGIL', NULL);

-- --------------------------------------------------------

--
-- Estructura de tabla para la tabla `tipoproyecto`
--

CREATE TABLE `tipoproyecto` (
  `id` int(11) NOT NULL,
  `nombre` varchar(255) CHARACTER SET latin1 NOT NULL
) ENGINE=InnoDB DEFAULT CHARSET=utf8;

--
-- Volcado de datos para la tabla `tipoproyecto`
--

INSERT INTO `tipoproyecto` (`id`, `nombre`) VALUES
(1, 'Convenio Marco'),
(2, 'Privado');

-- --------------------------------------------------------

--
-- Estructura de tabla para la tabla `tipo_cuenta`
--

CREATE TABLE `tipo_cuenta` (
  `id` int(11) NOT NULL,
  `numero` int(11) NOT NULL,
  `nombre` varchar(80) NOT NULL
) ENGINE=InnoDB DEFAULT CHARSET=latin1;

--
-- Volcado de datos para la tabla `tipo_cuenta`
--

INSERT INTO `tipo_cuenta` (`id`, `numero`, `nombre`) VALUES
(1, 1, 'CARGAS FISCALES'),
(2, 2, 'DEUDAS COMERCIALES'),
(7, 3, 'REMUNERACIONES'),
(8, 5, 'GASTOS DE ADMINISTRACION'),
(9, 4, 'GASTOS GENERALES'),
(10, 6, 'GASTOS VENTAS'),
(11, 7, 'DIVIDENDOS SOCIOS'),
(12, 8, 'ACTIVO FIJO'),
(13, 9, 'GASTOS OPERACIONALES'),
(14, 10, 'PAGO PROYECTO FC EXCEL'),
(15, 11, 'MOVIMIENTO BANCO'),
(16, 12, 'COCHARCAS 218'),
(17, 13, 'PRESTAMOS'),
(18, 14, 'INSTRUMENTOS BANCARIOS'),
(19, 15, 'TALLER'),
(20, 16, 'GASTOS EXTRAORDINARIOS'),
(21, 17, 'BIENES RAICES'),
(22, 18, 'OTROS'),
(23, 19, 'DOÑA ROSA'),
(24, 20, 'PAGO CREDITOS'),
(25, 21, 'CASA BARCELONA'),
(26, 22, 'DEPTO ARBOLEDA'),
(27, 23, 'O\'HIGGINS 111'),
(28, 24, 'FABRICA ROZZETO'),
(29, 25, 'INVERSIONES'),
(30, 26, 'CUENTA CTE SANTANDER N°  8820244-9');

-- --------------------------------------------------------

--
-- Estructura de tabla para la tabla `tipo_cuenta_banco`
--

CREATE TABLE `tipo_cuenta_banco` (
  `id` int(11) NOT NULL,
  `nombre` varchar(255) NOT NULL,
  `estado` int(11) DEFAULT NULL
) ENGINE=InnoDB DEFAULT CHARSET=latin1;

--
-- Volcado de datos para la tabla `tipo_cuenta_banco`
--

INSERT INTO `tipo_cuenta_banco` (`id`, `nombre`, `estado`) VALUES
(1, 'CUENTA VISTA', NULL),
(2, 'CUENTA CORRIENTE', NULL),
(3, 'CUENTA DE AHORRO', NULL),
(4, 'CUENTA RUT', NULL);

-- --------------------------------------------------------

--
-- Estructura de tabla para la tabla `tipo_cuenta_ingreso`
--

CREATE TABLE `tipo_cuenta_ingreso` (
  `id` int(11) NOT NULL,
  `numero` int(11) NOT NULL,
  `nombre` varchar(150) NOT NULL
) ENGINE=MyISAM DEFAULT CHARSET=latin1;

--
-- Volcado de datos para la tabla `tipo_cuenta_ingreso`
--

INSERT INTO `tipo_cuenta_ingreso` (`id`, `numero`, `nombre`) VALUES
(10, 3, 'PRESTAMOS'),
(9, 2, 'BANCO ITAU'),
(8, 1, 'OTROS INGRESOS'),
(11, 0, '0'),
(12, 0, '0');

-- --------------------------------------------------------

--
-- Estructura de tabla para la tabla `tipo_documento`
--

CREATE TABLE `tipo_documento` (
  `id_tipo_documento` int(11) NOT NULL,
  `nombre` varchar(255) NOT NULL
) ENGINE=InnoDB DEFAULT CHARSET=latin1;

--
-- Volcado de datos para la tabla `tipo_documento`
--

INSERT INTO `tipo_documento` (`id_tipo_documento`, `nombre`) VALUES
(1, 'FACTURA'),
(2, 'FACTURA EXENTA'),
(3, 'BOLETA HONORARIOS'),
(4, 'BOLETA FISCAL'),
(5, 'COMPROBANTE DE INGRESO'),
(6, 'FACTURA DE COMPRA A TERCEROS'),
(7, 'SIN DOCUMENTO');

-- --------------------------------------------------------

--
-- Estructura de tabla para la tabla `tipo_egreso_caja`
--

CREATE TABLE `tipo_egreso_caja` (
  `id_tipo_egreso_caja` int(11) NOT NULL,
  `nombre` varchar(350) NOT NULL
) ENGINE=InnoDB DEFAULT CHARSET=latin1;

--
-- Volcado de datos para la tabla `tipo_egreso_caja`
--

INSERT INTO `tipo_egreso_caja` (`id_tipo_egreso_caja`, `nombre`) VALUES
(3, 'ASEO Y ORNATO'),
(5, 'SALDO CAJA CHICA MES ANTERIOR'),
(6, 'INGRESO A CAJA CHICA'),
(7, 'MATERIALES DE OFICINA'),
(8, 'ENVÍOS'),
(9, 'BODEGA'),
(10, 'OTROS'),
(11, 'GASTOS GERENCIA'),
(12, 'CAJA CHICA COCHARCAS');

-- --------------------------------------------------------

--
-- Estructura de tabla para la tabla `tipo_gestion`
--

CREATE TABLE `tipo_gestion` (
  `id_tipo_gestion` int(11) NOT NULL,
  `nombre` varchar(500) NOT NULL
) ENGINE=InnoDB DEFAULT CHARSET=latin1;

--
-- Volcado de datos para la tabla `tipo_gestion`
--

INSERT INTO `tipo_gestion` (`id_tipo_gestion`, `nombre`) VALUES
(1, 'No Contactado'),
(2, 'Intentando Contactar'),
(3, 'Llamada Exitosa'),
(4, 'Oportunidad Perdida'),
(5, 'Cotización Solicitada'),
(6, 'Correo de Seguimiento Enviado'),
(7, 'Llamada Sin Respuesta'),
(8, 'Correo de Presentación Enviado');

-- --------------------------------------------------------

--
-- Estructura de tabla para la tabla `tipo_impresion`
--

CREATE TABLE `tipo_impresion` (
  `id` int(11) NOT NULL,
  `nombre` text NOT NULL
) ENGINE=InnoDB DEFAULT CHARSET=latin1;

--
-- Volcado de datos para la tabla `tipo_impresion`
--

INSERT INTO `tipo_impresion` (`id`, `nombre`) VALUES
(1, 'Sublimacion'),
(2, 'Impresión Digital'),
(3, 'Serigrafia'),
(4, 'Grabado');

-- --------------------------------------------------------

--
-- Estructura de tabla para la tabla `tipo_impresion_presupuesto`
--

CREATE TABLE `tipo_impresion_presupuesto` (
  `id_tipo` int(11) NOT NULL,
  `nombre` varchar(1000) NOT NULL
) ENGINE=InnoDB DEFAULT CHARSET=latin1;

--
-- Volcado de datos para la tabla `tipo_impresion_presupuesto`
--

INSERT INTO `tipo_impresion_presupuesto` (`id_tipo`, `nombre`) VALUES
(1, 'PVC'),
(2, 'LASER'),
(3, 'OTRO'),
(4, 'NO APLICA'),
(6, 'ADHESIVO ESPEJO CON FONDO BLANCO'),
(16, 'DIGITAL'),
(17, 'ADHESIVO BLANCO'),
(18, 'TRANSFER'),
(19, 'PANAFLEX'),
(20, 'ADHESIVO TRANSPARENTE EFECTO ESPEJO CON FONDO EMPAVONADO'),
(21, 'PAPEL SINTÉTICO'),
(22, 'ADHESIVO BLANCO IMPRESO LAMINADO');

-- --------------------------------------------------------

--
-- Estructura de tabla para la tabla `tipo_servicio`
--

CREATE TABLE `tipo_servicio` (
  `id_tipo_servicio` int(11) NOT NULL,
  `nombre` varchar(1000) NOT NULL
) ENGINE=InnoDB DEFAULT CHARSET=latin1;

--
-- Volcado de datos para la tabla `tipo_servicio`
--

INSERT INTO `tipo_servicio` (`id_tipo_servicio`, `nombre`) VALUES
(1, 'LETRERO'),
(2, 'TOTEM 2.4 X 1.2 MTS'),
(3, 'BASTIDOR DE FIERRO'),
(4, 'FABRICACIÓN CUADROS 4**50'),
(5, 'CUADRO DE MADERA CON TELA PVC'),
(6, 'CUADRO DE MADERA'),
(7, 'BASTIDOR DE MADERA CON TELA PVC'),
(8, 'PORTAFOLLETO '),
(10, 'PENDON PVC 90X180 CMS'),
(30, 'Mugs Sublimado'),
(31, 'TELA PVC TENSADA EN PLANCHA OSB CON PROTECTOR DE MADERA.'),
(32, 'ACRILICO CON MADERA'),
(33, 'DELANTAL SUBLIMADO FULL COLOR'),
(34, 'ADHESIVO EN ZINC GALVANIZADO'),
(35, 'CORPOREO IMPRESO EN ADHESIVO SOBRE MDF TROQUELADO'),
(36, 'PAPEL ADHESIVO'),
(37, 'SET DE PANTUFLA SUBLIMADA + BOLSA ECOLOGICA E2'),
(38, 'ACRÍLICO DE 28 X 44'),
(39, 'ADHESIVO EFECTO ESPEJO SOBRE ACRÍLICO 28 X 44 CM.'),
(40, 'PORTA GRAFICA ACRILICO L'),
(41, 'FABRICACION DE MUEBLE'),
(42, 'ADHESIVO EFECTO ESPEJO EN ACRILICO CON EMBELLECEDORES'),
(43, 'BANDERIN'),
(44, 'ROPA '),
(45, 'GORRO 5 PIEZAS GABARDINA'),
(46, 'TOTÉM DE 145 X 244 CM. APROX.'),
(47, 'TÓTEM DE 145 X 244 CMS.'),
(48, 'PALOMA'),
(49, 'POLERA ALGODÓN CON DOS LOGOS ESTAMPADOS	'),
(50, 'PENDÓN TRIPODE PRO COLOR NEGRO'),
(51, 'TROVICEL 3MM'),
(52, 'ADHESIVO TROQUELADO SOBRE PLACA DE ACERO INOXIDABLE'),
(53, 'ADHESIVO PARA VEHÍCULOS, TROQUELADO Y LAMINADO'),
(54, 'PORTA ACRILICO 3MM DOBLE DE 33X25 CMS CON 4 EMBELLECEDORES'),
(55, 'PALOMA "V" - DOS CARAS'),
(56, 'LETRAS VOLUMÉTRICAS'),
(57, 'PASACALLE MEDIDA ESPECIAL'),
(58, 'BANDERA DE LATA'),
(59, 'CUADRO DE ACRÍLICO'),
(60, 'lata'),
(61, 'separador acrilico'),
(62, 'PANEL');

-- --------------------------------------------------------

--
-- Estructura de tabla para la tabla `tipo_subcuenta`
--

CREATE TABLE `tipo_subcuenta` (
  `id` int(11) NOT NULL,
  `numero` int(11) NOT NULL,
  `nombre` varchar(80) NOT NULL,
  `tipo_cuenta` int(11) NOT NULL
) ENGINE=InnoDB DEFAULT CHARSET=latin1;

--
-- Volcado de datos para la tabla `tipo_subcuenta`
--

INSERT INTO `tipo_subcuenta` (`id`, `numero`, `nombre`, `tipo_cuenta`) VALUES
(6, 10, 'F22 - DECLARACION DE RENTA', 1),
(7, 11, 'F29 - DECLARACION DE IMPUESTOS', 1),
(8, 30, 'HONORARIOS', 7),
(9, 50, 'PATENTE COMERCIAL', 8),
(10, 45, 'CAJA CHICA', 9),
(11, 12, 'IMPUESTOS POR PAGAR', 1),
(12, 13, 'IVA SALDO A PAGAR', 1),
(13, 14, 'PPM - PAGO PROVISIONAL MENSUAL', 1),
(14, 20, 'PROVEEDORES', 2),
(15, 21, 'PROVEEDORES INTERNACIONALES', 2),
(16, 31, 'LEYES SOCIALES', 7),
(17, 32, 'SUELDOS', 7),
(18, 60, 'TALLER', 10),
(19, 70, 'SOCIO ROBERT JOBIN', 11),
(20, 71, 'SOCIO ROBINSON CABRERA', 11),
(21, 80, 'BIENES RAICES', 12),
(22, 81, 'EQUIPOS', 12),
(23, 82, 'HERRAMIENTAS', 12),
(24, 83, 'MAQUINARIAS', 12),
(25, 84, 'MUEBLES', 12),
(26, 85, 'VEHICULOS', 12),
(27, 90, 'COMBUSTIBLE', 13),
(28, 40, 'AGUA', 9),
(29, 41, 'DIVIDENDO', 9),
(30, 42, 'LUZ', 9),
(31, 43, 'TELEFONO', 9),
(32, 44, 'SISTEMA INFORMATICO', 9),
(33, 22, 'PRESTAMOS BANCARIOS', 2),
(34, 15, 'IMPOSICIONES POR PAGAR', 1),
(35, 61, 'ENVIOS', 10),
(36, 46, 'INTERNET', 9),
(37, 100, 'FACTURAS', 14),
(38, 47, 'AUTOPISTA', 9),
(39, 48, 'SEGUROS', 9),
(40, 62, 'OTROS', 10),
(41, 63, 'MERCADERIA', 10),
(42, 49, 'VIATICO', 9),
(43, 50, 'PEAJES', 9),
(44, 110, 'BANCO DE CHILE A BANCO ITAÚ', 15),
(45, 111, 'BANCO ITAÚ A BANCO DE CHILE', 15),
(46, 51, 'SERVICIOS PROFESIONALES', 9),
(47, 52, 'GAS', 9),
(48, 112, 'BANCO SANTANDER A BANCO ITAÃš', 15),
(49, 53, 'MANTENIMIENTO DE EQUIPOS/VEHICULOS', 9),
(50, 54, 'CERTIFICACION DIGITAL', 9),
(51, 55, 'OTROS', 9),
(52, 64, 'INSUMOS', 10),
(53, 51, 'PERMISO DE CIRCULACION', 8),
(54, 120, 'GASTOS NOTARIALES, LEGALES,  BANCARIOS E IMPUESTOS', 16),
(55, 121, 'ARQUITECTURA Y DISEÑO', 16),
(56, 130, 'PRESTAMOS LUNETAS', 17),
(57, 33, 'FINIQUITOS', 7),
(58, 122, 'GASTOS GENERALES', 16),
(59, 123, 'CAJA CHICA ', 16),
(60, 124, 'HONORARIOS MAESTROS', 16),
(61, 125, 'MATERIALES DE CONSTRUCCION', 16),
(62, 126, 'ELEMENTOS DE SEGURIDAD', 16),
(63, 127, 'MATERIALES ELÉCTRICOS', 16),
(64, 131, 'PRESTAMO BANCO SANTANDER', 17),
(65, 128, 'ARRIENDO DE HERRAMIENTAS Y MAQUINAS', 16),
(66, 132, 'PRESTAMOS ESPECIALES A CLIENTES (CON DEVOLUCIÓN)', 17),
(67, 129, 'HONORARIOS INSTALADOR ELECTRICO', 16),
(68, 140, 'VALE VISTA', 18),
(69, 141, 'BOLETA DE GARANTIA', 18),
(70, 65, 'REEMBOLSO', 10),
(71, 16, 'OTROS', 1),
(72, 150, 'MERCADERIA', 19),
(73, 151, 'INSUMOS', 19),
(74, 152, 'RECURSOS HUMANOS', 19),
(75, 153, 'ARRIENDO DE MAQUINARIAS / HERRAMIENTAS', 19),
(76, 154, 'OTROS', 19),
(77, 160, 'MULTAS Y SANCIONES', 20),
(78, 56, 'GASTOS NOTARIALES', 9),
(79, 155, 'MUEBLES', 19),
(80, 86, 'BIENES DE OFICINA', 12),
(81, 17, 'CONTRIBUCIONES', 1),
(82, 156, 'GASTOS PROYECTOS', 19),
(83, 57, 'ESTACIONAMIENTO', 9),
(84, 157, 'CAJA CHICA DISEÑO', 19),
(85, 58, 'LEASING', 9),
(86, 170, 'DIVIDENDO OHIGGINS 111', 21),
(87, 171, 'DIVIDENDO COCHARCAS 218', 21),
(88, 52, 'GASTOS NOTARIALES', 8),
(89, 53, 'GASTOS CERTIFICADOS MUNICIPALES', 8),
(90, 59, 'UNIFORMES PERSONAL', 9),
(91, 60, 'CAJA CHICA GERENCIA', 9),
(92, 158, 'CAJA CHICA TALLER', 19),
(93, 66, 'GASTOS PROYECTOS DIFUSION', 10),
(94, 67, 'MUESTRAS', 10),
(95, 159, 'ELEMENTOS SEGURIDAD PERSONAL TALLER', 19),
(96, 68, 'GASTOS PROYECTOS ', 10),
(97, 69, 'GASTOS SERVICIOS DIGITALES (GOOGLE, SKYPE, FACEBOOK, DROPBOX, MAILCHIMP, ETC)', 10),
(98, 70, 'GASTOS GRÁFICAS', 10),
(99, 18, 'OTROS DT POR COBRAR', 1),
(100, 19, 'OTROS ARANCELES', 1),
(101, 61, 'REEMBOLSOS', 9),
(102, 71, 'PAGOS REEMBOLSABLES CON CARGO A PROYECTOS', 10),
(103, 62, 'CAJA CHICA CONTABILIDAD', 9),
(104, 181, 'OTROS EGRESOS OPERACIONALES ', 22),
(105, 62, 'CUENTAS DIGITALES', 9),
(106, 182, 'MULTAS', 22),
(107, 63, 'INSUMOS OFICINA', 9),
(108, 133, 'PRESTAMO BANCO DE CHILE', 17),
(109, 64, 'SEGUROS COLECTIVO', 9),
(110, 72, 'SERVICIOS PROFESIONALES', 10),
(111, 134, 'INVERSIÓN ORIGINAL SOCIOS', 17),
(112, 142, 'INVERSION DEPOSITO A PLAZO ', 18),
(113, 130, 'MANTENIMIENTO O\'HIGGINS 111', 16),
(114, 87, 'MANTENIMIENTO O\'HIGGINS 111', 12),
(115, 88, 'PARCELA ATACALCO', 12),
(116, 190, 'MANTENIMIENTO ', 23),
(117, 200, 'CREDITO FOGAPE 150', 24),
(118, 201, 'CREDITO FOGAPE 100', 24),
(119, 65, 'DEVOLUCION GARANTIAS POR ARRIENDO ', 9),
(120, 210, 'GASTOS NOTARIALES', 25),
(121, 220, 'GASTOS NOTARIALES', 26),
(122, 230, 'SEGURO', 27),
(123, 231, 'SERVICIOS PROFESIONALES ', 27),
(124, 232, 'INSUMOS', 27),
(125, 233, 'GASTOS CERTIFICADOS MUNICIPALES', 27),
(126, 234, 'GASTOS NOTARIALES, LEGALES, BANCARIOS E IMPUESTOS', 27),
(127, 240, 'PRESTAMOS', 28),
(128, 135, 'PRESTAMO RUCAMANQUI', 17),
(129, 235, 'REMODELACIÓN -ARQUITECTURA Y DISEÑO', 27),
(130, 250, 'GELATERIA ROZZETO', 29),
(131, 251, 'FABRICA ROZZETO', 29),
(132, 241, 'ABOGADO', 28),
(133, 236, 'REMODELACION - HONORARIOS MAESTROS ', 27),
(134, 237, 'REMODELACION - CAJA CHICA', 27),
(135, 237, 'REMODELACION - ELECTRICIDAD', 27),
(136, 238, 'REMODELACION - ARRIENDO DE MAQUINARIA', 27),
(137, 242, 'GASTOS NOTARIALES', 28),
(138, 261, 'FONDOS PARA TARJETA DEBITO 8820244-9', 30),
(139, 239, 'REMODELACION - MATERIALES', 27);

-- --------------------------------------------------------

--
-- Estructura de tabla para la tabla `tipo_subcuenta_ingreso`
--

CREATE TABLE `tipo_subcuenta_ingreso` (
  `id` int(11) NOT NULL,
  `numero` int(11) NOT NULL,
  `nombre` varchar(88) NOT NULL,
  `tipo_cuenta` int(11) NOT NULL
) ENGINE=MyISAM DEFAULT CHARSET=latin1;

--
-- Volcado de datos para la tabla `tipo_subcuenta_ingreso`
--

INSERT INTO `tipo_subcuenta_ingreso` (`id`, `numero`, `nombre`, `tipo_cuenta`) VALUES
(15, 30, 'LC CTA BANCO DE CHILE', 10),
(13, 20, 'LINEA DE CREDITO', 9),
(14, 11, 'REEMBOLSOS', 8),
(12, 10, 'OTRAS VENTAS', 8),
(16, 31, 'PRESTAMO PERSONAL LUNETAS', 10),
(17, 32, 'BANCO SANTANDER', 10),
(18, 33, 'SOCIO ROBERT JOBIN', 10),
(19, 12, 'ARRIENDO PROPIEDAD AV. O\'HIGGINS 111', 8),
(20, 13, 'OTROS INGRESOS SIN DT', 8),
(21, 14, 'DEVOLUCIÓN DE IMPUESTOS', 8),
(22, 15, 'OTROS INGRESOS POR COBRAR', 8),
(23, 34, 'BANCO DE CHILE', 10),
(24, 16, 'VENTA DE ACTIVOS', 8),
(25, 17, 'DEVOLUCION INSTRUMENTOS BANCARIOS', 8),
(26, 35, 'OTROS PRESTAMOS ', 10),
(27, 18, 'INTERESES POR DEPOSITOS A PLAZO', 8),
(28, 0, '0', 11),
(29, 19, 'ARRIENDO PROPIEDAD DOÑA ROSA', 8);

-- --------------------------------------------------------

--
-- Estructura de tabla para la tabla `tipo_user`
--

CREATE TABLE `tipo_user` (
  `idtipo_user` int(11) NOT NULL,
  `nombre` varchar(100) NOT NULL
) ENGINE=InnoDB DEFAULT CHARSET=utf8;

--
-- Volcado de datos para la tabla `tipo_user`
--

INSERT INTO `tipo_user` (`idtipo_user`, `nombre`) VALUES
(1, 'Administrador'),
(2, 'Gerencia'),
(3, 'Ejecutivo de Ventas Convenio Marco'),
(4, 'Jefe de Ventas'),
(5, 'Administracion'),
(6, 'Taller');

-- --------------------------------------------------------

--
-- Estructura de tabla para la tabla `transporte`
--

CREATE TABLE `transporte` (
  `id_transporte` int(11) NOT NULL,
  `n_seguimiento` varchar(100) NOT NULL,
  `comentarios` text,
  `fecha_envio` date NOT NULL,
  `fecha_llegada_estimada` date NOT NULL,
  `id_estado` int(11) NOT NULL,
  `id_proyecto` int(11) NOT NULL,
  `id_transportista` int(11) NOT NULL,
  `fecha_real` date DEFAULT NULL,
  `guia_despacho` varchar(50) DEFAULT NULL,
  `fecha_guia` date DEFAULT NULL,
  `monto_neto` int(11) DEFAULT NULL,
  `valor_envio` int(11) DEFAULT NULL,
  `nombre_receptor` varchar(500) DEFAULT NULL,
  `fecha_y_hora` datetime DEFAULT NULL,
  `rut_receptor` varchar(20) DEFAULT NULL
) ENGINE=MyISAM DEFAULT CHARSET=latin1;

-- --------------------------------------------------------

--
-- Estructura de tabla para la tabla `transportista`
--

CREATE TABLE `transportista` (
  `id_transportista` int(11) NOT NULL,
  `nombre` varchar(255) NOT NULL,
  `estado` int(11) DEFAULT NULL
) ENGINE=InnoDB DEFAULT CHARSET=latin1;

--
-- Volcado de datos para la tabla `transportista`
--

INSERT INTO `transportista` (`id_transportista`, `nombre`, `estado`) VALUES
(1, 'STARKEN', 1),
(2, 'CHILEXPRESS', NULL),
(3, 'PULLMAN CARGO', NULL),
(4, 'CLIENTE RETIRA', NULL),
(5, 'BIOBIO CARGA', NULL),
(6, 'CORREOS DE CHILE', NULL),
(7, 'MERDCAST', NULL),
(8, 'DESPACHO LOCAL', NULL),
(9, 'BLUE EXPRESS', NULL),
(10, 'PULLMAN', 1),
(11, 'CHEVALIER', NULL),
(12, 'EXPRESOS NORTE', NULL),
(13, 'OF', 1),
(14, 'OFICINA CLIENTE, TERCER PISO', 1),
(15, 'CACEM', NULL),
(16, 'STARKEN', NULL),
(17, 'VARMONTT', NULL),
(18, 'TRANSPORTES CRUZ DEL SUR', NULL);

--
-- Índices para tablas volcadas
--

--
-- Indices de la tabla `abono`
--
ALTER TABLE `abono`
  ADD PRIMARY KEY (`id`);

--
-- Indices de la tabla `accion`
--
ALTER TABLE `accion`
  ADD PRIMARY KEY (`id_accion`);

--
-- Indices de la tabla `archivo`
--
ALTER TABLE `archivo`
  ADD PRIMARY KEY (`id_archivo`),
  ADD KEY `id_proyecto` (`id_proyecto`);

--
-- Indices de la tabla `archivo_montaje`
--
ALTER TABLE `archivo_montaje`
  ADD PRIMARY KEY (`id_archivo`);

--
-- Indices de la tabla `area`
--
ALTER TABLE `area`
  ADD PRIMARY KEY (`id_area`);

--
-- Indices de la tabla `area_producto`
--
ALTER TABLE `area_producto`
  ADD PRIMARY KEY (`id_a_p`),
  ADD KEY `id_producto` (`id_producto`),
  ADD KEY `id_area` (`id_area`);

--
-- Indices de la tabla `area_trabajo`
--
ALTER TABLE `area_trabajo`
  ADD PRIMARY KEY (`id_area`),
  ADD KEY `id_user` (`id_user`);

--
-- Indices de la tabla `banco`
--
ALTER TABLE `banco`
  ADD PRIMARY KEY (`id`);

--
-- Indices de la tabla `caja_chica`
--
ALTER TABLE `caja_chica`
  ADD PRIMARY KEY (`id_caja_chica`),
  ADD KEY `firma_responsable` (`firma_responsable`);

--
-- Indices de la tabla `cartola`
--
ALTER TABLE `cartola`
  ADD PRIMARY KEY (`id_cartola`);

--
-- Indices de la tabla `categoria`
--
ALTER TABLE `categoria`
  ADD PRIMARY KEY (`id_categoria`);

--
-- Indices de la tabla `categoria_producto`
--
ALTER TABLE `categoria_producto`
  ADD PRIMARY KEY (`id_categoria`);

--
-- Indices de la tabla `cheque`
--
ALTER TABLE `cheque`
  ADD PRIMARY KEY (`id_cheque`),
  ADD KEY `id_cuota` (`id_cuota`);

--
-- Indices de la tabla `cheque_egreso`
--
ALTER TABLE `cheque_egreso`
  ADD PRIMARY KEY (`id_cheque`),
  ADD KEY `fk_id_cuotaaa` (`id_cuota`);

--
-- Indices de la tabla `cliente`
--
ALTER TABLE `cliente`
  ADD PRIMARY KEY (`id_cliente`),
  ADD KEY `id_comuna` (`id_comuna`),
  ADD KEY `area` (`area`);

--
-- Indices de la tabla `comuna_cl`
--
ALTER TABLE `comuna_cl`
  ADD PRIMARY KEY (`id_co`,`id_pr`);

--
-- Indices de la tabla `condicion_con_costeo`
--
ALTER TABLE `condicion_con_costeo`
  ADD PRIMARY KEY (`id_c_c`),
  ADD KEY `costeo_id_costeo` (`costeo_id_costeo`),
  ADD KEY `id_condicion` (`id_condicion`);

--
-- Indices de la tabla `condicion_servicio`
--
ALTER TABLE `condicion_servicio`
  ADD PRIMARY KEY (`id_condicion`),
  ADD KEY `tipo_proyecto` (`tipo`);

--
-- Indices de la tabla `configuracion`
--
ALTER TABLE `configuracion`
  ADD PRIMARY KEY (`id_configuracion`);

--
-- Indices de la tabla `contactocliente`
--
ALTER TABLE `contactocliente`
  ADD PRIMARY KEY (`idcontactocliente`),
  ADD KEY `fk_contactocliente_departamento1_idx` (`departamento_iddepartamento`),
  ADD KEY `email` (`email`);
ALTER TABLE `contactocliente` ADD FULLTEXT KEY `email_2` (`email`);

--
-- Indices de la tabla `contactoproveedor`
--
ALTER TABLE `contactoproveedor`
  ADD PRIMARY KEY (`idcontactoproveedor`),
  ADD KEY `fk_contactoproveedor_proveedor1_idx` (`proveedor_id_proveedor`);

--
-- Indices de la tabla `contacto_cobranza`
--
ALTER TABLE `contacto_cobranza`
  ADD PRIMARY KEY (`id_contacto`),
  ADD KEY `id_cliente` (`id_cliente`);

--
-- Indices de la tabla `contacto_crm`
--
ALTER TABLE `contacto_crm`
  ADD PRIMARY KEY (`id_contacto_crm`),
  ADD KEY `proyecto_id_proyecto` (`proyecto_id_proyecto`);

--
-- Indices de la tabla `contacto_crm_cobranza`
--
ALTER TABLE `contacto_crm_cobranza`
  ADD PRIMARY KEY (`id`),
  ADD KEY `id_cuota` (`id_cuota`),
  ADD KEY `id_cliente` (`id_cliente`);

--
-- Indices de la tabla `contacto_crm_ingreso`
--
ALTER TABLE `contacto_crm_ingreso`
  ADD PRIMARY KEY (`id`);

--
-- Indices de la tabla `contacto_crm_oportunidad`
--
ALTER TABLE `contacto_crm_oportunidad`
  ADD PRIMARY KEY (`id_contacto_crm`),
  ADD KEY `id_oportunidad` (`id_oportunidad`);

--
-- Indices de la tabla `copia_detalle_costeo`
--
ALTER TABLE `copia_detalle_costeo`
  ADD PRIMARY KEY (`iddetallecosteo_copia`);

--
-- Indices de la tabla `copia_detalle_costeo_ej`
--
ALTER TABLE `copia_detalle_costeo_ej`
  ADD PRIMARY KEY (`iddetallecosteo_copia`);

--
-- Indices de la tabla `costeo`
--
ALTER TABLE `costeo`
  ADD PRIMARY KEY (`idcosteo`),
  ADD KEY `fk_costo_proyecto1_idx` (`proyecto_idproyecto`);

--
-- Indices de la tabla `costeo_estandar`
--
ALTER TABLE `costeo_estandar`
  ADD PRIMARY KEY (`id_costeo`);

--
-- Indices de la tabla `costo_variable`
--
ALTER TABLE `costo_variable`
  ADD PRIMARY KEY (`id_costo`),
  ADD KEY `id_producto` (`id_producto`);

--
-- Indices de la tabla `cotizacion`
--
ALTER TABLE `cotizacion`
  ADD PRIMARY KEY (`idcotizacion`),
  ADD KEY `fk_cotizacion_costo1_idx` (`costo_idcosto`),
  ADD KEY `fk_cotizacion_cliente1_idx` (`cliente_id_cliente`);

--
-- Indices de la tabla `cotizador`
--
ALTER TABLE `cotizador`
  ADD PRIMARY KEY (`id_cotizador`);

--
-- Indices de la tabla `crm`
--
ALTER TABLE `crm`
  ADD PRIMARY KEY (`id_crm`),
  ADD KEY `fk_crm_cotizacion1_idx` (`proyecto_idproyecto`);

--
-- Indices de la tabla `crm_cobranza`
--
ALTER TABLE `crm_cobranza`
  ADD PRIMARY KEY (`id`),
  ADD KEY `id_cuota` (`id_cuota`);

--
-- Indices de la tabla `crm_ingreso`
--
ALTER TABLE `crm_ingreso`
  ADD PRIMARY KEY (`id`);

--
-- Indices de la tabla `crm_oportunidad`
--
ALTER TABLE `crm_oportunidad`
  ADD PRIMARY KEY (`id_crm`),
  ADD KEY `id_tipo_gestion` (`id_tipo_gestion`),
  ADD KEY `id_oportunidad` (`id_oportunidad`);

--
-- Indices de la tabla `cuentabancaria`
--
ALTER TABLE `cuentabancaria`
  ADD PRIMARY KEY (`idcuentabancaria`),
  ADD KEY `fk_cuentabancaria_proveedor1_idx` (`proveedor_id_proveedor`);

--
-- Indices de la tabla `cuota_oc_comision`
--
ALTER TABLE `cuota_oc_comision`
  ADD PRIMARY KEY (`idcuota`),
  ADD KEY `id_plan` (`id_plan`);

--
-- Indices de la tabla `cuota_oc_egreso`
--
ALTER TABLE `cuota_oc_egreso`
  ADD PRIMARY KEY (`idcuota`),
  ADD KEY `fk_id_plan` (`plan_pago_idplan_pago`),
  ADD KEY `fk_fp` (`id_forma_pago`),
  ADD KEY `fk_td` (`tipo_documento`);

--
-- Indices de la tabla `cuota_oc_emitida`
--
ALTER TABLE `cuota_oc_emitida`
  ADD PRIMARY KEY (`idcuota`),
  ADD KEY `fk_cuota_plan_pago1_idx` (`plan_pago_idplan_pago`);

--
-- Indices de la tabla `cuota_oc_recib`
--
ALTER TABLE `cuota_oc_recib`
  ADD PRIMARY KEY (`idcuota`),
  ADD KEY `fk_cuota_plan_pago1_idx` (`plan_pago_idplan_pago`);

--
-- Indices de la tabla `departamento`
--
ALTER TABLE `departamento`
  ADD PRIMARY KEY (`iddepartamento`),
  ADD KEY `fk_departamento_cliente1_idx` (`cliente_id_cliente`);

--
-- Indices de la tabla `despacho`
--
ALTER TABLE `despacho`
  ADD PRIMARY KEY (`id`);

--
-- Indices de la tabla `despacho_ot`
--
ALTER TABLE `despacho_ot`
  ADD PRIMARY KEY (`id_despacho`);

--
-- Indices de la tabla `detalla_oc_privada`
--
ALTER TABLE `detalla_oc_privada`
  ADD PRIMARY KEY (`id_detalle_oc`),
  ADD KEY `id_orden_privada` (`id_orden_privada`);

--
-- Indices de la tabla `detallecosteo`
--
ALTER TABLE `detallecosteo`
  ADD PRIMARY KEY (`iddetallecosteo`),
  ADD KEY `fk_detallecosto_costo_idx` (`costo_idcosto`),
  ADD KEY `idconvenio` (`idconvenio`);

--
-- Indices de la tabla `detallecotizacion`
--
ALTER TABLE `detallecotizacion`
  ADD PRIMARY KEY (`iddetallecotizacion`),
  ADD KEY `fk_detallecotizacion_cotizacion1_idx` (`cotizacion_idcotizacion`),
  ADD KEY `fk_detallecotizacion_id_cm1_idx` (`id_cm_id_cm`);

--
-- Indices de la tabla `detalledeordendecompra_proveedor`
--
ALTER TABLE `detalledeordendecompra_proveedor`
  ADD PRIMARY KEY (`iddetalledeordendecompra`),
  ADD KEY `fk_detalledeordenesdecompra_ordenesdecompra1_idx` (`ordenesdecompra_id_orden`);

--
-- Indices de la tabla `detalleoc_egreso`
--
ALTER TABLE `detalleoc_egreso`
  ADD PRIMARY KEY (`id_detalle`),
  ADD KEY `fk_id_orden` (`oc_egresos_id_orden`);

--
-- Indices de la tabla `detalle_despacho`
--
ALTER TABLE `detalle_despacho`
  ADD PRIMARY KEY (`id`),
  ADD KEY `id_solicitud` (`id_solicitud`);

--
-- Indices de la tabla `detalle_despacho_par`
--
ALTER TABLE `detalle_despacho_par`
  ADD PRIMARY KEY (`id`);

--
-- Indices de la tabla `detalle_facturacion`
--
ALTER TABLE `detalle_facturacion`
  ADD PRIMARY KEY (`id`),
  ADD KEY `id_solicitud` (`id_solicitud`);

--
-- Indices de la tabla `detalle_ot`
--
ALTER TABLE `detalle_ot`
  ADD PRIMARY KEY (`id`),
  ADD KEY `id_ot` (`id_ot`);

--
-- Indices de la tabla `detalle_pedido`
--
ALTER TABLE `detalle_pedido`
  ADD PRIMARY KEY (`id_detalle`),
  ADD KEY `id_nota` (`id_nota`);

--
-- Indices de la tabla `detalle_pedido_ej`
--
ALTER TABLE `detalle_pedido_ej`
  ADD PRIMARY KEY (`id_detalle`);

--
-- Indices de la tabla `detalle_pedido_impresion`
--
ALTER TABLE `detalle_pedido_impresion`
  ADD PRIMARY KEY (`id_detalle`),
  ADD KEY `id_nota` (`id_nota`),
  ADD KEY `id_proveedor` (`id_proveedor`),
  ADD KEY `id_producto` (`id_producto`);

--
-- Indices de la tabla `detalle_solicitud_documento`
--
ALTER TABLE `detalle_solicitud_documento`
  ADD PRIMARY KEY (`id_detalle`);

--
-- Indices de la tabla `direccion`
--
ALTER TABLE `direccion`
  ADD PRIMARY KEY (`id_direccion`),
  ADD KEY `id_ciudad` (`id_ciudad`),
  ADD KEY `id_cliente` (`id_cliente`);

--
-- Indices de la tabla `egreso`
--
ALTER TABLE `egreso`
  ADD PRIMARY KEY (`id`),
  ADD KEY `id_formadepago` (`id_formadepago`),
  ADD KEY `id_cuenta` (`id_cuenta`),
  ADD KEY `id_subcuenta` (`id_subcuenta`);

--
-- Indices de la tabla `egreso_caja`
--
ALTER TABLE `egreso_caja`
  ADD PRIMARY KEY (`id_egreso_c_ch`),
  ADD KEY `id_proveedor` (`id_proveedor`),
  ADD KEY `tipo` (`tipo`),
  ADD KEY `id_caja_chica` (`id_caja_chica`);

--
-- Indices de la tabla `egreso_pp`
--
ALTER TABLE `egreso_pp`
  ADD PRIMARY KEY (`id_egreso_pp`),
  ADD KEY `id_cuenta` (`id_cuenta`),
  ADD KEY `id_subcuenta` (`id_subcuenta`),
  ADD KEY `forma_pago` (`forma_pago`),
  ADD KEY `tipo_documento` (`tipo_documento`),
  ADD KEY `id_metodo_pago` (`id_metodo_pago`),
  ADD KEY `id_proveedor` (`id_proveedor`);

--
-- Indices de la tabla `egreso_stock`
--
ALTER TABLE `egreso_stock`
  ADD PRIMARY KEY (`id_stock`),
  ADD KEY `fk_stock_material1_idx` (`id_material`);

--
-- Indices de la tabla `estado_cuenta`
--
ALTER TABLE `estado_cuenta`
  ADD PRIMARY KEY (`id_estado_cuenta`);

--
-- Indices de la tabla `estado_despacho`
--
ALTER TABLE `estado_despacho`
  ADD PRIMARY KEY (`id_estado`);

--
-- Indices de la tabla `estado_ot`
--
ALTER TABLE `estado_ot`
  ADD PRIMARY KEY (`id_estado`);

--
-- Indices de la tabla `estado_proyecto`
--
ALTER TABLE `estado_proyecto`
  ADD PRIMARY KEY (`id_estado_proyecto`);

--
-- Indices de la tabla `estado_sp`
--
ALTER TABLE `estado_sp`
  ADD PRIMARY KEY (`id_estado`);

--
-- Indices de la tabla `estado_spro`
--
ALTER TABLE `estado_spro`
  ADD PRIMARY KEY (`id_estado`);

--
-- Indices de la tabla `etiqueta`
--
ALTER TABLE `etiqueta`
  ADD PRIMARY KEY (`id_etiqueta`),
  ADD KEY `id_transporte` (`id_transporte`),
  ADD KEY `id_direccion` (`id_direccion`),
  ADD KEY `id_proyecto` (`id_proyecto`),
  ADD KEY `id_mis_datos` (`id_mis_datos`);

--
-- Indices de la tabla `factores_f29`
--
ALTER TABLE `factores_f29`
  ADD PRIMARY KEY (`id`);

--
-- Indices de la tabla `facturacion_anulada`
--
ALTER TABLE `facturacion_anulada`
  ADD PRIMARY KEY (`id`),
  ADD KEY `id_solicitudfacturacion` (`id_solicitudfacturacion`),
  ADD KEY `id_usuario` (`id_usuario`);

--
-- Indices de la tabla `flujo`
--
ALTER TABLE `flujo`
  ADD PRIMARY KEY (`id_flujo`);

--
-- Indices de la tabla `forma_pago`
--
ALTER TABLE `forma_pago`
  ADD PRIMARY KEY (`id_forma_pago`);

--
-- Indices de la tabla `fotomontaje_archivo`
--
ALTER TABLE `fotomontaje_archivo`
  ADD PRIMARY KEY (`id`),
  ADD KEY `id_fotomontaje` (`id_fotomontaje`),
  ADD KEY `id_archivo` (`id_archivo`);

--
-- Indices de la tabla `foto_montaje`
--
ALTER TABLE `foto_montaje`
  ADD PRIMARY KEY (`id`),
  ADD KEY `id_detalle_ot` (`id_detalle_ot`);

--
-- Indices de la tabla `giro`
--
ALTER TABLE `giro`
  ADD PRIMARY KEY (`id_giro`);

--
-- Indices de la tabla `guia_solicitada`
--
ALTER TABLE `guia_solicitada`
  ADD PRIMARY KEY (`id`),
  ADD KEY `id_usuario` (`id_usuario`),
  ADD KEY `id_solicitud` (`id_solicitud`);

--
-- Indices de la tabla `historial_ot`
--
ALTER TABLE `historial_ot`
  ADD PRIMARY KEY (`id_historial`);

--
-- Indices de la tabla `id_cm`
--
ALTER TABLE `id_cm`
  ADD PRIMARY KEY (`id_cm`);

--
-- Indices de la tabla `ingreso`
--
ALTER TABLE `ingreso`
  ADD PRIMARY KEY (`id`),
  ADD KEY `id_formadepago` (`id_formadepago`),
  ADD KEY `id_subcuenta` (`id_subcuenta`),
  ADD KEY `id_cuenta` (`id_cuenta`),
  ADD KEY `condicion_pago` (`condicion_pago`);

--
-- Indices de la tabla `ingreso_stock`
--
ALTER TABLE `ingreso_stock`
  ADD PRIMARY KEY (`id_stock`),
  ADD KEY `fk_stock_material1_idx` (`id_material`);

--
-- Indices de la tabla `log_login`
--
ALTER TABLE `log_login`
  ADD PRIMARY KEY (`id`);

--
-- Indices de la tabla `material`
--
ALTER TABLE `material`
  ADD PRIMARY KEY (`id_material`),
  ADD KEY `fk_material_categoria1_idx` (`id_categoria`);

--
-- Indices de la tabla `material_presupuesto`
--
ALTER TABLE `material_presupuesto`
  ADD PRIMARY KEY (`id_material`);

--
-- Indices de la tabla `material_producto`
--
ALTER TABLE `material_producto`
  ADD PRIMARY KEY (`id_m_p`),
  ADD KEY `id_producto` (`id_producto`),
  ADD KEY `id_material` (`id_material`);

--
-- Indices de la tabla `merma`
--
ALTER TABLE `merma`
  ADD PRIMARY KEY (`id`);

--
-- Indices de la tabla `meta`
--
ALTER TABLE `meta`
  ADD PRIMARY KEY (`id_meta`),
  ADD KEY `id_user` (`id_user`);

--
-- Indices de la tabla `meta_mes`
--
ALTER TABLE `meta_mes`
  ADD PRIMARY KEY (`id_meta_mes`),
  ADD KEY `id_meta` (`id_meta`);

--
-- Indices de la tabla `metodo_pago`
--
ALTER TABLE `metodo_pago`
  ADD PRIMARY KEY (`id`);

--
-- Indices de la tabla `misdatos`
--
ALTER TABLE `misdatos`
  ADD PRIMARY KEY (`id`);

--
-- Indices de la tabla `modulo`
--
ALTER TABLE `modulo`
  ADD PRIMARY KEY (`id_modulo`);

--
-- Indices de la tabla `movimiento`
--
ALTER TABLE `movimiento`
  ADD PRIMARY KEY (`id_movimiento`);

--
-- Indices de la tabla `nofacturado`
--
ALTER TABLE `nofacturado`
  ADD PRIMARY KEY (`id`);

--
-- Indices de la tabla `nota_pedido`
--
ALTER TABLE `nota_pedido`
  ADD PRIMARY KEY (`id_nota`);

--
-- Indices de la tabla `nota_pedido_ej`
--
ALTER TABLE `nota_pedido_ej`
  ADD PRIMARY KEY (`id_nota`);

--
-- Indices de la tabla `notificacion`
--
ALTER TABLE `notificacion`
  ADD PRIMARY KEY (`id_notificacion`);

--
-- Indices de la tabla `oc_egreso`
--
ALTER TABLE `oc_egreso`
  ADD PRIMARY KEY (`id_orden`),
  ADD KEY `fk_proveedor` (`id_proveedor`),
  ADD KEY `fk_responsable` (`responsable`),
  ADD KEY `fk_forma_pago` (`forma_pago`),
  ADD KEY `fk_tipo_documento` (`tipo_documento`);

--
-- Indices de la tabla `oportunidad`
--
ALTER TABLE `oportunidad`
  ADD PRIMARY KEY (`id_oportunidad`),
  ADD KEY `id_cliente` (`id_cliente`),
  ADD KEY `id_contacto` (`id_contacto`),
  ADD KEY `tipo_oportunidad` (`tipo_oportunidad`),
  ADD KEY `tipo_convenio` (`tipo_convenio`),
  ADD KEY `id_user` (`id_user`);

--
-- Indices de la tabla `ordendecompra_emitida`
--
ALTER TABLE `ordendecompra_emitida`
  ADD PRIMARY KEY (`id_orden`),
  ADD KEY `fk_ordenesdecompra_cotizacion1_idx` (`proyecto_id_proyecto`),
  ADD KEY `forma_pago` (`forma_pago`),
  ADD KEY `tipo_documento` (`tipo_documento`),
  ADD KEY `id_contacto` (`id_contacto`),
  ADD KEY `id_proveedor` (`id_proveedor`),
  ADD KEY `responsable` (`responsable`),
  ADD KEY `autorizado_por` (`autorizado_por`);

--
-- Indices de la tabla `ordenesdecomprarecibidas`
--
ALTER TABLE `ordenesdecomprarecibidas`
  ADD PRIMARY KEY (`idordenesdecomprarecibidas`);

--
-- Indices de la tabla `orden_con_proyecto`
--
ALTER TABLE `orden_con_proyecto`
  ADD PRIMARY KEY (`id_o_p`),
  ADD KEY `id_proyecto` (`id_proyecto`),
  ADD KEY `id_oc` (`id_oc`);

--
-- Indices de la tabla `orden_privada`
--
ALTER TABLE `orden_privada`
  ADD PRIMARY KEY (`id_orden_privada`),
  ADD KEY `tipo_documento` (`tipo_documento`),
  ADD KEY `forma_pago` (`forma_pago`),
  ADD KEY `proyecto_id_proyecto` (`proyecto_id_proyecto`),
  ADD KEY `id_cliente` (`id_cliente`),
  ADD KEY `id_contacto_cliente` (`id_contacto_cliente`);

--
-- Indices de la tabla `orden_trabajo`
--
ALTER TABLE `orden_trabajo`
  ADD PRIMARY KEY (`id`),
  ADD KEY `idproyecto` (`idproyecto`),
  ADD KEY `idcliente` (`idcliente`,`iddespacho`),
  ADD KEY `iddespacho` (`iddespacho`),
  ADD KEY `responsable` (`responsable`);

--
-- Indices de la tabla `pago`
--
ALTER TABLE `pago`
  ADD PRIMARY KEY (`id_pago`),
  ADD KEY `id_cartola` (`id_cartola`),
  ADD KEY `id_cuota` (`id_cuota`),
  ADD KEY `id_cuota_egreso` (`id_cuota_egreso`);

--
-- Indices de la tabla `panorama_mes`
--
ALTER TABLE `panorama_mes`
  ADD PRIMARY KEY (`id_panorama`);

--
-- Indices de la tabla `permiso`
--
ALTER TABLE `permiso`
  ADD PRIMARY KEY (`idpermiso`),
  ADD KEY `fk_permiso_user1_idx` (`user_iduser`),
  ADD KEY `id_accion` (`id_accion`),
  ADD KEY `id_modulo` (`id_modulo`);

--
-- Indices de la tabla `plan_pago_comision`
--
ALTER TABLE `plan_pago_comision`
  ADD PRIMARY KEY (`id_planpago`),
  ADD KEY `id_p_m` (`id_p_m`);

--
-- Indices de la tabla `plan_pago_emitida`
--
ALTER TABLE `plan_pago_emitida`
  ADD PRIMARY KEY (`idplan_pago`),
  ADD KEY `fk_plan_pago_ordendecompra_proveedor1_idx` (`ordendecompra_proveedor_id_orden`);

--
-- Indices de la tabla `plan_pago_ocegreso`
--
ALTER TABLE `plan_pago_ocegreso`
  ADD PRIMARY KEY (`idplan_pago`),
  ADD KEY `fk_oc` (`ocegreso_id_orden`),
  ADD KEY `id_egreso_pp` (`id_egreso_pp`);

--
-- Indices de la tabla `plan_pago_oc_recib`
--
ALTER TABLE `plan_pago_oc_recib`
  ADD PRIMARY KEY (`idplan_pago`),
  ADD KEY `fk_plan_pago_oc_recib_ordenesdecomprarecibidas1_idx` (`ordenesdecomprarecibidas_idordenesdecomprarecibidas`);

--
-- Indices de la tabla `producto`
--
ALTER TABLE `producto`
  ADD PRIMARY KEY (`idproducto`),
  ADD KEY `fk_producto_proveedor1_idx` (`proveedor_id_proveedor`);

--
-- Indices de la tabla `producto_inventario`
--
ALTER TABLE `producto_inventario`
  ADD PRIMARY KEY (`id_producto`),
  ADD KEY `id_categoria` (`id_categoria`);

--
-- Indices de la tabla `producto_subcategoria`
--
ALTER TABLE `producto_subcategoria`
  ADD PRIMARY KEY (`id_p_s`),
  ADD KEY `id_subcategoria` (`id_subcategoria`),
  ADD KEY `id_producto` (`id_producto`);

--
-- Indices de la tabla `proveedor`
--
ALTER TABLE `proveedor`
  ADD PRIMARY KEY (`id_proveedor`),
  ADD KEY `id_comuna` (`id_comuna`);

--
-- Indices de la tabla `provincia_cl`
--
ALTER TABLE `provincia_cl`
  ADD PRIMARY KEY (`id_pr`);

--
-- Indices de la tabla `proyecto`
--
ALTER TABLE `proyecto`
  ADD PRIMARY KEY (`idproyecto`),
  ADD KEY `fk_proyecto_cliente1_idx` (`cliente_id_cliente`),
  ADD KEY `fk_proyecto_user1_idx` (`user_iduser`),
  ADD KEY `fk_proyecto_ordenesdecomprarecibidas1_idx` (`ordenesdecomprarecibidas_idordenesdecomprarecibidas`),
  ADD KEY `tipoCM` (`tipoCM`),
  ADD KEY `tipoproyeto` (`tipoproyeto`),
  ADD KEY `id_estado_proyecto` (`id_estado_proyecto`);

--
-- Indices de la tabla `proyecto_con_meta_mes`
--
ALTER TABLE `proyecto_con_meta_mes`
  ADD PRIMARY KEY (`id_p_m`),
  ADD KEY `id_proyecto` (`id_proyecto`),
  ADD KEY `id_meta` (`id_meta`);

--
-- Indices de la tabla `prueba_cron`
--
ALTER TABLE `prueba_cron`
  ADD PRIMARY KEY (`id_prueba_cron`);

--
-- Indices de la tabla `rango`
--
ALTER TABLE `rango`
  ADD PRIMARY KEY (`id_rango`),
  ADD KEY `id_producto` (`id_producto`);

--
-- Indices de la tabla `rango_autorizado`
--
ALTER TABLE `rango_autorizado`
  ADD PRIMARY KEY (`id_rango`),
  ADD KEY `fk_rango_autorizado_user1_idx` (`user_iduser`);

--
-- Indices de la tabla `reajuste`
--
ALTER TABLE `reajuste`
  ADD PRIMARY KEY (`id_reajuste`),
  ADD KEY `id_p_m` (`id_p_m`);

--
-- Indices de la tabla `recorrido`
--
ALTER TABLE `recorrido`
  ADD PRIMARY KEY (`id_recorrido`);

--
-- Indices de la tabla `region_cl`
--
ALTER TABLE `region_cl`
  ADD PRIMARY KEY (`id_re`);

--
-- Indices de la tabla `solicitud_despacho`
--
ALTER TABLE `solicitud_despacho`
  ADD PRIMARY KEY (`id`);

--
-- Indices de la tabla `solicitud_documento`
--
ALTER TABLE `solicitud_documento`
  ADD PRIMARY KEY (`id_solicitud`);

--
-- Indices de la tabla `solicitud_facturacion`
--
ALTER TABLE `solicitud_facturacion`
  ADD PRIMARY KEY (`id`),
  ADD KEY `id_user_ingresapago` (`id_user_ingresapago`),
  ADD KEY `id_ejecutivo` (`id_ejecutivo`),
  ADD KEY `id_oc_cliente` (`id_oc_cliente`),
  ADD KEY `id_cuota` (`id_cuota`);

--
-- Indices de la tabla `solicitud_presupuesto`
--
ALTER TABLE `solicitud_presupuesto`
  ADD PRIMARY KEY (`id_solicitud`),
  ADD KEY `id_tipo_servicio` (`id_tipo_servicio`),
  ADD KEY `id_material` (`id_material`),
  ADD KEY `id_tipo_impresion` (`id_tipo_impresion`);

--
-- Indices de la tabla `solicitud_producto`
--
ALTER TABLE `solicitud_producto`
  ADD PRIMARY KEY (`id`);

--
-- Indices de la tabla `subcategoria`
--
ALTER TABLE `subcategoria`
  ADD PRIMARY KEY (`id_subcategoria`),
  ADD KEY `id_categoria` (`id_categoria`);

--
-- Indices de la tabla `subcuenta_informe`
--
ALTER TABLE `subcuenta_informe`
  ADD PRIMARY KEY (`id`);

--
-- Indices de la tabla `subcuenta_informe_egreso`
--
ALTER TABLE `subcuenta_informe_egreso`
  ADD PRIMARY KEY (`id`);

--
-- Indices de la tabla `tipo`
--
ALTER TABLE `tipo`
  ADD PRIMARY KEY (`id_tipo`);

--
-- Indices de la tabla `tipoproducto`
--
ALTER TABLE `tipoproducto`
  ADD PRIMARY KEY (`id`);

--
-- Indices de la tabla `tipoproyecto`
--
ALTER TABLE `tipoproyecto`
  ADD PRIMARY KEY (`id`);

--
-- Indices de la tabla `tipo_cuenta`
--
ALTER TABLE `tipo_cuenta`
  ADD PRIMARY KEY (`id`);

--
-- Indices de la tabla `tipo_cuenta_banco`
--
ALTER TABLE `tipo_cuenta_banco`
  ADD PRIMARY KEY (`id`);

--
-- Indices de la tabla `tipo_cuenta_ingreso`
--
ALTER TABLE `tipo_cuenta_ingreso`
  ADD PRIMARY KEY (`id`);

--
-- Indices de la tabla `tipo_documento`
--
ALTER TABLE `tipo_documento`
  ADD PRIMARY KEY (`id_tipo_documento`);

--
-- Indices de la tabla `tipo_egreso_caja`
--
ALTER TABLE `tipo_egreso_caja`
  ADD PRIMARY KEY (`id_tipo_egreso_caja`);

--
-- Indices de la tabla `tipo_gestion`
--
ALTER TABLE `tipo_gestion`
  ADD PRIMARY KEY (`id_tipo_gestion`);

--
-- Indices de la tabla `tipo_impresion`
--
ALTER TABLE `tipo_impresion`
  ADD PRIMARY KEY (`id`);

--
-- Indices de la tabla `tipo_impresion_presupuesto`
--
ALTER TABLE `tipo_impresion_presupuesto`
  ADD PRIMARY KEY (`id_tipo`);

--
-- Indices de la tabla `tipo_servicio`
--
ALTER TABLE `tipo_servicio`
  ADD PRIMARY KEY (`id_tipo_servicio`);

--
-- Indices de la tabla `tipo_subcuenta`
--
ALTER TABLE `tipo_subcuenta`
  ADD PRIMARY KEY (`id`),
  ADD KEY `tipo_cuenta` (`tipo_cuenta`);

--
-- Indices de la tabla `tipo_subcuenta_ingreso`
--
ALTER TABLE `tipo_subcuenta_ingreso`
  ADD PRIMARY KEY (`id`);

--
-- Indices de la tabla `tipo_user`
--
ALTER TABLE `tipo_user`
  ADD PRIMARY KEY (`idtipo_user`);

--
-- Indices de la tabla `transporte`
--
ALTER TABLE `transporte`
  ADD PRIMARY KEY (`id_transporte`),
  ADD KEY `id_proyecto` (`id_proyecto`),
  ADD KEY `id_transportista` (`id_transportista`);

--
-- Indices de la tabla `transportista`
--
ALTER TABLE `transportista`
  ADD PRIMARY KEY (`id_transportista`);

--
-- AUTO_INCREMENT de las tablas volcadas
--

--
-- AUTO_INCREMENT de la tabla `abono`
--
ALTER TABLE `abono`
  MODIFY `id` int(11) NOT NULL AUTO_INCREMENT, AUTO_INCREMENT=94;
--
-- AUTO_INCREMENT de la tabla `accion`
--
ALTER TABLE `accion`
  MODIFY `id_accion` int(11) NOT NULL AUTO_INCREMENT, AUTO_INCREMENT=119;
--
-- AUTO_INCREMENT de la tabla `archivo`
--
ALTER TABLE `archivo`
  MODIFY `id_archivo` int(11) NOT NULL AUTO_INCREMENT, AUTO_INCREMENT=78;
--
-- AUTO_INCREMENT de la tabla `archivo_montaje`
--
ALTER TABLE `archivo_montaje`
  MODIFY `id_archivo` int(11) NOT NULL AUTO_INCREMENT, AUTO_INCREMENT=289;
--
-- AUTO_INCREMENT de la tabla `area`
--
ALTER TABLE `area`
  MODIFY `id_area` int(11) NOT NULL AUTO_INCREMENT, AUTO_INCREMENT=13;
--
-- AUTO_INCREMENT de la tabla `area_producto`
--
ALTER TABLE `area_producto`
  MODIFY `id_a_p` int(11) NOT NULL AUTO_INCREMENT, AUTO_INCREMENT=1256;
--
-- AUTO_INCREMENT de la tabla `area_trabajo`
--
ALTER TABLE `area_trabajo`
  MODIFY `id_area` int(11) NOT NULL AUTO_INCREMENT, AUTO_INCREMENT=3;
--
-- AUTO_INCREMENT de la tabla `banco`
--
ALTER TABLE `banco`
  MODIFY `id` int(11) NOT NULL AUTO_INCREMENT, AUTO_INCREMENT=20;
--
-- AUTO_INCREMENT de la tabla `caja_chica`
--
ALTER TABLE `caja_chica`
  MODIFY `id_caja_chica` int(11) NOT NULL AUTO_INCREMENT, AUTO_INCREMENT=10;
--
-- AUTO_INCREMENT de la tabla `cartola`
--
ALTER TABLE `cartola`
  MODIFY `id_cartola` int(11) NOT NULL AUTO_INCREMENT, AUTO_INCREMENT=4359;
--
-- AUTO_INCREMENT de la tabla `categoria`
--
ALTER TABLE `categoria`
  MODIFY `id_categoria` int(11) NOT NULL AUTO_INCREMENT, AUTO_INCREMENT=25;
--
-- AUTO_INCREMENT de la tabla `categoria_producto`
--
ALTER TABLE `categoria_producto`
  MODIFY `id_categoria` int(11) NOT NULL AUTO_INCREMENT, AUTO_INCREMENT=36;
--
-- AUTO_INCREMENT de la tabla `cheque`
--
ALTER TABLE `cheque`
  MODIFY `id_cheque` int(11) NOT NULL AUTO_INCREMENT, AUTO_INCREMENT=241;
--
-- AUTO_INCREMENT de la tabla `cheque_egreso`
--
ALTER TABLE `cheque_egreso`
  MODIFY `id_cheque` int(11) NOT NULL AUTO_INCREMENT;
--
-- AUTO_INCREMENT de la tabla `cliente`
--
ALTER TABLE `cliente`
  MODIFY `id_cliente` int(11) NOT NULL AUTO_INCREMENT, AUTO_INCREMENT=1562;
--
-- AUTO_INCREMENT de la tabla `comuna_cl`
--
ALTER TABLE `comuna_cl`
  MODIFY `id_co` int(11) NOT NULL AUTO_INCREMENT COMMENT 'ID unico de la comuna', AUTO_INCREMENT=347;
--
-- AUTO_INCREMENT de la tabla `condicion_con_costeo`
--
ALTER TABLE `condicion_con_costeo`
  MODIFY `id_c_c` int(11) NOT NULL AUTO_INCREMENT, AUTO_INCREMENT=226579;
--
-- AUTO_INCREMENT de la tabla `condicion_servicio`
--
ALTER TABLE `condicion_servicio`
  MODIFY `id_condicion` int(11) NOT NULL AUTO_INCREMENT, AUTO_INCREMENT=591;
--
-- AUTO_INCREMENT de la tabla `configuracion`
--
ALTER TABLE `configuracion`
  MODIFY `id_configuracion` int(11) NOT NULL AUTO_INCREMENT, AUTO_INCREMENT=2;
--
-- AUTO_INCREMENT de la tabla `contactocliente`
--
ALTER TABLE `contactocliente`
  MODIFY `idcontactocliente` int(11) NOT NULL AUTO_INCREMENT, AUTO_INCREMENT=4094;
--
-- AUTO_INCREMENT de la tabla `contactoproveedor`
--
ALTER TABLE `contactoproveedor`
  MODIFY `idcontactoproveedor` int(11) NOT NULL AUTO_INCREMENT, AUTO_INCREMENT=1533;
--
-- AUTO_INCREMENT de la tabla `contacto_cobranza`
--
ALTER TABLE `contacto_cobranza`
  MODIFY `id_contacto` int(11) NOT NULL AUTO_INCREMENT, AUTO_INCREMENT=1506;
--
-- AUTO_INCREMENT de la tabla `contacto_crm`
--
ALTER TABLE `contacto_crm`
  MODIFY `id_contacto_crm` int(11) NOT NULL AUTO_INCREMENT, AUTO_INCREMENT=26761;
--
-- AUTO_INCREMENT de la tabla `contacto_crm_cobranza`
--
ALTER TABLE `contacto_crm_cobranza`
  MODIFY `id` int(11) NOT NULL AUTO_INCREMENT, AUTO_INCREMENT=24169;
--
-- AUTO_INCREMENT de la tabla `contacto_crm_ingreso`
--
ALTER TABLE `contacto_crm_ingreso`
  MODIFY `id` int(11) NOT NULL AUTO_INCREMENT, AUTO_INCREMENT=5098;
--
-- AUTO_INCREMENT de la tabla `contacto_crm_oportunidad`
--
ALTER TABLE `contacto_crm_oportunidad`
  MODIFY `id_contacto_crm` int(11) NOT NULL AUTO_INCREMENT, AUTO_INCREMENT=4619;
--
-- AUTO_INCREMENT de la tabla `copia_detalle_costeo`
--
ALTER TABLE `copia_detalle_costeo`
  MODIFY `iddetallecosteo_copia` int(11) NOT NULL AUTO_INCREMENT, AUTO_INCREMENT=43766;
--
-- AUTO_INCREMENT de la tabla `copia_detalle_costeo_ej`
--
ALTER TABLE `copia_detalle_costeo_ej`
  MODIFY `iddetallecosteo_copia` int(11) NOT NULL AUTO_INCREMENT;
--
-- AUTO_INCREMENT de la tabla `costeo`
--
ALTER TABLE `costeo`
  MODIFY `idcosteo` int(11) NOT NULL AUTO_INCREMENT, AUTO_INCREMENT=15578;
--
-- AUTO_INCREMENT de la tabla `costeo_estandar`
--
ALTER TABLE `costeo_estandar`
  MODIFY `id_costeo` int(11) NOT NULL AUTO_INCREMENT, AUTO_INCREMENT=14226;
--
-- AUTO_INCREMENT de la tabla `costo_variable`
--
ALTER TABLE `costo_variable`
  MODIFY `id_costo` int(11) NOT NULL AUTO_INCREMENT, AUTO_INCREMENT=2353;
--
-- AUTO_INCREMENT de la tabla `cotizacion`
--
ALTER TABLE `cotizacion`
  MODIFY `idcotizacion` int(11) NOT NULL AUTO_INCREMENT, AUTO_INCREMENT=21151;
--
-- AUTO_INCREMENT de la tabla `cotizador`
--
ALTER TABLE `cotizador`
  MODIFY `id_cotizador` int(11) NOT NULL AUTO_INCREMENT, AUTO_INCREMENT=1143;
--
-- AUTO_INCREMENT de la tabla `crm`
--
ALTER TABLE `crm`
  MODIFY `id_crm` int(11) NOT NULL AUTO_INCREMENT, AUTO_INCREMENT=46885;
--
-- AUTO_INCREMENT de la tabla `crm_cobranza`
--
ALTER TABLE `crm_cobranza`
  MODIFY `id` int(11) NOT NULL AUTO_INCREMENT, AUTO_INCREMENT=32509;
--
-- AUTO_INCREMENT de la tabla `crm_ingreso`
--
ALTER TABLE `crm_ingreso`
  MODIFY `id` int(11) NOT NULL AUTO_INCREMENT, AUTO_INCREMENT=8980;
--
-- AUTO_INCREMENT de la tabla `crm_oportunidad`
--
ALTER TABLE `crm_oportunidad`
  MODIFY `id_crm` int(11) NOT NULL AUTO_INCREMENT, AUTO_INCREMENT=4617;
--
-- AUTO_INCREMENT de la tabla `cuentabancaria`
--
ALTER TABLE `cuentabancaria`
  MODIFY `idcuentabancaria` int(11) NOT NULL AUTO_INCREMENT, AUTO_INCREMENT=1480;
--
-- AUTO_INCREMENT de la tabla `cuota_oc_comision`
--
ALTER TABLE `cuota_oc_comision`
  MODIFY `idcuota` int(11) NOT NULL AUTO_INCREMENT, AUTO_INCREMENT=2847;
--
-- AUTO_INCREMENT de la tabla `cuota_oc_egreso`
--
ALTER TABLE `cuota_oc_egreso`
  MODIFY `idcuota` int(11) NOT NULL AUTO_INCREMENT, AUTO_INCREMENT=5382;
--
-- AUTO_INCREMENT de la tabla `cuota_oc_emitida`
--
ALTER TABLE `cuota_oc_emitida`
  MODIFY `idcuota` int(11) NOT NULL AUTO_INCREMENT, AUTO_INCREMENT=13899;
--
-- AUTO_INCREMENT de la tabla `cuota_oc_recib`
--
ALTER TABLE `cuota_oc_recib`
  MODIFY `idcuota` int(11) NOT NULL AUTO_INCREMENT, AUTO_INCREMENT=5055;
--
-- AUTO_INCREMENT de la tabla `departamento`
--
ALTER TABLE `departamento`
  MODIFY `iddepartamento` int(11) NOT NULL AUTO_INCREMENT, AUTO_INCREMENT=3126;
--
-- AUTO_INCREMENT de la tabla `despacho`
--
ALTER TABLE `despacho`
  MODIFY `id` int(11) NOT NULL AUTO_INCREMENT, AUTO_INCREMENT=5;
--
-- AUTO_INCREMENT de la tabla `despacho_ot`
--
ALTER TABLE `despacho_ot`
  MODIFY `id_despacho` int(11) NOT NULL AUTO_INCREMENT, AUTO_INCREMENT=1056;
--
-- AUTO_INCREMENT de la tabla `detalla_oc_privada`
--
ALTER TABLE `detalla_oc_privada`
  MODIFY `id_detalle_oc` int(11) NOT NULL AUTO_INCREMENT, AUTO_INCREMENT=2042;
--
-- AUTO_INCREMENT de la tabla `detallecosteo`
--
ALTER TABLE `detallecosteo`
  MODIFY `iddetallecosteo` int(11) NOT NULL AUTO_INCREMENT, AUTO_INCREMENT=40528;
--
-- AUTO_INCREMENT de la tabla `detallecotizacion`
--
ALTER TABLE `detallecotizacion`
  MODIFY `iddetallecotizacion` int(11) NOT NULL AUTO_INCREMENT, AUTO_INCREMENT=98711;
--
-- AUTO_INCREMENT de la tabla `detalledeordendecompra_proveedor`
--
ALTER TABLE `detalledeordendecompra_proveedor`
  MODIFY `iddetalledeordendecompra` int(11) NOT NULL AUTO_INCREMENT, AUTO_INCREMENT=17828;
--
-- AUTO_INCREMENT de la tabla `detalleoc_egreso`
--
ALTER TABLE `detalleoc_egreso`
  MODIFY `id_detalle` int(11) NOT NULL AUTO_INCREMENT, AUTO_INCREMENT=3487;
--
-- AUTO_INCREMENT de la tabla `detalle_despacho`
--
ALTER TABLE `detalle_despacho`
  MODIFY `id` int(11) NOT NULL AUTO_INCREMENT;
--
-- AUTO_INCREMENT de la tabla `detalle_despacho_par`
--
ALTER TABLE `detalle_despacho_par`
  MODIFY `id` int(11) NOT NULL AUTO_INCREMENT, AUTO_INCREMENT=5;
--
-- AUTO_INCREMENT de la tabla `detalle_facturacion`
--
ALTER TABLE `detalle_facturacion`
  MODIFY `id` int(11) NOT NULL AUTO_INCREMENT, AUTO_INCREMENT=16559;
--
-- AUTO_INCREMENT de la tabla `detalle_ot`
--
ALTER TABLE `detalle_ot`
  MODIFY `id` int(11) NOT NULL AUTO_INCREMENT, AUTO_INCREMENT=5169;
--
-- AUTO_INCREMENT de la tabla `detalle_pedido`
--
ALTER TABLE `detalle_pedido`
  MODIFY `id_detalle` int(11) NOT NULL AUTO_INCREMENT, AUTO_INCREMENT=2125;
--
-- AUTO_INCREMENT de la tabla `detalle_pedido_ej`
--
ALTER TABLE `detalle_pedido_ej`
  MODIFY `id_detalle` int(11) NOT NULL AUTO_INCREMENT;
--
-- AUTO_INCREMENT de la tabla `detalle_pedido_impresion`
--
ALTER TABLE `detalle_pedido_impresion`
  MODIFY `id_detalle` int(11) NOT NULL AUTO_INCREMENT, AUTO_INCREMENT=192;
--
-- AUTO_INCREMENT de la tabla `detalle_solicitud_documento`
--
ALTER TABLE `detalle_solicitud_documento`
  MODIFY `id_detalle` int(11) NOT NULL AUTO_INCREMENT, AUTO_INCREMENT=4217;
--
-- AUTO_INCREMENT de la tabla `direccion`
--
ALTER TABLE `direccion`
  MODIFY `id_direccion` int(11) NOT NULL AUTO_INCREMENT, AUTO_INCREMENT=1699;
--
-- AUTO_INCREMENT de la tabla `egreso`
--
ALTER TABLE `egreso`
  MODIFY `id` int(11) NOT NULL AUTO_INCREMENT, AUTO_INCREMENT=862;
--
-- AUTO_INCREMENT de la tabla `egreso_caja`
--
ALTER TABLE `egreso_caja`
  MODIFY `id_egreso_c_ch` int(11) NOT NULL AUTO_INCREMENT, AUTO_INCREMENT=427;
--
-- AUTO_INCREMENT de la tabla `egreso_pp`
--
ALTER TABLE `egreso_pp`
  MODIFY `id_egreso_pp` int(11) NOT NULL AUTO_INCREMENT, AUTO_INCREMENT=2394;
--
-- AUTO_INCREMENT de la tabla `egreso_stock`
--
ALTER TABLE `egreso_stock`
  MODIFY `id_stock` int(11) NOT NULL AUTO_INCREMENT, AUTO_INCREMENT=6464;
--
-- AUTO_INCREMENT de la tabla `estado_cuenta`
--
ALTER TABLE `estado_cuenta`
  MODIFY `id_estado_cuenta` int(11) NOT NULL AUTO_INCREMENT, AUTO_INCREMENT=71;
--
-- AUTO_INCREMENT de la tabla `estado_despacho`
--
ALTER TABLE `estado_despacho`
  MODIFY `id_estado` int(11) NOT NULL AUTO_INCREMENT, AUTO_INCREMENT=4;
--
-- AUTO_INCREMENT de la tabla `estado_ot`
--
ALTER TABLE `estado_ot`
  MODIFY `id_estado` int(11) NOT NULL AUTO_INCREMENT, AUTO_INCREMENT=10;
--
-- AUTO_INCREMENT de la tabla `estado_proyecto`
--
ALTER TABLE `estado_proyecto`
  MODIFY `id_estado_proyecto` int(11) NOT NULL AUTO_INCREMENT, AUTO_INCREMENT=6;
--
-- AUTO_INCREMENT de la tabla `estado_sp`
--
ALTER TABLE `estado_sp`
  MODIFY `id_estado` int(11) NOT NULL AUTO_INCREMENT, AUTO_INCREMENT=4;
--
-- AUTO_INCREMENT de la tabla `estado_spro`
--
ALTER TABLE `estado_spro`
  MODIFY `id_estado` int(11) NOT NULL AUTO_INCREMENT, AUTO_INCREMENT=3;
--
-- AUTO_INCREMENT de la tabla `etiqueta`
--
ALTER TABLE `etiqueta`
  MODIFY `id_etiqueta` int(11) NOT NULL AUTO_INCREMENT, AUTO_INCREMENT=4814;
--
-- AUTO_INCREMENT de la tabla `factores_f29`
--
ALTER TABLE `factores_f29`
  MODIFY `id` int(11) NOT NULL AUTO_INCREMENT, AUTO_INCREMENT=3723;
--
-- AUTO_INCREMENT de la tabla `facturacion_anulada`
--
ALTER TABLE `facturacion_anulada`
  MODIFY `id` int(11) NOT NULL AUTO_INCREMENT, AUTO_INCREMENT=274;
--
-- AUTO_INCREMENT de la tabla `flujo`
--
ALTER TABLE `flujo`
  MODIFY `id_flujo` int(11) NOT NULL AUTO_INCREMENT, AUTO_INCREMENT=2;
--
-- AUTO_INCREMENT de la tabla `forma_pago`
--
ALTER TABLE `forma_pago`
  MODIFY `id_forma_pago` int(11) NOT NULL AUTO_INCREMENT, AUTO_INCREMENT=14;
--
-- AUTO_INCREMENT de la tabla `fotomontaje_archivo`
--
ALTER TABLE `fotomontaje_archivo`
  MODIFY `id` int(11) NOT NULL AUTO_INCREMENT, AUTO_INCREMENT=206;
--
-- AUTO_INCREMENT de la tabla `foto_montaje`
--
ALTER TABLE `foto_montaje`
  MODIFY `id` int(11) NOT NULL AUTO_INCREMENT, AUTO_INCREMENT=4405;
--
-- AUTO_INCREMENT de la tabla `giro`
--
ALTER TABLE `giro`
  MODIFY `id_giro` int(11) NOT NULL AUTO_INCREMENT;
--
-- AUTO_INCREMENT de la tabla `guia_solicitada`
--
ALTER TABLE `guia_solicitada`
  MODIFY `id` int(11) NOT NULL AUTO_INCREMENT, AUTO_INCREMENT=5441;
--
-- AUTO_INCREMENT de la tabla `historial_ot`
--
ALTER TABLE `historial_ot`
  MODIFY `id_historial` int(11) NOT NULL AUTO_INCREMENT, AUTO_INCREMENT=54181;
--
-- AUTO_INCREMENT de la tabla `id_cm`
--
ALTER TABLE `id_cm`
  MODIFY `id_cm` int(11) NOT NULL AUTO_INCREMENT, AUTO_INCREMENT=4;
--
-- AUTO_INCREMENT de la tabla `ingreso`
--
ALTER TABLE `ingreso`
  MODIFY `id` int(11) NOT NULL AUTO_INCREMENT, AUTO_INCREMENT=467;
--
-- AUTO_INCREMENT de la tabla `ingreso_stock`
--
ALTER TABLE `ingreso_stock`
  MODIFY `id_stock` int(11) NOT NULL AUTO_INCREMENT, AUTO_INCREMENT=1435;
--
-- AUTO_INCREMENT de la tabla `log_login`
--
ALTER TABLE `log_login`
  MODIFY `id` int(11) NOT NULL AUTO_INCREMENT, AUTO_INCREMENT=9891;
--
-- AUTO_INCREMENT de la tabla `material`
--
ALTER TABLE `material`
  MODIFY `id_material` int(11) NOT NULL AUTO_INCREMENT, AUTO_INCREMENT=345;
--
-- AUTO_INCREMENT de la tabla `material_presupuesto`
--
ALTER TABLE `material_presupuesto`
  MODIFY `id_material` int(11) NOT NULL AUTO_INCREMENT, AUTO_INCREMENT=35;
--
-- AUTO_INCREMENT de la tabla `material_producto`
--
ALTER TABLE `material_producto`
  MODIFY `id_m_p` int(11) NOT NULL AUTO_INCREMENT, AUTO_INCREMENT=1152;
--
-- AUTO_INCREMENT de la tabla `merma`
--
ALTER TABLE `merma`
  MODIFY `id` int(11) NOT NULL AUTO_INCREMENT, AUTO_INCREMENT=15312;
--
-- AUTO_INCREMENT de la tabla `meta`
--
ALTER TABLE `meta`
  MODIFY `id_meta` int(11) NOT NULL AUTO_INCREMENT, AUTO_INCREMENT=36;
--
-- AUTO_INCREMENT de la tabla `meta_mes`
--
ALTER TABLE `meta_mes`
  MODIFY `id_meta_mes` int(11) NOT NULL AUTO_INCREMENT, AUTO_INCREMENT=269;
--
-- AUTO_INCREMENT de la tabla `metodo_pago`
--
ALTER TABLE `metodo_pago`
  MODIFY `id` int(11) NOT NULL AUTO_INCREMENT, AUTO_INCREMENT=13;
--
-- AUTO_INCREMENT de la tabla `misdatos`
--
ALTER TABLE `misdatos`
  MODIFY `id` int(11) NOT NULL AUTO_INCREMENT, AUTO_INCREMENT=2;
--
-- AUTO_INCREMENT de la tabla `modulo`
--
ALTER TABLE `modulo`
  MODIFY `id_modulo` int(11) NOT NULL AUTO_INCREMENT, AUTO_INCREMENT=14;
--
-- AUTO_INCREMENT de la tabla `movimiento`
--
ALTER TABLE `movimiento`
  MODIFY `id_movimiento` int(11) NOT NULL AUTO_INCREMENT, AUTO_INCREMENT=1468;
--
-- AUTO_INCREMENT de la tabla `nofacturado`
--
ALTER TABLE `nofacturado`
  MODIFY `id` int(11) NOT NULL AUTO_INCREMENT, AUTO_INCREMENT=53;
--
-- AUTO_INCREMENT de la tabla `nota_pedido`
--
ALTER TABLE `nota_pedido`
  MODIFY `id_nota` int(11) NOT NULL AUTO_INCREMENT, AUTO_INCREMENT=527;
--
-- AUTO_INCREMENT de la tabla `nota_pedido_ej`
--
ALTER TABLE `nota_pedido_ej`
  MODIFY `id_nota` int(11) NOT NULL AUTO_INCREMENT;
--
-- AUTO_INCREMENT de la tabla `notificacion`
--
ALTER TABLE `notificacion`
  MODIFY `id_notificacion` int(11) NOT NULL AUTO_INCREMENT, AUTO_INCREMENT=358003;
--
-- AUTO_INCREMENT de la tabla `oc_egreso`
--
ALTER TABLE `oc_egreso`
  MODIFY `id_orden` int(11) NOT NULL AUTO_INCREMENT, AUTO_INCREMENT=3595;
--
-- AUTO_INCREMENT de la tabla `oportunidad`
--
ALTER TABLE `oportunidad`
  MODIFY `id_oportunidad` int(11) NOT NULL AUTO_INCREMENT, AUTO_INCREMENT=1039;
--
-- AUTO_INCREMENT de la tabla `ordendecompra_emitida`
--
ALTER TABLE `ordendecompra_emitida`
  MODIFY `id_orden` int(11) NOT NULL AUTO_INCREMENT, AUTO_INCREMENT=21668;
--
-- AUTO_INCREMENT de la tabla `ordenesdecomprarecibidas`
--
ALTER TABLE `ordenesdecomprarecibidas`
  MODIFY `idordenesdecomprarecibidas` int(11) NOT NULL AUTO_INCREMENT, AUTO_INCREMENT=4250;
--
-- AUTO_INCREMENT de la tabla `orden_con_proyecto`
--
ALTER TABLE `orden_con_proyecto`
  MODIFY `id_o_p` int(11) NOT NULL AUTO_INCREMENT, AUTO_INCREMENT=3681;
--
-- AUTO_INCREMENT de la tabla `orden_privada`
--
ALTER TABLE `orden_privada`
  MODIFY `id_orden_privada` int(11) NOT NULL AUTO_INCREMENT, AUTO_INCREMENT=1124;
--
-- AUTO_INCREMENT de la tabla `orden_trabajo`
--
ALTER TABLE `orden_trabajo`
  MODIFY `id` int(11) NOT NULL AUTO_INCREMENT, AUTO_INCREMENT=3413;
--
-- AUTO_INCREMENT de la tabla `pago`
--
ALTER TABLE `pago`
  MODIFY `id_pago` int(11) NOT NULL AUTO_INCREMENT, AUTO_INCREMENT=13833;
--
-- AUTO_INCREMENT de la tabla `panorama_mes`
--
ALTER TABLE `panorama_mes`
  MODIFY `id_panorama` int(11) NOT NULL AUTO_INCREMENT, AUTO_INCREMENT=243;
--
-- AUTO_INCREMENT de la tabla `permiso`
--
ALTER TABLE `permiso`
  MODIFY `idpermiso` int(11) NOT NULL AUTO_INCREMENT, AUTO_INCREMENT=10076;
--
-- AUTO_INCREMENT de la tabla `plan_pago_comision`
--
ALTER TABLE `plan_pago_comision`
  MODIFY `id_planpago` int(11) NOT NULL AUTO_INCREMENT, AUTO_INCREMENT=2582;
--
-- AUTO_INCREMENT de la tabla `plan_pago_emitida`
--
ALTER TABLE `plan_pago_emitida`
  MODIFY `idplan_pago` int(11) NOT NULL AUTO_INCREMENT, AUTO_INCREMENT=11240;
--
-- AUTO_INCREMENT de la tabla `plan_pago_ocegreso`
--
ALTER TABLE `plan_pago_ocegreso`
  MODIFY `idplan_pago` int(11) NOT NULL AUTO_INCREMENT, AUTO_INCREMENT=5014;
--
-- AUTO_INCREMENT de la tabla `plan_pago_oc_recib`
--
ALTER TABLE `plan_pago_oc_recib`
  MODIFY `idplan_pago` int(11) NOT NULL AUTO_INCREMENT, AUTO_INCREMENT=4620;
--
-- AUTO_INCREMENT de la tabla `producto`
--
ALTER TABLE `producto`
  MODIFY `idproducto` int(11) NOT NULL AUTO_INCREMENT, AUTO_INCREMENT=12011;
--
-- AUTO_INCREMENT de la tabla `producto_inventario`
--
ALTER TABLE `producto_inventario`
  MODIFY `id_producto` int(11) NOT NULL AUTO_INCREMENT, AUTO_INCREMENT=288;
--
-- AUTO_INCREMENT de la tabla `producto_subcategoria`
--
ALTER TABLE `producto_subcategoria`
  MODIFY `id_p_s` int(11) NOT NULL AUTO_INCREMENT, AUTO_INCREMENT=737;
--
-- AUTO_INCREMENT de la tabla `proveedor`
--
ALTER TABLE `proveedor`
  MODIFY `id_proveedor` int(11) NOT NULL AUTO_INCREMENT, AUTO_INCREMENT=1352;
--
-- AUTO_INCREMENT de la tabla `proyecto`
--
ALTER TABLE `proyecto`
  MODIFY `idproyecto` int(11) NOT NULL AUTO_INCREMENT, AUTO_INCREMENT=8910;
--
-- AUTO_INCREMENT de la tabla `proyecto_con_meta_mes`
--
ALTER TABLE `proyecto_con_meta_mes`
  MODIFY `id_p_m` int(11) NOT NULL AUTO_INCREMENT, AUTO_INCREMENT=3989;
--
-- AUTO_INCREMENT de la tabla `prueba_cron`
--
ALTER TABLE `prueba_cron`
  MODIFY `id_prueba_cron` int(11) NOT NULL AUTO_INCREMENT, AUTO_INCREMENT=4528;
--
-- AUTO_INCREMENT de la tabla `rango`
--
ALTER TABLE `rango`
  MODIFY `id_rango` int(11) NOT NULL AUTO_INCREMENT, AUTO_INCREMENT=2985;
--
-- AUTO_INCREMENT de la tabla `reajuste`
--
ALTER TABLE `reajuste`
  MODIFY `id_reajuste` int(11) NOT NULL AUTO_INCREMENT, AUTO_INCREMENT=2277;
--
-- AUTO_INCREMENT de la tabla `recorrido`
--
ALTER TABLE `recorrido`
  MODIFY `id_recorrido` int(11) NOT NULL AUTO_INCREMENT, AUTO_INCREMENT=1420;
--
-- AUTO_INCREMENT de la tabla `solicitud_despacho`
--
ALTER TABLE `solicitud_despacho`
  MODIFY `id` int(11) NOT NULL AUTO_INCREMENT;
--
-- AUTO_INCREMENT de la tabla `solicitud_documento`
--
ALTER TABLE `solicitud_documento`
  MODIFY `id_solicitud` int(11) NOT NULL AUTO_INCREMENT, AUTO_INCREMENT=2866;
--
-- AUTO_INCREMENT de la tabla `solicitud_facturacion`
--
ALTER TABLE `solicitud_facturacion`
  MODIFY `id` int(11) NOT NULL AUTO_INCREMENT, AUTO_INCREMENT=10537;
--
-- AUTO_INCREMENT de la tabla `solicitud_presupuesto`
--
ALTER TABLE `solicitud_presupuesto`
  MODIFY `id_solicitud` int(11) NOT NULL AUTO_INCREMENT, AUTO_INCREMENT=278;
--
-- AUTO_INCREMENT de la tabla `solicitud_producto`
--
ALTER TABLE `solicitud_producto`
  MODIFY `id` int(11) NOT NULL AUTO_INCREMENT, AUTO_INCREMENT=42;
--
-- AUTO_INCREMENT de la tabla `subcategoria`
--
ALTER TABLE `subcategoria`
  MODIFY `id_subcategoria` int(11) NOT NULL AUTO_INCREMENT, AUTO_INCREMENT=63;
--
-- AUTO_INCREMENT de la tabla `subcuenta_informe`
--
ALTER TABLE `subcuenta_informe`
  MODIFY `id` int(11) NOT NULL AUTO_INCREMENT, AUTO_INCREMENT=76;
--
-- AUTO_INCREMENT de la tabla `subcuenta_informe_egreso`
--
ALTER TABLE `subcuenta_informe_egreso`
  MODIFY `id` int(11) NOT NULL AUTO_INCREMENT, AUTO_INCREMENT=626;
--
-- AUTO_INCREMENT de la tabla `tipo`
--
ALTER TABLE `tipo`
  MODIFY `id_tipo` int(11) NOT NULL AUTO_INCREMENT, AUTO_INCREMENT=3;
--
-- AUTO_INCREMENT de la tabla `tipoproducto`
--
ALTER TABLE `tipoproducto`
  MODIFY `id` int(11) NOT NULL AUTO_INCREMENT, AUTO_INCREMENT=57;
--
-- AUTO_INCREMENT de la tabla `tipoproyecto`
--
ALTER TABLE `tipoproyecto`
  MODIFY `id` int(11) NOT NULL AUTO_INCREMENT, AUTO_INCREMENT=3;
--
-- AUTO_INCREMENT de la tabla `tipo_cuenta`
--
ALTER TABLE `tipo_cuenta`
  MODIFY `id` int(11) NOT NULL AUTO_INCREMENT, AUTO_INCREMENT=31;
--
-- AUTO_INCREMENT de la tabla `tipo_cuenta_banco`
--
ALTER TABLE `tipo_cuenta_banco`
  MODIFY `id` int(11) NOT NULL AUTO_INCREMENT, AUTO_INCREMENT=5;
--
-- AUTO_INCREMENT de la tabla `tipo_cuenta_ingreso`
--
ALTER TABLE `tipo_cuenta_ingreso`
  MODIFY `id` int(11) NOT NULL AUTO_INCREMENT, AUTO_INCREMENT=13;
--
-- AUTO_INCREMENT de la tabla `tipo_documento`
--
ALTER TABLE `tipo_documento`
  MODIFY `id_tipo_documento` int(11) NOT NULL AUTO_INCREMENT, AUTO_INCREMENT=8;
--
-- AUTO_INCREMENT de la tabla `tipo_egreso_caja`
--
ALTER TABLE `tipo_egreso_caja`
  MODIFY `id_tipo_egreso_caja` int(11) NOT NULL AUTO_INCREMENT, AUTO_INCREMENT=13;
--
-- AUTO_INCREMENT de la tabla `tipo_gestion`
--
ALTER TABLE `tipo_gestion`
  MODIFY `id_tipo_gestion` int(11) NOT NULL AUTO_INCREMENT, AUTO_INCREMENT=9;
--
-- AUTO_INCREMENT de la tabla `tipo_impresion`
--
ALTER TABLE `tipo_impresion`
  MODIFY `id` int(11) NOT NULL AUTO_INCREMENT, AUTO_INCREMENT=5;
--
-- AUTO_INCREMENT de la tabla `tipo_impresion_presupuesto`
--
ALTER TABLE `tipo_impresion_presupuesto`
  MODIFY `id_tipo` int(11) NOT NULL AUTO_INCREMENT, AUTO_INCREMENT=23;
--
-- AUTO_INCREMENT de la tabla `tipo_servicio`
--
ALTER TABLE `tipo_servicio`
  MODIFY `id_tipo_servicio` int(11) NOT NULL AUTO_INCREMENT, AUTO_INCREMENT=63;
--
-- AUTO_INCREMENT de la tabla `tipo_subcuenta`
--
ALTER TABLE `tipo_subcuenta`
  MODIFY `id` int(11) NOT NULL AUTO_INCREMENT, AUTO_INCREMENT=140;
--
-- AUTO_INCREMENT de la tabla `tipo_subcuenta_ingreso`
--
ALTER TABLE `tipo_subcuenta_ingreso`
  MODIFY `id` int(11) NOT NULL AUTO_INCREMENT, AUTO_INCREMENT=30;
--
-- AUTO_INCREMENT de la tabla `tipo_user`
--
ALTER TABLE `tipo_user`
  MODIFY `idtipo_user` int(11) NOT NULL AUTO_INCREMENT, AUTO_INCREMENT=7;
--
-- AUTO_INCREMENT de la tabla `transporte`
--
ALTER TABLE `transporte`
  MODIFY `id_transporte` int(11) NOT NULL AUTO_INCREMENT, AUTO_INCREMENT=2588;
--
-- AUTO_INCREMENT de la tabla `transportista`
--
ALTER TABLE `transportista`
  MODIFY `id_transportista` int(11) NOT NULL AUTO_INCREMENT, AUTO_INCREMENT=19;
--
-- Restricciones para tablas volcadas
--

--
-- Filtros para la tabla `area_producto`
--
ALTER TABLE `area_producto`
  ADD CONSTRAINT `fk_id_area` FOREIGN KEY (`id_area`) REFERENCES `area_trabajo` (`id_area`),
  ADD CONSTRAINT `fk_id_pi` FOREIGN KEY (`id_producto`) REFERENCES `producto_inventario` (`id_producto`);

--
-- Filtros para la tabla `area_trabajo`
--
ALTER TABLE `area_trabajo`
  ADD CONSTRAINT `fk_id_user` FOREIGN KEY (`id_user`) REFERENCES `user` (`id`);

--
-- Filtros para la tabla `caja_chica`
--
ALTER TABLE `caja_chica`
  ADD CONSTRAINT `caja_chica_ibfk_1` FOREIGN KEY (`firma_responsable`) REFERENCES `user` (`id`);

--
-- Filtros para la tabla `cheque`
--
ALTER TABLE `cheque`
  ADD CONSTRAINT `fk_cuota` FOREIGN KEY (`id_cuota`) REFERENCES `cuota_oc_emitida` (`idcuota`) ON DELETE NO ACTION ON UPDATE CASCADE;

--
-- Filtros para la tabla `cheque_egreso`
--
ALTER TABLE `cheque_egreso`
  ADD CONSTRAINT `fk_id_cuotaaa` FOREIGN KEY (`id_cuota`) REFERENCES `cuota_oc_egreso` (`idcuota`) ON DELETE NO ACTION ON UPDATE CASCADE;

--
-- Filtros para la tabla `cliente`
--
ALTER TABLE `cliente`
  ADD CONSTRAINT `cliente_ibfk_1` FOREIGN KEY (`id_comuna`) REFERENCES `comuna_cl` (`id_co`) ON UPDATE CASCADE;

--
-- Filtros para la tabla `contactocliente`
--
ALTER TABLE `contactocliente`
  ADD CONSTRAINT `fk_contactocliente_departamento1` FOREIGN KEY (`departamento_iddepartamento`) REFERENCES `departamento` (`iddepartamento`) ON DELETE NO ACTION ON UPDATE NO ACTION;

--
-- Filtros para la tabla `contactoproveedor`
--
ALTER TABLE `contactoproveedor`
  ADD CONSTRAINT `fk_contactoproveedor_proveedor1` FOREIGN KEY (`proveedor_id_proveedor`) REFERENCES `proveedor` (`id_proveedor`) ON DELETE NO ACTION ON UPDATE NO ACTION;

--
-- Filtros para la tabla `contacto_crm`
--
ALTER TABLE `contacto_crm`
  ADD CONSTRAINT `fk_proyecto` FOREIGN KEY (`proyecto_id_proyecto`) REFERENCES `proyecto` (`idproyecto`);

--
-- Filtros para la tabla `contacto_crm_cobranza`
--
ALTER TABLE `contacto_crm_cobranza`
  ADD CONSTRAINT `contacto_crm_cobranza_ibfk_1` FOREIGN KEY (`id_cuota`) REFERENCES `cuota_oc_recib` (`idcuota`);

--
-- Filtros para la tabla `costeo`
--
ALTER TABLE `costeo`
  ADD CONSTRAINT `fk_costo_proyecto1` FOREIGN KEY (`proyecto_idproyecto`) REFERENCES `proyecto` (`idproyecto`) ON DELETE NO ACTION ON UPDATE NO ACTION;

--
-- Filtros para la tabla `costo_variable`
--
ALTER TABLE `costo_variable`
  ADD CONSTRAINT `fk_id_producto4` FOREIGN KEY (`id_producto`) REFERENCES `producto_inventario` (`id_producto`);

--
-- Filtros para la tabla `cotizacion`
--
ALTER TABLE `cotizacion`
  ADD CONSTRAINT `fk_cotizacion_cliente1` FOREIGN KEY (`cliente_id_cliente`) REFERENCES `contactocliente` (`idcontactocliente`) ON DELETE NO ACTION ON UPDATE NO ACTION,
  ADD CONSTRAINT `fk_cotizacion_costo1` FOREIGN KEY (`costo_idcosto`) REFERENCES `costeo` (`idcosteo`) ON DELETE NO ACTION ON UPDATE NO ACTION;

--
-- Filtros para la tabla `crm`
--
ALTER TABLE `crm`
  ADD CONSTRAINT `fk_crm_cotizacion1` FOREIGN KEY (`proyecto_idproyecto`) REFERENCES `proyecto` (`idproyecto`) ON DELETE NO ACTION ON UPDATE NO ACTION;

--
-- Filtros para la tabla `crm_cobranza`
--
ALTER TABLE `crm_cobranza`
  ADD CONSTRAINT `crm_cobranza_ibfk_1` FOREIGN KEY (`id_cuota`) REFERENCES `cuota_oc_recib` (`idcuota`);

--
-- Filtros para la tabla `cuentabancaria`
--
ALTER TABLE `cuentabancaria`
  ADD CONSTRAINT `fk_cuentabancaria_proveedor1` FOREIGN KEY (`proveedor_id_proveedor`) REFERENCES `proveedor` (`id_proveedor`) ON DELETE NO ACTION ON UPDATE NO ACTION;

--
-- Filtros para la tabla `cuota_oc_comision`
--
ALTER TABLE `cuota_oc_comision`
  ADD CONSTRAINT `fk_planp` FOREIGN KEY (`id_plan`) REFERENCES `plan_pago_comision` (`id_planpago`) ON DELETE NO ACTION ON UPDATE CASCADE;

--
-- Filtros para la tabla `cuota_oc_egreso`
--
ALTER TABLE `cuota_oc_egreso`
  ADD CONSTRAINT `fk_fp` FOREIGN KEY (`id_forma_pago`) REFERENCES `forma_pago` (`id_forma_pago`) ON DELETE NO ACTION ON UPDATE CASCADE,
  ADD CONSTRAINT `fk_id_plan` FOREIGN KEY (`plan_pago_idplan_pago`) REFERENCES `plan_pago_ocegreso` (`idplan_pago`) ON DELETE NO ACTION ON UPDATE CASCADE,
  ADD CONSTRAINT `fk_td` FOREIGN KEY (`tipo_documento`) REFERENCES `tipo_documento` (`id_tipo_documento`) ON DELETE NO ACTION ON UPDATE CASCADE;

--
-- Filtros para la tabla `cuota_oc_emitida`
--
ALTER TABLE `cuota_oc_emitida`
  ADD CONSTRAINT `fk_cuota_plan_pago1` FOREIGN KEY (`plan_pago_idplan_pago`) REFERENCES `plan_pago_emitida` (`idplan_pago`) ON DELETE NO ACTION ON UPDATE NO ACTION;

--
-- Filtros para la tabla `cuota_oc_recib`
--
ALTER TABLE `cuota_oc_recib`
  ADD CONSTRAINT `fk_cuota_plan_pago10` FOREIGN KEY (`plan_pago_idplan_pago`) REFERENCES `plan_pago_oc_recib` (`idplan_pago`) ON DELETE NO ACTION ON UPDATE NO ACTION;

--
-- Filtros para la tabla `departamento`
--
ALTER TABLE `departamento`
  ADD CONSTRAINT `fk_departamento_cliente1` FOREIGN KEY (`cliente_id_cliente`) REFERENCES `cliente` (`id_cliente`) ON DELETE NO ACTION ON UPDATE NO ACTION;

--
-- Filtros para la tabla `detalle_ot`
--
ALTER TABLE `detalle_ot`
  ADD CONSTRAINT `detalle_ot_ibfk_1` FOREIGN KEY (`id_ot`) REFERENCES `orden_trabajo` (`id`);

--
-- Filtros para la tabla `detalle_pedido_impresion`
--
ALTER TABLE `detalle_pedido_impresion`
  ADD CONSTRAINT `fk_idnotapedido` FOREIGN KEY (`id_nota`) REFERENCES `nota_pedido` (`id_nota`) ON DELETE CASCADE ON UPDATE CASCADE,
  ADD CONSTRAINT `fk_idproducto` FOREIGN KEY (`id_producto`) REFERENCES `producto_inventario` (`id_producto`) ON DELETE CASCADE ON UPDATE CASCADE,
  ADD CONSTRAINT `fk_idproveedor` FOREIGN KEY (`id_proveedor`) REFERENCES `proveedor` (`id_proveedor`) ON DELETE CASCADE ON UPDATE CASCADE;

--
-- Filtros para la tabla `egreso_stock`
--
ALTER TABLE `egreso_stock`
  ADD CONSTRAINT `fk_stock_material10` FOREIGN KEY (`id_material`) REFERENCES `material` (`id_material`) ON DELETE NO ACTION ON UPDATE NO ACTION;

--
-- Filtros para la tabla `fotomontaje_archivo`
--
ALTER TABLE `fotomontaje_archivo`
  ADD CONSTRAINT `fk_id_archivo` FOREIGN KEY (`id_archivo`) REFERENCES `archivo_montaje` (`id_archivo`) ON DELETE NO ACTION ON UPDATE NO ACTION,
  ADD CONSTRAINT `fk_id_fm` FOREIGN KEY (`id_fotomontaje`) REFERENCES `foto_montaje` (`id`) ON DELETE NO ACTION ON UPDATE NO ACTION;

--
-- Filtros para la tabla `foto_montaje`
--
ALTER TABLE `foto_montaje`
  ADD CONSTRAINT `fk_id_ot` FOREIGN KEY (`id_detalle_ot`) REFERENCES `detalle_ot` (`id`);

--
-- Filtros para la tabla `ingreso_stock`
--
ALTER TABLE `ingreso_stock`
  ADD CONSTRAINT `fk_stock_material1` FOREIGN KEY (`id_material`) REFERENCES `material` (`id_material`) ON DELETE NO ACTION ON UPDATE NO ACTION;

--
-- Filtros para la tabla `material`
--
ALTER TABLE `material`
  ADD CONSTRAINT `fk_material_categoria1` FOREIGN KEY (`id_categoria`) REFERENCES `categoria` (`id_categoria`) ON DELETE NO ACTION ON UPDATE NO ACTION;

--
-- Filtros para la tabla `material_producto`
--
ALTER TABLE `material_producto`
  ADD CONSTRAINT `fk_id_material` FOREIGN KEY (`id_material`) REFERENCES `material` (`id_material`),
  ADD CONSTRAINT `fk_id_producto` FOREIGN KEY (`id_producto`) REFERENCES `producto_inventario` (`id_producto`);

--
-- Filtros para la tabla `orden_trabajo`
--
ALTER TABLE `orden_trabajo`
  ADD CONSTRAINT `orden_trabajo_ibfk_1` FOREIGN KEY (`idcliente`) REFERENCES `cliente` (`id_cliente`),
  ADD CONSTRAINT `orden_trabajo_ibfk_2` FOREIGN KEY (`iddespacho`) REFERENCES `etiqueta` (`id_etiqueta`),
  ADD CONSTRAINT `orden_trabajo_ibfk_3` FOREIGN KEY (`idproyecto`) REFERENCES `proyecto` (`idproyecto`),
  ADD CONSTRAINT `orden_trabajo_ibfk_4` FOREIGN KEY (`responsable`) REFERENCES `user` (`id`);

--
-- Filtros para la tabla `producto_inventario`
--
ALTER TABLE `producto_inventario`
  ADD CONSTRAINT `fk_id_categoria` FOREIGN KEY (`id_categoria`) REFERENCES `categoria_producto` (`id_categoria`);

--
-- Filtros para la tabla `producto_subcategoria`
--
ALTER TABLE `producto_subcategoria`
  ADD CONSTRAINT `fk_id_producto3` FOREIGN KEY (`id_producto`) REFERENCES `producto_inventario` (`id_producto`),
  ADD CONSTRAINT `fk_id_subcategoria` FOREIGN KEY (`id_subcategoria`) REFERENCES `subcategoria` (`id_subcategoria`);

--
-- Filtros para la tabla `rango`
--
ALTER TABLE `rango`
  ADD CONSTRAINT `fk_id_producto2` FOREIGN KEY (`id_producto`) REFERENCES `producto_inventario` (`id_producto`);

--
-- Filtros para la tabla `solicitud_presupuesto`
--
ALTER TABLE `solicitud_presupuesto`
  ADD CONSTRAINT `fk_id_material_pr` FOREIGN KEY (`id_material`) REFERENCES `material_presupuesto` (`id_material`),
  ADD CONSTRAINT `fk_id_servicio` FOREIGN KEY (`id_tipo_servicio`) REFERENCES `tipo_servicio` (`id_tipo_servicio`),
  ADD CONSTRAINT `fk_id_tipo_impresion` FOREIGN KEY (`id_tipo_impresion`) REFERENCES `tipo_impresion_presupuesto` (`id_tipo`);

